{"id":16445,"date":"2025-07-15T16:17:07","date_gmt":"2025-07-15T14:17:07","guid":{"rendered":"https:\/\/uj.adatbank.ro\/lexikon\/termek\/nagy-pal-%c2%a7-2\/"},"modified":"2025-07-15T16:17:07","modified_gmt":"2025-07-15T14:17:07","slug":"nagy-pal-%c2%a7-2","status":"publish","type":"product","link":"https:\/\/uj.adatbank.ro\/lexikon\/termek\/nagy-pal-%c2%a7-2\/","title":{"rendered":"NAGY P\u00e1l, \u00a7"},"content":{"rendered":"<p>Szatm\u00e1rn\u00e9meti, 1929. jan. 12., \u2020 Erd\u0151szentgy\u00f6rgy, 1979. j\u00fan.18. Mv.-en temett\u00e9k el a ref. temet\u0151ben: k\u00e9pz\u0151m\u0171v\u00e9sz, fest\u0151, grafikus, pedag\u00f3gus, szak\u00edr\u00f3. \u2013 Apja csal\u00e1dja Kutyfalv\u00e1r\u00f3l sz\u00e1rmazott, lelk\u00e9sz volt Szatm\u00e1rn\u00e9metiben, kor\u00e1n elhunyt (1934), anyja beteges szeretettel nevelte, f\u00e9ltette. Feles\u00e9ge: Kem\u00e9ny Zsuzsa (esk\u00fcv\u0151: 1954). Fiaik: Zolt\u00e1n (Mv., 1956\u2013), G\u00e9za. \u2013 A k\u00f6z\u00e9piskol\u00e1t a mv.-i Ref. Koll.-ban v\u00e9gezte (1935\u201347), Piskolti G\u00e1bor volt a rajztan\u00e1ra, a V\u00e1rosi Fest\u0151isk.-ban A. Ciupe \u00e9s Bordy Andr\u00e1s tan\u00edtv\u00e1nya volt (1938\u201348 ), oszt\u00e1lyt\u00e1rsai k\u00f6z\u00f6tt volt Sz\u00e1sz Endre, Bal\u00e1zs Imre, Zsigmond Attila. Bal\u00e1zs Imr\u00e9vel egy\u00fctt k\u00e9sz\u00edtette a Sz\u00e9kely Sz\u00ednh\u00e1z plak\u00e1tjait (1948). A kv.-i M. M\u0171v. Int.-ben (1948\u201349), majd a Ion Andreescu K\u00e9pz\u0151m\u0171v. F\u0151isk.-n Kov\u00e1cs Zolt\u00e1n \u00e9s Mikl\u00f3ssy G\u00e1bor tan\u00edtv\u00e1nya (1950\u201452), \u00e1llamvizsg\u00e1zott Buk.-ben, kit\u00fcntet\u00e9ssel v\u00e9gzett, fest\u0151 \u00e9s tan\u00e1ri oklevelet szerzett. A mv.-i K\u00e9pz\u0151m\u0171v. K\u00f6z\u00e9pisk.\/ M\u0171v\u00e9szeti L\u00edc. tan\u00e1ra (1952\u201376), rajzot, fest\u00e9szetet, grafik\u00e1t, textilt \u00e9s dekorat\u00edv m\u0171v\u00e9szetet tan\u00edtott, nemzed\u00e9keket k\u00e9sz\u00edtett f\u00f6l a m\u0171v\u00e9szp\u00e1ly\u00e1ra. A securitate megfigyeltette (1964 k.\u2013). A mv-i M\u0171v\u00e9szeti M\u00fazeum tudom\u00e1nyos tan\u00e1csad\u00f3ja (1960\u2013). M\u0171v\u00e9szetpedag\u00f3giai munk\u00e1s\u00e1ga is jelent\u0151s. A fest\u00e9szet \u00e9s a grafika minden m\u0171faj\u00e1ban alkotott, kism\u00e9ret\u0171 intim t\u00e9m\u00e1k \u00e9s nagyszab\u00e1s\u00fa kompozici\u00f3k v\u00e1ltott\u00e1k egym\u00e1st m\u0171v\u00e9szet\u00e9ben. \u00c1lland\u00f3 meg\u00fajul\u00e1sra k\u00e9pes, k\u00eds\u00e9rletez\u0151 m\u0171v\u00e9sz volt, m\u00e1r kor\u00e1n kezdett ki\u00e1ll\u00edtani (1946\u2013), Bal\u00e1zs Imr\u00e9vel k\u00f6z\u00f6s v\u00e1ndorki\u00e1ll\u00edt\u00e1s\u00e1t t\u00f6bb erd\u00e9lyi m. v\u00e1ros k\u00f6z\u00f6ns\u00e9ge l\u00e1thatta. Fest\u00e9szet\u00e9t alapvet\u0151en a kisebbs\u00e9gi-nemzetis\u00e9gi l\u00e9t sorsk\u00e9rd\u00e9sei hat\u00e1rozt\u00e1k meg. Illusztr\u00e1ci\u00f3kat, gra\u00adfikai sorozatokat k\u00e9sz\u00edtett, vonzotta a monument\u00e1lis m\u0171v\u00e9szet is, k\u00e9pz\u0151m\u0171v. kritik\u00e1k\u00e1iban a kort\u00e1rs m\u0171v\u00e9szet k\u00e9rd\u00e9seivel foglalkozott. A mv.-i M\u0171v\u00e9szeti M\u00fazeum Tudom\u00e1nyos Tan\u00e1cs\u00e1nak tagja (1960\u2013). Ak\u00e9pz\u0151m\u0171v\u00e9szeti Sz\u00f6vets\u00e9g rendes tagja (1963\u2013). Rendszeresen publik\u00e1lt hazai foly\u00f3iratokban \u00e9s napilapokban: az El\u0151re, Utunk, \u00daj \u00c9let, A H\u00e9t, Igaz Sz\u00f3 has\u00e1bjain foglalkozott kort\u00e1rs alkot\u00f3k munk\u00e1ss\u00e1g\u00e1val. Festm\u00e9nyei k\u00f6z\u00fcl irodalmi t\u00e9m\u00e1j\u00fa: Sz\u00e9kelykereszt\u00fart\u00f3l Feh\u00e9regyh\u00e1zig (Pet\u0151fi, 1972), grafik\u00e1i k\u00f6z\u00f6tt szerepel: Csokonai, Arany, K\u00f3s K\u00e1roly, J\u00f3zsef Attila arck\u00e9pe. K\u00e1pl\u00e1r Mikl\u00f3s-d\u00edj, Hajd\u00fas\u00e1gi M\u0171v\u00e9sztelep k\u00fcl\u00f6nd\u00edja (1969, 1972). A makfalvi k\u00e9pz\u0151m\u0171v\u00e9szeti t\u00e1bor egyik kezdem\u00e9nyez\u0151je volt (1979), tragikus aut\u00f3balesetben elhunyta ut\u00e1n sz\u00fcnetelt, majd az alkot\u00f3t\u00e1bor \u00fajraindult (1992\u2013) \u00e9s felvette a nev\u00e9t: N.P. Alkot\u00f3t\u00e1bor (1999). Nagy P\u00e1l eml\u00e9k\u00e9v rendezv\u00e9nyei Mv.: eml\u00e9kki\u00e1ll\u00edt\u00e1s (2003 okt.), \u00e9letm\u0171 katal\u00f3gus bemutat\u00e1sa (2004. jan.), utcan\u00e9vad\u00f3 \u00fcnneps\u00e9g (2004. m\u00e1j.), eml\u00e9kt\u00e1bla avat\u00e1s (2004. j\u00fan.). \u2013 <strong>F. m.:<\/strong> k\u00f6nyv: Barangol\u00e1s a k\u00e9pz\u0151m\u0171v\u00e9szetben (Buk., 1979; Bp., 1999); Cserk\u00e9sz t\u00e1bori napl\u00f3 (Cs\u00edkszereda, 2009). \u2013 <strong>F. ki\u00e1ll.:<\/strong> egy\u00e9ni: Mv. (Bencz\u00e9di S\u00e1ndorral, 1957; 1969, 1975, 1979, 1980, 1984); Gyergy\u00f3szentmikl\u00f3s (Bal\u00e1zs Imr\u00e9vel, 1964; 1981); Cs\u00edkszereda (1965); Sz\u00e9kelyudvarhely (1965, 1981); Sz\u00e9kelykereszt\u00far (1965); Erd\u0151szentgy\u00f6rgy. Bal\u00e1zs Imr\u00e9vel (1965); utols\u00f3 ki\u00e1ll\u00edt\u00e1sa a Vatra szerkeszt\u0151s\u00e9g\u00e9ben (1979. jan. 29); Kv. (1978, 1985, 1990); Sepsiszentgy\u00f6rgy (1981); Sz\u00e1rhegy (1986); Bp. (1994, 1999); Hatvan (1998); Az \u00e9n m\u0171termem (Bp., 1999. nov. 4.); v\u00e1logatott csoportos ki\u00e1ll.: \u00dajs\u00e1g\u00edr\u00f3k, M\u0171v\u00e9szek Vegyes Szakszervezete (Transsylvania Terem, Mv., 1947.); Erd\u00e9lyr\u00e9szi \u00c1llami K\u00e9pz\u0151m\u0171v\u00e9szeti ki\u00e1ll\u00edt\u00e1s (V\u00e1rmegyeh\u00e1za, Kv., 1948); \u00c1llami K\u00e9pz\u0151m\u0171v\u00e9szeti Ki\u00e1ll\u00edt\u00e1s (Buk., 1953, 1954); MMAT ki\u00e1ll\u00edt\u00e1s \u00e9s Maros megyei ki\u00e1ll\u00edt\u00e1sok (Mv., 1951, 1953\u201379); XXVII. Velencei Bienn\u00e1l\u00e9, Velence, Velence (1956); Bolyai F. K\u00f6z\u00e9piskola K\u00e9pz\u0151m\u0171v\u00e9szeti ki\u00e1ll\u00edt\u00e1s (Mv., 1957); \u00c9ves Grafikai ki\u00e1ll\u00edt\u00e1s (Buk., 1963, 1965); Plak\u00e1tki\u00e1ll\u00edt\u00e1s (Mv., 1965); Szentgy\u00f6rgyi I. Sz\u00ednm\u0171v\u00e9szeti Int\u00e9zet St\u00fadi\u00f3 terme (Mv., 1967); Expo\u201968 (Mv.); Fest\u00e9szeti \u00e9s Szobr\u00e1szati Bienn\u00e1l\u00e9 (Dalles Terem, Buk., 1968); Hajd\u00fas\u00e1gi m\u0171v\u00e9sztelep ki\u00e1ll\u00edt\u00e1sa (Hajd\u00fab\u00f6sz\u00f6rm\u00e9ny, 1969\u201373); Mv.-i m\u0171v\u00e9szek ki\u00e1ll\u00edt\u00e1sa (Dalles Terem, Buk., 1970); Amfitrion (Kult\u00farpalota, Mv., 1971); Metszet Szalon (M\u0171v\u00e9szeti Gal\u00e9ria, Kv., 1973, 1974); Fest\u00e9szeti Bienn\u00e1l\u00e9 (Buk., 1975); Kov\u00e1szna (1976); Szabadka (1977); Grafikusok a sz\u00fcl\u0151f\u00f6ldr\u0151l (Korunk Gal\u00e9ria, Kv., 1978); A kort\u00e1rs m\u0171v\u00e9szet emberi \u00fczenete (Teleki T\u00e9ka, Mv., 1978); \u00c1llami K\u00e9pz\u0151m\u0171v\u00e9szeti Ki\u00e1ll\u00edt\u00e1s (Buk., 1978); A vil\u00e1g \u00e9s az \u00e1lom (Kult\u00farpalota, Mv., 1978); Kov\u00e1szna (1979, 1984); A David csal\u00e1d gy\u0171jtem\u00e9nye (Mv., 1984); D\u00e9lib\u00e1bok haz\u00e1ja (Debrecen, D\u00e9ri M\u00fazeum, 1992); Hatvanas \u00e9vek (Mv., a rom\u00e1niai MMAT k\u00e9pz\u0151m\u0171v\u00e9szete 1960\u201368; 1999); Hatvany Lajos M\u00fazeum (Hatvan, 1999); Vigad\u00f3 Gal\u00e9ria (Bp., 2000); Ezredv\u00e9gi nyomok (t\u00edz erd\u00e9lyi grafikus munk\u00e1ss\u00e1g\u00e1t bemutat\u00f3 v\u00e1ndort\u00e1rlat; R\u00f3ma, Br\u00fcsszel, Berlin, P\u00e1rizs, Buk., 2006); N. P. grafik\u00e1i V\u00e1radon (N\u00fa., M\u00fazsa (2009. m\u00e1rc. 21.) <strong>Eml\u00e9kki\u00e1ll.:<\/strong> Mv (1980, 1984, 2000. aug.; 2003); Kv. (1986); Gyergy\u00f3sz\u00e1rhegy (1986); Bp. (1990, 1994, 1999); Hatvan (1999. jan.); Sz\u00e9kelyudvarhely (2004); N. P.-eml\u00e9kt\u00e1rlat (Szov\u00e1ta, 2005), N. P.-eml\u00e9kki\u00e1ll\u00edt\u00e1s (Sz\u00e9kelyudvarhelyen, 2009); N. P., 1929\u20131979. (Mv., 2013. m\u00e1j. 31.-aug. 10. \/ Text=Sz\u00f6veg, Trad.=<strong><strong>Ford.:<\/strong><\/strong> Bob J\u00f3zsef; Kur\u00e1tor: Kusztos Enik\u0151, Bob J\u00f3zsef; Mv., 2013); k\u00f6zt\u00e9ri m\u0171vei: N\u00e9pi kult\u00fara (fresk\u00f3, 1960, Kov\u00e1szna, M\u0171vel\u0151d\u00e9si H\u00e1z, lebontva); m\u0171vek k\u00f6zgy\u0171jtem\u00e9nyekben: Hajd\u00fas\u00e1gi M\u00fazeum Hajd\u00fab\u00f6sz\u00f6rm\u00e9ny; Pet\u0151fi Irodalmi M\u00fazeum, Bp.; V\u00e1rosi M\u00fazeum, Sz\u00e9kely Nemzeti M\u00fazeum Sepsiszentgy\u00f6rgy; Nemzetk\u00f6zi M\u0171v\u00e9sztelep Gyergy\u00f3sz\u00e1rhegy; Mv., ploie\u015fti-i, buk.-i m\u00fazeumban. <br \/><strong>Irod.:<\/strong> 100 \u00e9v; 20. sz.-i k\u00e9pz\u0151m\u0171v\u00e9szet; Aranykorszak; Arck\u00e9pcsarnok (Igaz Sz\u00f3, 1972, 11. sz.); artportal; Bal\u00e1zs Imre: N. P. (V. Z., 1979. j\u00fan. 30.); Bal\u00e1zs Imre: Tekintetek k\u00f6nnycseppf\u00e9ny\u0171 tenger\u00e9ben (\u00daj \u00c9let, 12. sz., 1979); Bal\u00e1zs Imre: Az \u00f6nfeledt j\u00e1t\u00e9kos kedv (N\u00fa., M\u00fazsa, 868. sz., 2009. jan. 10.); Bartos 2012; Bodor P\u00e1l (N\u00fa., M\u00fazsa, 398. sz., 1999. j\u00fan. 19.); Borghida Istv\u00e1n: N. P.-r\u00f3l \u2013 k\u00e9pei el\u0151tt (\u00daj \u00c9let, 5. sz., 1981); Csekme; \u00c9ltet\u0151 J\u00f3zsef: N. P. f\u00e1inak \u00fczenete (\u00daj \u00c9let, 2. sz., 1978); Erd\u00e9lyi Lajos; Erd\u00e9lyi L.1991; Erd\u00e9lyi L 2009; Erd\u00e9lyi Lajos 2018; Farkas Ildik\u00f3: Gy\u00f6kerek \u00e9s gyerty\u00e1k (\u00daj \u00c9let, 7. sz., 1968); Feledy Bal\u00e1zs: Impresszi\u00f3k \u2013 N. P.-r\u00f3l, a fest\u0151r\u0151l, az \u00edr\u00f3r\u00f3l = K\u00fcl\u00f6n vil\u00e1gban; Gazda J\u00f3zsef: A makfalvi t\u00e1borr\u00f3l (Erd\u00e9lyi Napl\u00f3, 2003. aug. 26.); J. A.: Ifj\u00fa k\u00e9pz\u0151m\u0171v\u00e9szek aj\u00e1nd\u00e9ka (V. Z., 1960. szept. 15.); Gyergy\u00f3sz\u00e1rhegyi BME; H\u00fasz \u00e9ve hunyt el N. P. fest\u0151m\u0171v\u00e9sz \/ N. M. K.; Jakabovits; Katona Szab\u00f3 Istv\u00e1n: Az \u00daj \u00c9let lexikona, 111. (\u00daj \u00c9let, 4., 1975); Katona Szab\u00f3 Istv\u00e1n: N. P. Festm\u00e9nyei a Vatra Gal\u00e9ri\u00e1ban (\u00daj \u00c9let, 6., 1979); Korunk gal\u00e9ria; Mikl\u00f3ssy G\u00e1bor n\u00f6vend\u00e9kei \/ Simon Endre (Bp., 2000); Moln\u00e1r; K. Gy.: Besz\u00e9lget\u00e9s Bencz\u00e9di S\u00e1ndor \u00e9s Nagy P\u00e1l k\u00e9pz\u0151m\u0171v\u00e9szekkel (V. Z., 1957. j\u00fan. 21.); A Mv.-i ref. temet\u0151; N. P.: Cserk\u00e9sz t\u00e1bori napl\u00f3 (Cs\u00edkszereda, 2009); N. P. [Katal\u00f3gus] (Mv., 1980); N. P.[Nekrol\u00f3g] (V. Z., 1979. j\u00fan. 21.); N. P.[A bp.-i V\u00e1rmegye Gal\u00e9ria eml\u00e9kki\u00e1ll.1994. m\u00e1rc. 17\u201320. katal\u00f3gusa] (Bp., 1994); N. P. eml\u00e9kki\u00e1ll\u00edt\u00e1s (N\u00fa., M\u00fazsa, 139. sz., 1994. m\u00e1rc. 17.); Mark\u00f3 B\u00e9la: N. P. eml\u00e9kki\u00e1ll\u00edt\u00e1s Bp.-en (N\u00fa., M\u00fazsa, 141. sz., 1994. \u00e1pr. 1.); Nagyap\u00e1mat mai napig p\u00e9ldak\u00e9pemnek tartom \/ Ol\u00e1h-G\u00e1l Elvira besz\u00e9lget\u00e9se V\u00e9csi Nagy Zolt\u00e1nnal (Sz\u00e9kelyf\u00f6ld, 6. sz., 2012); P\u00e1ll Lajos: Nagy P\u00e1lr\u00f3l (Sz\u00e9kelyf\u00f6ld, 9. sz., 2009. szept.); RepM; RMIL; Sepsisz\u00e9ki; Szab\u00f3-K\u00e1llai; Sz\u00e9kely J.: Boldog ember; A megszokottn\u00e1l is kegyetlenebb: Nagy P\u00e1l, Nagy Zsuzsa, Varga Kati hal\u00e1los balesete = Sz\u00e9kely J.; Sz\u0151cs K\u00e1lm\u00e1n: M\u0171tereml\u00e1togat\u00e1s N. P.-n\u00e1l (V. Z., 1965. j\u00fal. 10.); Sz\u00e9pr\u00e9ti Lilla: In memoriam (\u00daj \u00c9let, 3. sz., 1989); Sz\u00f3, eszme, l\u00e1tv\u00e1ny; Sz\u0171cs Gy\u00f6rgy: Arck\u00e9pv\u00e1zlat z\u00fazmar\u00e1val (N. P. [Ka\u00adtal\u00f3gus]. Bp., 1994); Sz\u0171cs Gy\u00f6rgy: Egy keskeny t\u00fara\u00f6sv\u00e9ny N. P. nyom\u00e1ban (N\u00fa., M\u00fazsa, 612 sz., 2003. okt. 18.); Todea 2013; \u00daM\u00c9L; Z\u00f6ld L.: A v\u00edz szalad, a k\u0151 marad. 25 \u00e9v a Gyergyosz\u00e1rhegyi Bar\u00e1ts\u00e1g Alkot\u00f3t\u00e1bor \u00e9let\u00e9b\u0151l (Cs\u00edkszereda, 1999)<\/br><\/p>\n","protected":false},"excerpt":{"rendered":"<p>Szatm\u00e1rn\u00e9meti, 1929. jan. 12., \u2020 Erd\u0151szentgy\u00f6rgy, 1979. j\u00fan.18. Mv.-en temett\u00e9k el a ref. temet\u0151ben: k\u00e9pz\u0151m\u0171v\u00e9sz, fest\u0151, grafikus, pedag\u00f3gus, szak\u00edr\u00f3. \u2013 Apja csal\u00e1dja Kutyfalv\u00e1r\u00f3l sz\u00e1rmazott, lelk\u00e9sz volt Szatm\u00e1rn\u00e9metiben, kor\u00e1n elhunyt (1934), anyja beteges szeretettel nevelte, f\u00e9ltette. Feles\u00e9ge: Kem\u00e9ny Zsuzsa (esk\u00fcv\u0151: 1954). Fiaik: Zolt\u00e1n (Mv., 1956\u2013), G\u00e9za. \u2013 A k\u00f6z\u00e9piskol\u00e1t a mv.-i Ref. Koll.-ban v\u00e9gezte (1935\u201347), Piskolti [&hellip;]<\/p>\n","protected":false},"featured_media":0,"comment_status":"open","ping_status":"closed","template":"","meta":[],"product_brand":[],"product_cat":[137],"product_tag":[],"class_list":{"0":"post-16445","1":"product","2":"type-product","3":"status-publish","5":"product_cat-maros-megyei-eletrajzi-lexikon","7":"first","8":"instock","9":"shipping-taxable","10":"product-type-simple"},"_links":{"self":[{"href":"https:\/\/uj.adatbank.ro\/lexikon\/wp-json\/wp\/v2\/product\/16445","targetHints":{"allow":["GET"]}}],"collection":[{"href":"https:\/\/uj.adatbank.ro\/lexikon\/wp-json\/wp\/v2\/product"}],"about":[{"href":"https:\/\/uj.adatbank.ro\/lexikon\/wp-json\/wp\/v2\/types\/product"}],"replies":[{"embeddable":true,"href":"https:\/\/uj.adatbank.ro\/lexikon\/wp-json\/wp\/v2\/comments?post=16445"}],"wp:attachment":[{"href":"https:\/\/uj.adatbank.ro\/lexikon\/wp-json\/wp\/v2\/media?parent=16445"}],"wp:term":[{"taxonomy":"product_brand","embeddable":true,"href":"https:\/\/uj.adatbank.ro\/lexikon\/wp-json\/wp\/v2\/product_brand?post=16445"},{"taxonomy":"product_cat","embeddable":true,"href":"https:\/\/uj.adatbank.ro\/lexikon\/wp-json\/wp\/v2\/product_cat?post=16445"},{"taxonomy":"product_tag","embeddable":true,"href":"https:\/\/uj.adatbank.ro\/lexikon\/wp-json\/wp\/v2\/product_tag?post=16445"}],"curies":[{"name":"wp","href":"https:\/\/api.w.org\/{rel}","templated":true}]}}