{"id":16449,"date":"2025-07-15T16:17:14","date_gmt":"2025-07-15T14:17:14","guid":{"rendered":"https:\/\/uj.adatbank.ro\/lexikon\/termek\/nagy-peter\/"},"modified":"2025-07-15T16:17:14","modified_gmt":"2025-07-15T14:17:14","slug":"nagy-peter","status":"publish","type":"product","link":"https:\/\/uj.adatbank.ro\/lexikon\/termek\/nagy-peter\/","title":{"rendered":"NAGY P\u00e9ter"},"content":{"rendered":"<p>Maross\u00e1rpatak, 1879., \u2020 ?: gazd\u00e1lkod\u00f3. \u2013 Kor\u00e1n \u00e1rvas\u00e1gra jutott, vagyon\u00e1nak nagyr\u00e9sz\u00e9t szorgalmas munk\u00e1val szerezte \u00e9s gazd\u00e1lkodott Maross\u00e1rpatakon. Az els\u0151 vh.-ban a 22. gy. e.-ben az oroszok fogs\u00e1g\u00e1ba ker\u00fclt, 7 \u00e9v m\u00falva ker\u00fclt haza. A MP tagja, a ref. egyh\u00e1z presbiter, a Tejsz\u00f6vetkezet fel\u00fcgyel\u0151bizotts\u00e1gi tagja, a Hitelsz\u00f6vetkezet tagja volt. <br \/><strong>Irod.:<\/strong> Sz\u00e9kelyf\u00f6ld \u00ed.k.<\/br><\/p>\n","protected":false},"excerpt":{"rendered":"<p>Maross\u00e1rpatak, 1879., \u2020 ?: gazd\u00e1lkod\u00f3. \u2013 Kor\u00e1n \u00e1rvas\u00e1gra jutott, vagyon\u00e1nak nagyr\u00e9sz\u00e9t szorgalmas munk\u00e1val szerezte \u00e9s gazd\u00e1lkodott Maross\u00e1rpatakon. Az els\u0151 vh.-ban a 22. gy. e.-ben az oroszok fogs\u00e1g\u00e1ba ker\u00fclt, 7 \u00e9v m\u00falva ker\u00fclt haza. A MP tagja, a ref. egyh\u00e1z presbiter, a Tejsz\u00f6vetkezet fel\u00fcgyel\u0151bizotts\u00e1gi tagja, a Hitelsz\u00f6vetkezet tagja volt. Irod.: Sz\u00e9kelyf\u00f6ld \u00ed.k.<\/p>\n","protected":false},"featured_media":0,"comment_status":"open","ping_status":"closed","template":"","meta":[],"product_brand":[],"product_cat":[137],"product_tag":[],"class_list":{"0":"post-16449","1":"product","2":"type-product","3":"status-publish","5":"product_cat-maros-megyei-eletrajzi-lexikon","7":"first","8":"instock","9":"shipping-taxable","10":"product-type-simple"},"_links":{"self":[{"href":"https:\/\/uj.adatbank.ro\/lexikon\/wp-json\/wp\/v2\/product\/16449","targetHints":{"allow":["GET"]}}],"collection":[{"href":"https:\/\/uj.adatbank.ro\/lexikon\/wp-json\/wp\/v2\/product"}],"about":[{"href":"https:\/\/uj.adatbank.ro\/lexikon\/wp-json\/wp\/v2\/types\/product"}],"replies":[{"embeddable":true,"href":"https:\/\/uj.adatbank.ro\/lexikon\/wp-json\/wp\/v2\/comments?post=16449"}],"wp:attachment":[{"href":"https:\/\/uj.adatbank.ro\/lexikon\/wp-json\/wp\/v2\/media?parent=16449"}],"wp:term":[{"taxonomy":"product_brand","embeddable":true,"href":"https:\/\/uj.adatbank.ro\/lexikon\/wp-json\/wp\/v2\/product_brand?post=16449"},{"taxonomy":"product_cat","embeddable":true,"href":"https:\/\/uj.adatbank.ro\/lexikon\/wp-json\/wp\/v2\/product_cat?post=16449"},{"taxonomy":"product_tag","embeddable":true,"href":"https:\/\/uj.adatbank.ro\/lexikon\/wp-json\/wp\/v2\/product_tag?post=16449"}],"curies":[{"name":"wp","href":"https:\/\/api.w.org\/{rel}","templated":true}]}}