{"id":16461,"date":"2025-07-15T16:17:38","date_gmt":"2025-07-15T14:17:38","guid":{"rendered":"https:\/\/uj.adatbank.ro\/lexikon\/termek\/nagy-samuel-3\/"},"modified":"2025-07-15T16:17:38","modified_gmt":"2025-07-15T14:17:38","slug":"nagy-samuel-3","status":"publish","type":"product","link":"https:\/\/uj.adatbank.ro\/lexikon\/termek\/nagy-samuel-3\/","title":{"rendered":"NAGY S\u00e1muel"},"content":{"rendered":"<p>Nagyenyed, 1783. febr. 7., \u2020 Kv., 1845. szept. 30.: r\u00e9zmetsz\u0151. \u2013 A nagyenyedi ref. koll\u00e9gium di\u00e1kja (1800\u2013), a b\u00e9csi k\u00e9pz\u0151m\u0171v. akad.-n rajzot ta\u00adnult (1804\u2013), a ref. egyh\u00e1z \u00f6szt\u00f6nd\u00edjjal seg\u00ed\u00adtette (1806). A nagyenyedi ref. koll\u00e9gium rajztan\u00e1r\u00e1v\u00e1 akart\u00e1k kinevezni (1810\u2013), miut\u00e1n ez nem siker\u00fclt, nyomor\u00fas\u00e1gos k\u00f6r\u00fclm\u00e9nyek k\u00f6z\u00f6tt \u00e9lt, m\u00e9g gr. Teleki J\u00f3zsef gernyeszegi kast\u00e9\u00adly\u00e1nak m\u00e1rv\u00e1nyoz\u00e1s\u00e1t is elv\u00e1llalta. D\u00f6brentei G\u00e1bor h\u00edv\u00e1s\u00e1ra Kv.-ra ment (1812\u2013), ahol a ref. koll. rajztan\u00e1ra lett. Sok r\u00e9z\u00admetszetetk\u00e9sz\u00edtett az Erd. M\u00faz.-ban \u0151rzik t\u00f6bb m\u0171v\u00e9t (gr. Batthy\u00e1ny Ign\u00e1c, gr. Bethlen Gergely, Cserei Farkas, gr. Dessewffy J\u00f3zsef, gr. Haller L\u00e1szl\u00f3, gr. Te\u00adleki J\u00f3zsef stb.), valamint Mv.-i v\u00e1rr\u00f3l k\u00e9sz\u00edtett r\u00e9z negat\u00edvlapjait (1828-b\u00f3l); 31 metszetet L. Barthal\u00e9my Az ifj\u00fa Anacharsis utaz\u00e1sa (Kolozsv\u00e1r, 1820), 24 metszetet C. J. Unger R\u00f3mai r\u00e9gis\u00e9gek c. m\u0171ve sz\u00e1m\u00e1ra. <br \/><strong>Irod.:<\/strong> Kazinczy Ferenc: Er\u00add\u00e9lyi levelek (Buda, 1839); B\u00edr\u00f3 J\u00f3zsef: Er\u00add\u00e9ly m\u0171v\u00e9szete (Bp., 1941); B\u00edr\u00f3 B\u00e9la: N. S. kolozsv\u00e1ri r\u00e9zmetsz\u0151 (Erd\u00e9lyi Helikon, 1944); J\u00falius Bielz: Die Graphik in Siebenb\u00fcrgen (Nagyszeben, 1947); Kelemen Lajos 2006, Pataky D\u00e9nes: A magyar r\u00e9zmetsz\u00e9s t\u00f6rt\u00e9nete a XVI. sz\u00e1zadt\u00f3l 1850-ig (Bp., 1951); B. Nagy Margit 1977; \u00daM\u00c9L<\/br><\/p>\n","protected":false},"excerpt":{"rendered":"<p>Nagyenyed, 1783. febr. 7., \u2020 Kv., 1845. szept. 30.: r\u00e9zmetsz\u0151. \u2013 A nagyenyedi ref. koll\u00e9gium di\u00e1kja (1800\u2013), a b\u00e9csi k\u00e9pz\u0151m\u0171v. akad.-n rajzot ta\u00adnult (1804\u2013), a ref. egyh\u00e1z \u00f6szt\u00f6nd\u00edjjal seg\u00ed\u00adtette (1806). A nagyenyedi ref. koll\u00e9gium rajztan\u00e1r\u00e1v\u00e1 akart\u00e1k kinevezni (1810\u2013), miut\u00e1n ez nem siker\u00fclt, nyomor\u00fas\u00e1gos k\u00f6r\u00fclm\u00e9nyek k\u00f6z\u00f6tt \u00e9lt, m\u00e9g gr. Teleki J\u00f3zsef gernyeszegi kast\u00e9\u00adly\u00e1nak m\u00e1rv\u00e1nyoz\u00e1s\u00e1t is elv\u00e1llalta. [&hellip;]<\/p>\n","protected":false},"featured_media":0,"comment_status":"open","ping_status":"closed","template":"","meta":[],"product_brand":[],"product_cat":[137],"product_tag":[],"class_list":{"0":"post-16461","1":"product","2":"type-product","3":"status-publish","5":"product_cat-maros-megyei-eletrajzi-lexikon","7":"first","8":"instock","9":"shipping-taxable","10":"product-type-simple"},"_links":{"self":[{"href":"https:\/\/uj.adatbank.ro\/lexikon\/wp-json\/wp\/v2\/product\/16461","targetHints":{"allow":["GET"]}}],"collection":[{"href":"https:\/\/uj.adatbank.ro\/lexikon\/wp-json\/wp\/v2\/product"}],"about":[{"href":"https:\/\/uj.adatbank.ro\/lexikon\/wp-json\/wp\/v2\/types\/product"}],"replies":[{"embeddable":true,"href":"https:\/\/uj.adatbank.ro\/lexikon\/wp-json\/wp\/v2\/comments?post=16461"}],"wp:attachment":[{"href":"https:\/\/uj.adatbank.ro\/lexikon\/wp-json\/wp\/v2\/media?parent=16461"}],"wp:term":[{"taxonomy":"product_brand","embeddable":true,"href":"https:\/\/uj.adatbank.ro\/lexikon\/wp-json\/wp\/v2\/product_brand?post=16461"},{"taxonomy":"product_cat","embeddable":true,"href":"https:\/\/uj.adatbank.ro\/lexikon\/wp-json\/wp\/v2\/product_cat?post=16461"},{"taxonomy":"product_tag","embeddable":true,"href":"https:\/\/uj.adatbank.ro\/lexikon\/wp-json\/wp\/v2\/product_tag?post=16461"}],"curies":[{"name":"wp","href":"https:\/\/api.w.org\/{rel}","templated":true}]}}