{"id":16473,"date":"2025-07-15T16:18:03","date_gmt":"2025-07-15T14:18:03","guid":{"rendered":"https:\/\/uj.adatbank.ro\/lexikon\/termek\/nagy-sandor-7\/"},"modified":"2025-07-15T16:18:03","modified_gmt":"2025-07-15T14:18:03","slug":"nagy-sandor-7","status":"publish","type":"product","link":"https:\/\/uj.adatbank.ro\/lexikon\/termek\/nagy-sandor-7\/","title":{"rendered":"NAGY S\u00e1ndor"},"content":{"rendered":"<p>? \u2020 ?: ref. lelk\u00e9sz. \u2013 Havadt\u0151n volt lelk\u00e9sz (1920\u201333). Szolg\u00e1lata idej\u00e9n helyezte el a templom fal\u00e1ba az EMKE Dalosk\u00f6r az I. vh. 36 havadt\u0151i halottj\u00e1nak az eml\u00e9kt\u00e1bl\u00e1j\u00e1t (1922), amely mell\u00e9 ker\u00fclt k\u00e9s\u0151bb a II.vh. h\u0151si halottainak n\u00e9vsora is.. <br \/><strong>Irod.:<\/strong> MMMM<\/br><\/p>\n","protected":false},"excerpt":{"rendered":"<p>? \u2020 ?: ref. lelk\u00e9sz. \u2013 Havadt\u0151n volt lelk\u00e9sz (1920\u201333). Szolg\u00e1lata idej\u00e9n helyezte el a templom fal\u00e1ba az EMKE Dalosk\u00f6r az I. vh. 36 havadt\u0151i halottj\u00e1nak az eml\u00e9kt\u00e1bl\u00e1j\u00e1t (1922), amely mell\u00e9 ker\u00fclt k\u00e9s\u0151bb a II.vh. h\u0151si halottainak n\u00e9vsora is.. Irod.: MMMM<\/p>\n","protected":false},"featured_media":0,"comment_status":"open","ping_status":"closed","template":"","meta":[],"product_brand":[],"product_cat":[137],"product_tag":[],"class_list":{"0":"post-16473","1":"product","2":"type-product","3":"status-publish","5":"product_cat-maros-megyei-eletrajzi-lexikon","7":"first","8":"instock","9":"shipping-taxable","10":"product-type-simple"},"_links":{"self":[{"href":"https:\/\/uj.adatbank.ro\/lexikon\/wp-json\/wp\/v2\/product\/16473","targetHints":{"allow":["GET"]}}],"collection":[{"href":"https:\/\/uj.adatbank.ro\/lexikon\/wp-json\/wp\/v2\/product"}],"about":[{"href":"https:\/\/uj.adatbank.ro\/lexikon\/wp-json\/wp\/v2\/types\/product"}],"replies":[{"embeddable":true,"href":"https:\/\/uj.adatbank.ro\/lexikon\/wp-json\/wp\/v2\/comments?post=16473"}],"wp:attachment":[{"href":"https:\/\/uj.adatbank.ro\/lexikon\/wp-json\/wp\/v2\/media?parent=16473"}],"wp:term":[{"taxonomy":"product_brand","embeddable":true,"href":"https:\/\/uj.adatbank.ro\/lexikon\/wp-json\/wp\/v2\/product_brand?post=16473"},{"taxonomy":"product_cat","embeddable":true,"href":"https:\/\/uj.adatbank.ro\/lexikon\/wp-json\/wp\/v2\/product_cat?post=16473"},{"taxonomy":"product_tag","embeddable":true,"href":"https:\/\/uj.adatbank.ro\/lexikon\/wp-json\/wp\/v2\/product_tag?post=16473"}],"curies":[{"name":"wp","href":"https:\/\/api.w.org\/{rel}","templated":true}]}}