{"id":16479,"date":"2025-07-15T16:18:15","date_gmt":"2025-07-15T14:18:15","guid":{"rendered":"https:\/\/uj.adatbank.ro\/lexikon\/termek\/nagy-sandor-13\/"},"modified":"2025-07-15T16:18:15","modified_gmt":"2025-07-15T14:18:15","slug":"nagy-sandor-13","status":"publish","type":"product","link":"https:\/\/uj.adatbank.ro\/lexikon\/termek\/nagy-sandor-13\/","title":{"rendered":"NAGY S\u00e1ndor"},"content":{"rendered":"<p>Sz\u00e1szr\u00e9gen, 1892., \u2020 ?: cip\u00e9szmester Mv.-en. \u2013Iskol\u00e1i elv\u00e9gz\u00e9se ut\u00e1n a cip\u00e9sz szakm\u00e1t tanulta, majd Mv.-en \u00f6n\u00e1ll\u00f3 m\u0171helyt \u00e9s cip\u0151rakt\u00e1rat nyitott (1920). A Cip\u00e9szmunkaad\u00f3k Egyes\u00fclet\u00e9nek jegyz\u0151je, a Magyar Iparos Egyes\u00fclet v\u00e1l. tagja, a Mv.-i B\u0151riparosok \u00c1r\u00facsarnok\u00e1nak titk\u00e1ra, a MP tagja volt. A Cip\u00e9szek Szaklapj\u00e1nak tud\u00f3s\u00edt\u00f3ja volt. R\u00e9szt vett az I. vh.-ban mint \u0151rvezet\u0151 (1914\u2013), orosz fogs\u00e1gba esett (1915\u201319). <br \/><strong>Irod.:<\/strong> Erd\u00e9lyi ezredek; Ki kicsoda ?<\/br><\/p>\n","protected":false},"excerpt":{"rendered":"<p>Sz\u00e1szr\u00e9gen, 1892., \u2020 ?: cip\u00e9szmester Mv.-en. \u2013Iskol\u00e1i elv\u00e9gz\u00e9se ut\u00e1n a cip\u00e9sz szakm\u00e1t tanulta, majd Mv.-en \u00f6n\u00e1ll\u00f3 m\u0171helyt \u00e9s cip\u0151rakt\u00e1rat nyitott (1920). A Cip\u00e9szmunkaad\u00f3k Egyes\u00fclet\u00e9nek jegyz\u0151je, a Magyar Iparos Egyes\u00fclet v\u00e1l. tagja, a Mv.-i B\u0151riparosok \u00c1r\u00facsarnok\u00e1nak titk\u00e1ra, a MP tagja volt. A Cip\u00e9szek Szaklapj\u00e1nak tud\u00f3s\u00edt\u00f3ja volt. R\u00e9szt vett az I. vh.-ban mint \u0151rvezet\u0151 (1914\u2013), orosz fogs\u00e1gba [&hellip;]<\/p>\n","protected":false},"featured_media":0,"comment_status":"open","ping_status":"closed","template":"","meta":[],"product_brand":[],"product_cat":[137],"product_tag":[],"class_list":{"0":"post-16479","1":"product","2":"type-product","3":"status-publish","5":"product_cat-maros-megyei-eletrajzi-lexikon","7":"first","8":"instock","9":"shipping-taxable","10":"product-type-simple"},"_links":{"self":[{"href":"https:\/\/uj.adatbank.ro\/lexikon\/wp-json\/wp\/v2\/product\/16479","targetHints":{"allow":["GET"]}}],"collection":[{"href":"https:\/\/uj.adatbank.ro\/lexikon\/wp-json\/wp\/v2\/product"}],"about":[{"href":"https:\/\/uj.adatbank.ro\/lexikon\/wp-json\/wp\/v2\/types\/product"}],"replies":[{"embeddable":true,"href":"https:\/\/uj.adatbank.ro\/lexikon\/wp-json\/wp\/v2\/comments?post=16479"}],"wp:attachment":[{"href":"https:\/\/uj.adatbank.ro\/lexikon\/wp-json\/wp\/v2\/media?parent=16479"}],"wp:term":[{"taxonomy":"product_brand","embeddable":true,"href":"https:\/\/uj.adatbank.ro\/lexikon\/wp-json\/wp\/v2\/product_brand?post=16479"},{"taxonomy":"product_cat","embeddable":true,"href":"https:\/\/uj.adatbank.ro\/lexikon\/wp-json\/wp\/v2\/product_cat?post=16479"},{"taxonomy":"product_tag","embeddable":true,"href":"https:\/\/uj.adatbank.ro\/lexikon\/wp-json\/wp\/v2\/product_tag?post=16479"}],"curies":[{"name":"wp","href":"https:\/\/api.w.org\/{rel}","templated":true}]}}

NAGY Sándor

<p>Szászrégen, 1892., † ?: cipészmester Mv.-en. –Iskolái elvégzése után a cipész szakmát tanulta, majd Mv.-en önálló műhelyt és cipőraktárat nyitott (1920). A Cipészmunkaadók Egyesületének jegyzője, a Magyar Iparos Egyesület vál. tagja, a Mv.-i Bőriparosok Árúcsarnokának titkára, a MP tagja volt. A Cipészek Szaklapjának tudósítója volt. Részt vett az I. vh.-ban mint őrvezető (1914–), orosz fogságba esett (1915–19). <br /><strong>Irod.:</strong> Erdélyi ezredek; Ki kicsoda ?</br></p>

<p>Szászrégen, 1892., † ?: cipészmester Mv.-en. –Iskolái elvégzése után a cipész szakmát tanulta, majd Mv.-en önálló műhelyt és cipőraktárat nyitott (1920). A Cipészmunkaadók Egyesületének jegyzője, a Magyar Iparos Egyesület vál. tagja, a Mv.-i Bőriparosok Árúcsarnokának titkára, a MP tagja volt. A Cipészek Szaklapjának tudósítója volt. Részt vett az I. vh.-ban mint őrvezető (1914–), orosz fogságba [&hellip;]</p>
