{"id":16485,"date":"2025-07-15T16:18:27","date_gmt":"2025-07-15T14:18:27","guid":{"rendered":"https:\/\/uj.adatbank.ro\/lexikon\/termek\/nagy-sandor-%c2%a7\/"},"modified":"2025-07-15T16:18:27","modified_gmt":"2025-07-15T14:18:27","slug":"nagy-sandor-%c2%a7","status":"publish","type":"product","link":"https:\/\/uj.adatbank.ro\/lexikon\/termek\/nagy-sandor-%c2%a7\/","title":{"rendered":"NAGY S\u00e1ndor, \u00a7"},"content":{"rendered":"<p>1854., \u2020 Mv., 1910. jan. 10.v. 1909. dec. 10.?): gy\u00f3gyszer\u00e9sz, gy\u00f3gyszert\u00e1r-tulajdonos. \u2013 Fia: ifj. N. S. \u2013 Val\u00f3sz\u00edn\u0171 Bp.-en szerzett gy\u00f3gyszer\u00e9sz oklevelet (1878). Mv.-en a Szent L\u00e9lek patik\u00e1t b\u00e9relte (1884\u201392), majd gy\u00f3gyszert\u00e1rat vett a Szentgy\u00f6rgy \/ Lenin \/ Forradalom utc\u00e1ban, amely az Arany Kereszt nevet viselte (1889\u20131949). Ez a gy\u00f3gyszert\u00e1r tulajdon\u00e1ban volt (1889\u20131910). Egy id\u0151ben Marostorda vm.-i \u00e9s a Mv.-i Orvos \u2013 Gy\u00f3gyszer\u00e9sz Egylet (1890. dec. 20.-\u00e1n alakult meg) p\u00e9nzt\u00e1rosa \u00e9s k\u00f6nyvt\u00e1rosa. Az EMKE alap\u00edt\u00f3 \u00e9s v\u00e1lasztott v\u00e1lasztm\u00e1nyi tagja, fi\u00f3k-p\u00e9nzt\u00e1rosa (1885\u2013) volt. Az Arany Kereszt gy\u00f3gyszert\u00e1r gondnoka Hal\u00e1sz Jakab (1889\u201398), b\u00e9rl\u0151k: Husz\u00e1r Adolf (1898\u20131900), Pokorny G\u00e9za (1903\u201305). Majd az \u00f6r\u00f6k\u00f6sei tulajdon\u00e1ba ker\u00fclt a patika (1911\u201320), D. Mikl\u00f3s \u00c1rp\u00e1d volt a kezel\u0151 (1911\u201312), a b\u00e9rl\u0151k: ifj. M\u00fcller Frigyes (1913\u201314), Osv\u00e1th K\u00e1roly (1914\u201320). A Mo.-i Gy\u00f3gyszer\u00e9sz Egylet erd\u00e9lyi, mv.-i aligazgat\u00f3ja (1886\u201391), igazgat\u00f3ja (1891\u201397). <br \/><strong>Irod.:<\/strong> Eml\u00e9kk\u00f6nyv a M. K. Term\u00e9szettudom\u00e1nyi T\u00e1rsulat f\u00e9lsz\u00e1zados jubileum\u00e1n (Bp., 1892); Guly\u00e1s; Id\u0151t\u00e1r 2; Kusz\u00e1lik\u2013Zal\u00e1nyi; Matolcsi; P\u00e1lmay J\u00f3zsef; P\u00e9ter H. M.; P\u00e9ter H. M. 2013; S\u00e1ndor; Sz\u00e9kely Napt\u00e1r (h\u00edrdet\u00e9sei; 1888).<\/br><\/p>\n","protected":false},"excerpt":{"rendered":"<p>1854., \u2020 Mv., 1910. jan. 10.v. 1909. dec. 10.?): gy\u00f3gyszer\u00e9sz, gy\u00f3gyszert\u00e1r-tulajdonos. \u2013 Fia: ifj. N. S. \u2013 Val\u00f3sz\u00edn\u0171 Bp.-en szerzett gy\u00f3gyszer\u00e9sz oklevelet (1878). Mv.-en a Szent L\u00e9lek patik\u00e1t b\u00e9relte (1884\u201392), majd gy\u00f3gyszert\u00e1rat vett a Szentgy\u00f6rgy \/ Lenin \/ Forradalom utc\u00e1ban, amely az Arany Kereszt nevet viselte (1889\u20131949). Ez a gy\u00f3gyszert\u00e1r tulajdon\u00e1ban volt (1889\u20131910). Egy id\u0151ben [&hellip;]<\/p>\n","protected":false},"featured_media":0,"comment_status":"open","ping_status":"closed","template":"","meta":[],"product_brand":[],"product_cat":[137],"product_tag":[],"class_list":{"0":"post-16485","1":"product","2":"type-product","3":"status-publish","5":"product_cat-maros-megyei-eletrajzi-lexikon","7":"first","8":"instock","9":"shipping-taxable","10":"product-type-simple"},"_links":{"self":[{"href":"https:\/\/uj.adatbank.ro\/lexikon\/wp-json\/wp\/v2\/product\/16485","targetHints":{"allow":["GET"]}}],"collection":[{"href":"https:\/\/uj.adatbank.ro\/lexikon\/wp-json\/wp\/v2\/product"}],"about":[{"href":"https:\/\/uj.adatbank.ro\/lexikon\/wp-json\/wp\/v2\/types\/product"}],"replies":[{"embeddable":true,"href":"https:\/\/uj.adatbank.ro\/lexikon\/wp-json\/wp\/v2\/comments?post=16485"}],"wp:attachment":[{"href":"https:\/\/uj.adatbank.ro\/lexikon\/wp-json\/wp\/v2\/media?parent=16485"}],"wp:term":[{"taxonomy":"product_brand","embeddable":true,"href":"https:\/\/uj.adatbank.ro\/lexikon\/wp-json\/wp\/v2\/product_brand?post=16485"},{"taxonomy":"product_cat","embeddable":true,"href":"https:\/\/uj.adatbank.ro\/lexikon\/wp-json\/wp\/v2\/product_cat?post=16485"},{"taxonomy":"product_tag","embeddable":true,"href":"https:\/\/uj.adatbank.ro\/lexikon\/wp-json\/wp\/v2\/product_tag?post=16485"}],"curies":[{"name":"wp","href":"https:\/\/api.w.org\/{rel}","templated":true}]}}

NAGY Sándor, §

<p>1854., † Mv., 1910. jan. 10.v. 1909. dec. 10.?): gyógyszerész, gyógyszertár-tulajdonos. – Fia: ifj. N. S. – Valószínű Bp.-en szerzett gyógyszerész oklevelet (1878). Mv.-en a Szent Lélek patikát bérelte (1884–92), majd gyógyszertárat vett a Szentgyörgy / Lenin / Forradalom utcában, amely az Arany Kereszt nevet viselte (1889–1949). Ez a gyógyszertár tulajdonában volt (1889–1910). Egy időben Marostorda vm.-i és a Mv.-i Orvos – Gyógyszerész Egylet (1890. dec. 20.-án alakult meg) pénztárosa és könyvtárosa. Az EMKE alapító és választott választmányi tagja, fiók-pénztárosa (1885–) volt. Az Arany Kereszt gyógyszertár gondnoka Halász Jakab (1889–98), bérlők: Huszár Adolf (1898–1900), Pokorny Géza (1903–05). Majd az örökösei tulajdonába került a patika (1911–20), D. Miklós Árpád volt a kezelő (1911–12), a bérlők: ifj. Müller Frigyes (1913–14), Osváth Károly (1914–20). A Mo.-i Gyógyszerész Egylet erdélyi, mv.-i aligazgatója (1886–91), igazgatója (1891–97). <br /><strong>Irod.:</strong> Emlékkönyv a M. K. Természettudományi Társulat félszázados jubileumán (Bp., 1892); Gulyás; Időtár 2; Kuszálik–Zalányi; Matolcsi; Pálmay József; Péter H. M.; Péter H. M. 2013; Sándor; Székely Naptár (hírdetései; 1888).</br></p>

<p>1854., † Mv., 1910. jan. 10.v. 1909. dec. 10.?): gyógyszerész, gyógyszertár-tulajdonos. – Fia: ifj. N. S. – Valószínű Bp.-en szerzett gyógyszerész oklevelet (1878). Mv.-en a Szent Lélek patikát bérelte (1884–92), majd gyógyszertárat vett a Szentgyörgy / Lenin / Forradalom utcában, amely az Arany Kereszt nevet viselte (1889–1949). Ez a gyógyszertár tulajdonában volt (1889–1910). Egy időben [&hellip;]</p>
