{"id":16486,"date":"2025-07-15T16:18:32","date_gmt":"2025-07-15T14:18:32","guid":{"rendered":"https:\/\/uj.adatbank.ro\/lexikon\/termek\/nagy-sandor-%c2%a7-kantor\/"},"modified":"2025-07-15T16:18:32","modified_gmt":"2025-07-15T14:18:32","slug":"nagy-sandor-%c2%a7-kantor","status":"publish","type":"product","link":"https:\/\/uj.adatbank.ro\/lexikon\/termek\/nagy-sandor-%c2%a7-kantor\/","title":{"rendered":"NAGY S\u00e1ndor, \u00a7 K\u00e1ntor"},"content":{"rendered":"<p>Sz\u00e9kelybere, 1920. febr. 29., \u2020 Mv., 1996. j\u00fal. 5.: sz\u00ednh\u00e1zi kell\u00e9kes. \u2013 Het\u00e9nyi Elem\u00e9r sz\u00edn\u00e9szstudi\u00f3j\u00e1ban 3 \u00e9vf. v\u00e9gzett (1935\u201338). A Kv.-i Th\u00e1lia Sz\u00ednpad b\u00fatorosa (1935\u201341), \u00f6n\u00e1ll\u00f3 keresked\u0151 (1941\u201347), a mv.-i Sz\u00e9kely Sz\u00ednh\u00e1z\/\u00c1llami Sz\u00ednh\u00e1z\/Nemzeti Sz\u00ednh\u00e1z f\u0151kell\u00e9kese \u00e9s b\u00fatorosa (1947\u201381). T\u00f6bb mint 500 bem\u00fatat\u00f3, t\u00f6bb ezer pr\u00f3ba \u00e9s el\u0151ad\u00e1s k\u00f6zvetlen el\u0151k\u00e9sz\u00edt\u0151je, r\u00e9szese. Statiszt\u00e1lt is. <br \/><strong>Irod.:<\/strong> Chereji Peris; Fischer Iv\u00e1n portr\u00e9filmje a RTV m. ad\u00e1s\u00e1ban (1971); Imreh Ern\u0151: Az a bizonyos \u201em\u0171szak\u201d: Eml\u00e9kez\u00e9s az egykori Sz\u00e9kely Sz\u00ednh\u00e1zra (Erd\u00e9lyi Figyel\u0151, 7. sz., 1996. m\u00e1rc.); Kusz\u00e1lik; Todea 2013<\/br><\/p>\n","protected":false},"excerpt":{"rendered":"<p>Sz\u00e9kelybere, 1920. febr. 29., \u2020 Mv., 1996. j\u00fal. 5.: sz\u00ednh\u00e1zi kell\u00e9kes. \u2013 Het\u00e9nyi Elem\u00e9r sz\u00edn\u00e9szstudi\u00f3j\u00e1ban 3 \u00e9vf. v\u00e9gzett (1935\u201338). A Kv.-i Th\u00e1lia Sz\u00ednpad b\u00fatorosa (1935\u201341), \u00f6n\u00e1ll\u00f3 keresked\u0151 (1941\u201347), a mv.-i Sz\u00e9kely Sz\u00ednh\u00e1z\/\u00c1llami Sz\u00ednh\u00e1z\/Nemzeti Sz\u00ednh\u00e1z f\u0151kell\u00e9kese \u00e9s b\u00fatorosa (1947\u201381). T\u00f6bb mint 500 bem\u00fatat\u00f3, t\u00f6bb ezer pr\u00f3ba \u00e9s el\u0151ad\u00e1s k\u00f6zvetlen el\u0151k\u00e9sz\u00edt\u0151je, r\u00e9szese. Statiszt\u00e1lt is. Irod.: Chereji Peris; [&hellip;]<\/p>\n","protected":false},"featured_media":0,"comment_status":"open","ping_status":"closed","template":"","meta":[],"product_brand":[],"product_cat":[137],"product_tag":[],"class_list":{"0":"post-16486","1":"product","2":"type-product","3":"status-publish","5":"product_cat-maros-megyei-eletrajzi-lexikon","7":"first","8":"instock","9":"shipping-taxable","10":"product-type-simple"},"_links":{"self":[{"href":"https:\/\/uj.adatbank.ro\/lexikon\/wp-json\/wp\/v2\/product\/16486","targetHints":{"allow":["GET"]}}],"collection":[{"href":"https:\/\/uj.adatbank.ro\/lexikon\/wp-json\/wp\/v2\/product"}],"about":[{"href":"https:\/\/uj.adatbank.ro\/lexikon\/wp-json\/wp\/v2\/types\/product"}],"replies":[{"embeddable":true,"href":"https:\/\/uj.adatbank.ro\/lexikon\/wp-json\/wp\/v2\/comments?post=16486"}],"wp:attachment":[{"href":"https:\/\/uj.adatbank.ro\/lexikon\/wp-json\/wp\/v2\/media?parent=16486"}],"wp:term":[{"taxonomy":"product_brand","embeddable":true,"href":"https:\/\/uj.adatbank.ro\/lexikon\/wp-json\/wp\/v2\/product_brand?post=16486"},{"taxonomy":"product_cat","embeddable":true,"href":"https:\/\/uj.adatbank.ro\/lexikon\/wp-json\/wp\/v2\/product_cat?post=16486"},{"taxonomy":"product_tag","embeddable":true,"href":"https:\/\/uj.adatbank.ro\/lexikon\/wp-json\/wp\/v2\/product_tag?post=16486"}],"curies":[{"name":"wp","href":"https:\/\/api.w.org\/{rel}","templated":true}]}}

NAGY Sándor, § Kántor

<p>Székelybere, 1920. febr. 29., † Mv., 1996. júl. 5.: színházi kellékes. – Hetényi Elemér színészstudiójában 3 évf. végzett (1935–38). A Kv.-i Thália Színpad bútorosa (1935–41), önálló kereskedő (1941–47), a mv.-i Székely Színház/Állami Színház/Nemzeti Színház főkellékese és bútorosa (1947–81). Több mint 500 bemútató, több ezer próba és előadás közvetlen előkészítője, részese. Statisztált is. <br /><strong>Irod.:</strong> Chereji Peris; Fischer Iván portréfilmje a RTV m. adásában (1971); Imreh Ernő: Az a bizonyos „műszak”: Emlékezés az egykori Székely Színházra (Erdélyi Figyelő, 7. sz., 1996. márc.); Kuszálik; Todea 2013</br></p>

<p>Székelybere, 1920. febr. 29., † Mv., 1996. júl. 5.: színházi kellékes. – Hetényi Elemér színészstudiójában 3 évf. végzett (1935–38). A Kv.-i Thália Színpad bútorosa (1935–41), önálló kereskedő (1941–47), a mv.-i Székely Színház/Állami Színház/Nemzeti Színház főkellékese és bútorosa (1947–81). Több mint 500 bemútató, több ezer próba és előadás közvetlen előkészítője, részese. Statisztált is. Irod.: Chereji Peris; [&hellip;]</p>
