{"id":16489,"date":"2025-07-15T16:18:39","date_gmt":"2025-07-15T14:18:39","guid":{"rendered":"https:\/\/uj.adatbank.ro\/lexikon\/termek\/nagy-sandor-ifj\/"},"modified":"2025-07-15T16:18:39","modified_gmt":"2025-07-15T14:18:39","slug":"nagy-sandor-ifj","status":"publish","type":"product","link":"https:\/\/uj.adatbank.ro\/lexikon\/termek\/nagy-sandor-ifj\/","title":{"rendered":"NAGY S\u00e1ndor, ifj."},"content":{"rendered":"<p>Ny\u00e1r\u00e1dszentimre, 1918. j\u00fal.12. \u2020 Zabie, 1944. aug. 22.: honv\u00e9d. \u2013 Anyja Szab\u00f3 R\u00f3za. \u2013 A 27. \u00e9lelmez\u0151 oszlop tagja. \u2013 Zabie-ben t\u00fcd\u0151l\u00f6v\u00e9s \u00e9rte \u00e9s uo. eltemett\u00e9k. <br \/><strong>Irod.:<\/strong> Berekm\u00e9ri 2015<\/br><\/p>\n","protected":false},"excerpt":{"rendered":"<p>Ny\u00e1r\u00e1dszentimre, 1918. j\u00fal.12. \u2020 Zabie, 1944. aug. 22.: honv\u00e9d. \u2013 Anyja Szab\u00f3 R\u00f3za. \u2013 A 27. \u00e9lelmez\u0151 oszlop tagja. \u2013 Zabie-ben t\u00fcd\u0151l\u00f6v\u00e9s \u00e9rte \u00e9s uo. eltemett\u00e9k. Irod.: Berekm\u00e9ri 2015<\/p>\n","protected":false},"featured_media":0,"comment_status":"open","ping_status":"closed","template":"","meta":[],"product_brand":[],"product_cat":[137],"product_tag":[],"class_list":{"0":"post-16489","1":"product","2":"type-product","3":"status-publish","5":"product_cat-maros-megyei-eletrajzi-lexikon","7":"first","8":"instock","9":"shipping-taxable","10":"product-type-simple"},"_links":{"self":[{"href":"https:\/\/uj.adatbank.ro\/lexikon\/wp-json\/wp\/v2\/product\/16489","targetHints":{"allow":["GET"]}}],"collection":[{"href":"https:\/\/uj.adatbank.ro\/lexikon\/wp-json\/wp\/v2\/product"}],"about":[{"href":"https:\/\/uj.adatbank.ro\/lexikon\/wp-json\/wp\/v2\/types\/product"}],"replies":[{"embeddable":true,"href":"https:\/\/uj.adatbank.ro\/lexikon\/wp-json\/wp\/v2\/comments?post=16489"}],"wp:attachment":[{"href":"https:\/\/uj.adatbank.ro\/lexikon\/wp-json\/wp\/v2\/media?parent=16489"}],"wp:term":[{"taxonomy":"product_brand","embeddable":true,"href":"https:\/\/uj.adatbank.ro\/lexikon\/wp-json\/wp\/v2\/product_brand?post=16489"},{"taxonomy":"product_cat","embeddable":true,"href":"https:\/\/uj.adatbank.ro\/lexikon\/wp-json\/wp\/v2\/product_cat?post=16489"},{"taxonomy":"product_tag","embeddable":true,"href":"https:\/\/uj.adatbank.ro\/lexikon\/wp-json\/wp\/v2\/product_tag?post=16489"}],"curies":[{"name":"wp","href":"https:\/\/api.w.org\/{rel}","templated":true}]}}