{"id":16494,"date":"2025-07-15T16:19:00","date_gmt":"2025-07-15T14:19:00","guid":{"rendered":"https:\/\/uj.adatbank.ro\/lexikon\/termek\/nagy-simon-%c2%a7-kali-kali-nagy-simon\/"},"modified":"2025-07-15T16:19:00","modified_gmt":"2025-07-15T14:19:00","slug":"nagy-simon-%c2%a7-kali-kali-nagy-simon","status":"publish","type":"product","link":"https:\/\/uj.adatbank.ro\/lexikon\/termek\/nagy-simon-%c2%a7-kali-kali-nagy-simon\/","title":{"rendered":"NAGY Simon, \u00a7 k\u00e1li, K\u00e1li Nagy Simon"},"content":{"rendered":"<p>Szab\u00e9d, 1894, \u2020 Szab\u00e9d, 1980. jan. 5.: tan\u00edt\u00f3, f\u00f6ldbirtokos. \u2013 Tanulm\u00e1nyait Nagyenyeden v\u00e9gezte, ahol tan\u00edt\u00f3i oklevelet nyert. Szab\u00e9don f\u00f6ldbirtokos. R\u00e9szt vett az I. vh.-ban (1914\u201315), az orosz fronton harcolt, fogs\u00e1gba esett (1915\u201320). Hadapr\u00f3d\u0151rmester jel\u00f6lt volt. A MP aleln\u00f6ke, az unit. egyh\u00e1z p\u00e9nzt\u00e1rosa, a f\u0151tan\u00e1cs\u00e1nak tagja, a Hangya sz\u00f6vetkezet \u00fcgyvezet\u0151je \u00e9s eln\u00f6ke, gazdak\u00f6ri eln\u00f6k, k\u00f6zs\u00e9gi b\u00edr\u00f3, p\u00e9nzt\u00e1ros, v\u00e1lasztott k\u00e9pvisel\u0151je volt a Marostordamegyei Mez\u0151gazdas\u00e1gi Kamar\u00e1nak. Minden kult\u00farint\u00e9zm\u00e9ny \u00e9s egyes\u00fclet munk\u00e1j\u00e1ban r\u00e9szt vett. <br \/><strong>Irod.:<\/strong> Erd\u00e9lyi ezredek; Sz\u00e9kelyf\u00f6ld \u00ed.k.; [Nekrol\u00f3g] (V. Z., 1980. jan. 8.)<\/br><\/p>\n","protected":false},"excerpt":{"rendered":"<p>Szab\u00e9d, 1894, \u2020 Szab\u00e9d, 1980. jan. 5.: tan\u00edt\u00f3, f\u00f6ldbirtokos. \u2013 Tanulm\u00e1nyait Nagyenyeden v\u00e9gezte, ahol tan\u00edt\u00f3i oklevelet nyert. Szab\u00e9don f\u00f6ldbirtokos. R\u00e9szt vett az I. vh.-ban (1914\u201315), az orosz fronton harcolt, fogs\u00e1gba esett (1915\u201320). Hadapr\u00f3d\u0151rmester jel\u00f6lt volt. A MP aleln\u00f6ke, az unit. egyh\u00e1z p\u00e9nzt\u00e1rosa, a f\u0151tan\u00e1cs\u00e1nak tagja, a Hangya sz\u00f6vetkezet \u00fcgyvezet\u0151je \u00e9s eln\u00f6ke, gazdak\u00f6ri eln\u00f6k, k\u00f6zs\u00e9gi b\u00edr\u00f3, [&hellip;]<\/p>\n","protected":false},"featured_media":0,"comment_status":"open","ping_status":"closed","template":"","meta":[],"product_brand":[],"product_cat":[137],"product_tag":[],"class_list":{"0":"post-16494","1":"product","2":"type-product","3":"status-publish","5":"product_cat-maros-megyei-eletrajzi-lexikon","7":"first","8":"instock","9":"shipping-taxable","10":"product-type-simple"},"_links":{"self":[{"href":"https:\/\/uj.adatbank.ro\/lexikon\/wp-json\/wp\/v2\/product\/16494","targetHints":{"allow":["GET"]}}],"collection":[{"href":"https:\/\/uj.adatbank.ro\/lexikon\/wp-json\/wp\/v2\/product"}],"about":[{"href":"https:\/\/uj.adatbank.ro\/lexikon\/wp-json\/wp\/v2\/types\/product"}],"replies":[{"embeddable":true,"href":"https:\/\/uj.adatbank.ro\/lexikon\/wp-json\/wp\/v2\/comments?post=16494"}],"wp:attachment":[{"href":"https:\/\/uj.adatbank.ro\/lexikon\/wp-json\/wp\/v2\/media?parent=16494"}],"wp:term":[{"taxonomy":"product_brand","embeddable":true,"href":"https:\/\/uj.adatbank.ro\/lexikon\/wp-json\/wp\/v2\/product_brand?post=16494"},{"taxonomy":"product_cat","embeddable":true,"href":"https:\/\/uj.adatbank.ro\/lexikon\/wp-json\/wp\/v2\/product_cat?post=16494"},{"taxonomy":"product_tag","embeddable":true,"href":"https:\/\/uj.adatbank.ro\/lexikon\/wp-json\/wp\/v2\/product_tag?post=16494"}],"curies":[{"name":"wp","href":"https:\/\/api.w.org\/{rel}","templated":true}]}}

NAGY Simon, § káli, Káli Nagy Simon

<p>Szabéd, 1894, † Szabéd, 1980. jan. 5.: tanító, földbirtokos. – Tanulmányait Nagyenyeden végezte, ahol tanítói oklevelet nyert. Szabédon földbirtokos. Részt vett az I. vh.-ban (1914–15), az orosz fronton harcolt, fogságba esett (1915–20). Hadapródőrmester jelölt volt. A MP alelnöke, az unit. egyház pénztárosa, a főtanácsának tagja, a Hangya szövetkezet ügyvezetője és elnöke, gazdaköri elnök, községi bíró, pénztáros, választott képviselője volt a Marostordamegyei Mezőgazdasági Kamarának. Minden kultúrintézmény és egyesület munkájában részt vett. <br /><strong>Irod.:</strong> Erdélyi ezredek; Székelyföld í.k.; [Nekrológ] (V. Z., 1980. jan. 8.)</br></p>

<p>Szabéd, 1894, † Szabéd, 1980. jan. 5.: tanító, földbirtokos. – Tanulmányait Nagyenyeden végezte, ahol tanítói oklevelet nyert. Szabédon földbirtokos. Részt vett az I. vh.-ban (1914–15), az orosz fronton harcolt, fogságba esett (1915–20). Hadapródőrmester jelölt volt. A MP alelnöke, az unit. egyház pénztárosa, a főtanácsának tagja, a Hangya szövetkezet ügyvezetője és elnöke, gazdaköri elnök, községi bíró, [&hellip;]</p>
