{"id":16495,"date":"2025-07-15T16:19:04","date_gmt":"2025-07-15T14:19:04","guid":{"rendered":"https:\/\/uj.adatbank.ro\/lexikon\/termek\/nagy-simon-kaali\/"},"modified":"2025-07-15T16:19:04","modified_gmt":"2025-07-15T14:19:04","slug":"nagy-simon-kaali","status":"publish","type":"product","link":"https:\/\/uj.adatbank.ro\/lexikon\/termek\/nagy-simon-kaali\/","title":{"rendered":"NAGY Simon, k\u00e1\u00e1li"},"content":{"rendered":"<p>? \u2020 ? :. \u2013 Feles\u00e9ge: \u00e1kosfalvi Szil\u00e1gyi Justina (1776 \u2013 Mv., 1867. jan. 6.Cserefalv\u00e1n temett\u00e9k). <br \/><strong>Irod.:<\/strong>Gy\u00e1szjelent\u0151<\/br><\/p>\n","protected":false},"excerpt":{"rendered":"<p>? \u2020 ? :. \u2013 Feles\u00e9ge: \u00e1kosfalvi Szil\u00e1gyi Justina (1776 \u2013 Mv., 1867. jan. 6.Cserefalv\u00e1n temett\u00e9k). Irod.:Gy\u00e1szjelent\u0151<\/p>\n","protected":false},"featured_media":0,"comment_status":"open","ping_status":"closed","template":"","meta":[],"product_brand":[],"product_cat":[137],"product_tag":[],"class_list":{"0":"post-16495","1":"product","2":"type-product","3":"status-publish","5":"product_cat-maros-megyei-eletrajzi-lexikon","7":"first","8":"instock","9":"shipping-taxable","10":"product-type-simple"},"_links":{"self":[{"href":"https:\/\/uj.adatbank.ro\/lexikon\/wp-json\/wp\/v2\/product\/16495","targetHints":{"allow":["GET"]}}],"collection":[{"href":"https:\/\/uj.adatbank.ro\/lexikon\/wp-json\/wp\/v2\/product"}],"about":[{"href":"https:\/\/uj.adatbank.ro\/lexikon\/wp-json\/wp\/v2\/types\/product"}],"replies":[{"embeddable":true,"href":"https:\/\/uj.adatbank.ro\/lexikon\/wp-json\/wp\/v2\/comments?post=16495"}],"wp:attachment":[{"href":"https:\/\/uj.adatbank.ro\/lexikon\/wp-json\/wp\/v2\/media?parent=16495"}],"wp:term":[{"taxonomy":"product_brand","embeddable":true,"href":"https:\/\/uj.adatbank.ro\/lexikon\/wp-json\/wp\/v2\/product_brand?post=16495"},{"taxonomy":"product_cat","embeddable":true,"href":"https:\/\/uj.adatbank.ro\/lexikon\/wp-json\/wp\/v2\/product_cat?post=16495"},{"taxonomy":"product_tag","embeddable":true,"href":"https:\/\/uj.adatbank.ro\/lexikon\/wp-json\/wp\/v2\/product_tag?post=16495"}],"curies":[{"name":"wp","href":"https:\/\/api.w.org\/{rel}","templated":true}]}}