{"id":16499,"date":"2025-07-15T16:19:15","date_gmt":"2025-07-15T14:19:15","guid":{"rendered":"https:\/\/uj.adatbank.ro\/lexikon\/termek\/nagy-szabo-ferenc\/"},"modified":"2025-07-15T16:19:15","modified_gmt":"2025-07-15T14:19:15","slug":"nagy-szabo-ferenc","status":"publish","type":"product","link":"https:\/\/uj.adatbank.ro\/lexikon\/termek\/nagy-szabo-ferenc\/","title":{"rendered":"NAGY SZAB\u00d3 Ferenc"},"content":{"rendered":"<p>Mv., 1581. szept. 13., \u2020 Mv., 1659. jan. 16. kr\u00f3nika\u00edr\u00f3. \u2013 Apja Nagy Szab\u00f3 J\u00e1nos v\u00e1rosb\u00edr\u00f3, anyja Borsos Anna, a Borsos Sebesty\u00e9n nev\u0171 kr\u00f3nika\u00edr\u00f3 le\u00e1nya. Feles\u00e9ge:a kv.-i R\u00f3zs\u00e1s Erzs\u00e9bet (esk\u00fcv\u0151: 1604. jan.21.). \u2013 Szab\u00f3 inas V\u00e1s\u00e1rhelyen G\u00f6csi Szab\u00f3 Mih\u00e1lyn\u00e1l (1598), Kv.-on Pal\u00e1stos Istv\u00e1nn\u00e1l (1599). A k\u00f6vetkez\u0151 \u00e9vekben G\u00f6rg\u00e9ny-, Ilyefalva \u2013 \u00e9s Brass\u00f3 \u2013 ban menek\u00fclt, visszat\u00e9rt otthon\u00e1ba (1603). A szab\u00f3k c\u00e9hmestere (1604\u2013), megv\u00e1lasztott\u00e1k az egyik d\u00e9k\u00e1nnak, bej\u00e1r\u00f3 mesternek (1613). Isztambulba utazott (1614). Borsos Tam\u00e1s, az anyai nagyb\u00e1tyja, diplomatak\u00e9nt sokszor volt Sztambulban \u00e9s \u0151 h\u00edvta meg, az erd\u00e9lyi k\u00f6vets\u00e9ggel \u00e9rkezett. A c\u00e9h Brass\u00f3ba k\u00fcldte (1616). Az 1616-ban elhunyt kisfia sz\u00e1m\u00e1ra, ormos kopors\u00f3k\u00f6vet v\u00e1s\u00e1rolt (1617. jan. 7.), saj\u00e1t s\u00edrkertj\u00e9be helyezte el, mellette l\u00e9v\u0151 telket a v\u00e1ros vette meg temetkez\u00e9si helynek, ez lett Mv. \u00e9s Erd\u00e9ly legr\u00e9gibb s\u00edrk\u00f6ve. A jezsuita aty\u00e1k megv\u00e1s\u00e1rolt\u00e1k t\u0151le a pl\u00e9b\u00e1nia templom \u00e9p\u00edt\u00e9sekor az 1623-ban \u00e9p\u00fclt h\u00e1z\u00e1t. A v\u00e1s\u00e1rhelyi szab\u00f3k c\u00e9hmester\u00fckk\u00e9 v\u00e1lasztott\u00e1k (1627, 1633, 1635\u20131639, 1643 t\u00e1blamester). K\u00f6zben 1639\u20131641-ig g\u00f6rg\u00e9nyi udvarb\u00edr\u00f3v\u00e1 nevezte ki I.R\u00e1k\u00f3czi Gy\u00f6rgy \u00e9s \u00e9p\u00edtette a G\u00f6rg\u00e9ny v\u00e1rat, megv\u00e1lasztott\u00e1k a mv.-i v\u00e1r egyik kapit\u00e1ny\u00e1nak (1658. j\u00fal.-ig).Besz\u00e1molt a templom orgon\u00e1j\u00e1r\u00f3l:a v\u00e1rtemplomnak olyan sz\u00e9p orgon\u00e1ja volt, melynek p\u00e1rja eg\u00e9sz Erd\u00e9lyorsz\u00e1gban nem tal\u00e1ltatott\u201d 16. sz\u00e1zad elej\u00e9n. A r.k. templom kript\u00e1j\u00e1ba helyezt\u00e9k \u00f6r\u00f6k nyugalomra. A jezsuita rendh\u00e1z kor\u00e1bbi tulajdonosa volt. Meg\u00edrta eml\u00e9k\u00edrat\u00e1ban a v\u00e1rosi politikai esem\u00e9nyeket (\u20131658-ig), a harcokat, a v\u00e1ros sorozatos feld\u00fal\u00e1s\u00e1t, a v\u00e1r \u00e9p\u00edt\u00e9s\u00e9nek k\u00f6r\u00fclm\u00e9nyeit. Le\u00edrta a saj\u00e1t h\u00e1z\u00e1nak \u00e9p\u00edt\u00e9s\u00e9t (1623), a f\u0151t\u00e9ri szegleth\u00e1zat, ami mell\u00e9 \u00e9p\u00fclt a jezsuit\u00e1k r.k. Keresztel\u0151 Szent J\u00e1nos Pl\u00e9b\u00e1nia barokk \u00e9p\u00fclete (1728\u20131764). <br \/><strong>Irod.:<\/strong> \u2026 \u00e9s egy sz\u00e9kely polg\u00e1r = Sz\u00e1raz M. Gy; N.Sz.F.a kr\u00f3nika\u00edr\u00f3 megveszi unokah\u00fag\u00e1t\u00f3l, Sz\u0151cs Ann\u00e1t\u00f3l a mv.-i v\u00e1rban \u00f6r\u00f6ks\u00e9gk\u00e9nt re\u00e1sz\u00e1llott h\u00e1zr\u00e9szt (Mv., 1650. okt.3.) = Kelemen Lajos 2006; N.Sz.F.\u00e9s a mv.-i szab\u00f3 c\u00e9h = Kelemen Lajos 2009. \u2013 p.197\u2013224; Kripta; Mv.-i Pl\u00e9b\u00e1nia; Mv.-i ref. temet\u0151; Tg.\u2013Mure\u0219 \u2013 Mv.; Marton J. 2013; M\u00e1rton Judit; Sz\u00e9kelys\u00e9g t\u00f6rt.<\/br><\/p>\n","protected":false},"excerpt":{"rendered":"<p>Mv., 1581. szept. 13., \u2020 Mv., 1659. jan. 16. kr\u00f3nika\u00edr\u00f3. \u2013 Apja Nagy Szab\u00f3 J\u00e1nos v\u00e1rosb\u00edr\u00f3, anyja Borsos Anna, a Borsos Sebesty\u00e9n nev\u0171 kr\u00f3nika\u00edr\u00f3 le\u00e1nya. Feles\u00e9ge:a kv.-i R\u00f3zs\u00e1s Erzs\u00e9bet (esk\u00fcv\u0151: 1604. jan.21.). \u2013 Szab\u00f3 inas V\u00e1s\u00e1rhelyen G\u00f6csi Szab\u00f3 Mih\u00e1lyn\u00e1l (1598), Kv.-on Pal\u00e1stos Istv\u00e1nn\u00e1l (1599). A k\u00f6vetkez\u0151 \u00e9vekben G\u00f6rg\u00e9ny-, Ilyefalva \u2013 \u00e9s Brass\u00f3 \u2013 ban menek\u00fclt, [&hellip;]<\/p>\n","protected":false},"featured_media":0,"comment_status":"open","ping_status":"closed","template":"","meta":[],"product_brand":[],"product_cat":[137],"product_tag":[],"class_list":{"0":"post-16499","1":"product","2":"type-product","3":"status-publish","5":"product_cat-maros-megyei-eletrajzi-lexikon","7":"first","8":"instock","9":"shipping-taxable","10":"product-type-simple"},"_links":{"self":[{"href":"https:\/\/uj.adatbank.ro\/lexikon\/wp-json\/wp\/v2\/product\/16499","targetHints":{"allow":["GET"]}}],"collection":[{"href":"https:\/\/uj.adatbank.ro\/lexikon\/wp-json\/wp\/v2\/product"}],"about":[{"href":"https:\/\/uj.adatbank.ro\/lexikon\/wp-json\/wp\/v2\/types\/product"}],"replies":[{"embeddable":true,"href":"https:\/\/uj.adatbank.ro\/lexikon\/wp-json\/wp\/v2\/comments?post=16499"}],"wp:attachment":[{"href":"https:\/\/uj.adatbank.ro\/lexikon\/wp-json\/wp\/v2\/media?parent=16499"}],"wp:term":[{"taxonomy":"product_brand","embeddable":true,"href":"https:\/\/uj.adatbank.ro\/lexikon\/wp-json\/wp\/v2\/product_brand?post=16499"},{"taxonomy":"product_cat","embeddable":true,"href":"https:\/\/uj.adatbank.ro\/lexikon\/wp-json\/wp\/v2\/product_cat?post=16499"},{"taxonomy":"product_tag","embeddable":true,"href":"https:\/\/uj.adatbank.ro\/lexikon\/wp-json\/wp\/v2\/product_tag?post=16499"}],"curies":[{"name":"wp","href":"https:\/\/api.w.org\/{rel}","templated":true}]}}

NAGY SZABÓ Ferenc

<p>Mv., 1581. szept. 13., † Mv., 1659. jan. 16. krónikaíró. – Apja Nagy Szabó János városbíró, anyja Borsos Anna, a Borsos Sebestyén nevű krónikaíró leánya. Felesége:a kv.-i Rózsás Erzsébet (esküvő: 1604. jan.21.). – Szabó inas Vásárhelyen Göcsi Szabó Mihálynál (1598), Kv.-on Palástos Istvánnál (1599). A következő években Görgény-, Ilyefalva – és Brassó – ban menekült, visszatért otthonába (1603). A szabók céhmestere (1604–), megválasztották az egyik dékánnak, bejáró mesternek (1613). Isztambulba utazott (1614). Borsos Tamás, az anyai nagybátyja, diplomataként sokszor volt Sztambulban és ő hívta meg, az erdélyi követséggel érkezett. A céh Brassóba küldte (1616). Az 1616-ban elhunyt kisfia számára, ormos koporsókövet vásárolt (1617. jan. 7.), saját sírkertjébe helyezte el, mellette lévő telket a város vette meg temetkezési helynek, ez lett Mv. és Erdély legrégibb sírköve. A jezsuita atyák megvásárolták tőle a plébánia templom építésekor az 1623-ban épült házát. A vásárhelyi szabók céhmesterükké választották (1627, 1633, 1635–1639, 1643 táblamester). Közben 1639–1641-ig görgényi udvarbíróvá nevezte ki I.Rákóczi György és építette a Görgény várat, megválasztották a mv.-i vár egyik kapitányának (1658. júl.-ig).Beszámolt a templom orgonájáról:a vártemplomnak olyan szép orgonája volt, melynek párja egész Erdélyországban nem találtatott” 16. század elején. A r.k. templom kriptájába helyezték örök nyugalomra. A jezsuita rendház korábbi tulajdonosa volt. Megírta emlékíratában a városi politikai eseményeket (–1658-ig), a harcokat, a város sorozatos feldúlását, a vár építésének körülményeit. Leírta a saját házának építését (1623), a főtéri szegletházat, ami mellé épült a jezsuiták r.k. Keresztelő Szent János Plébánia barokk épülete (1728–1764). <br /><strong>Irod.:</strong> … és egy székely polgár = Száraz M. Gy; N.Sz.F.a krónikaíró megveszi unokahúgától, Szőcs Annától a mv.-i várban örökségként reászállott házrészt (Mv., 1650. okt.3.) = Kelemen Lajos 2006; N.Sz.F.és a mv.-i szabó céh = Kelemen Lajos 2009. – p.197–224; Kripta; Mv.-i Plébánia; Mv.-i ref. temető; Tg.–Mureș – Mv.; Marton J. 2013; Márton Judit; Székelység tört.</br></p>

<p>Mv., 1581. szept. 13., † Mv., 1659. jan. 16. krónikaíró. – Apja Nagy Szabó János városbíró, anyja Borsos Anna, a Borsos Sebestyén nevű krónikaíró leánya. Felesége:a kv.-i Rózsás Erzsébet (esküvő: 1604. jan.21.). – Szabó inas Vásárhelyen Göcsi Szabó Mihálynál (1598), Kv.-on Palástos Istvánnál (1599). A következő években Görgény-, Ilyefalva – és Brassó – ban menekült, [&hellip;]</p>
