{"id":16504,"date":"2025-07-15T16:19:30","date_gmt":"2025-07-15T14:19:30","guid":{"rendered":"https:\/\/uj.adatbank.ro\/lexikon\/termek\/nagy-szabo-istvan-szabo-istvan\/"},"modified":"2025-07-15T16:19:30","modified_gmt":"2025-07-15T14:19:30","slug":"nagy-szabo-istvan-szabo-istvan","status":"publish","type":"product","link":"https:\/\/uj.adatbank.ro\/lexikon\/termek\/nagy-szabo-istvan-szabo-istvan\/","title":{"rendered":"NAGY SZAB\u00d3 Istv\u00e1n, Szab\u00f3 Istv\u00e1n"},"content":{"rendered":"<p>? \u2020 ?: tan\u00e1csos, f\u0151b\u00edr\u00f3 \u2013 Mv.-en tagja volt a v\u00e1rosi tan\u00e1csnak, szen\u00e1tor (1731). El\u0151bb mint v\u00e1roskapit\u00e1ny m\u0171k\u00f6d\u00f6tt, majd f\u0151b\u00edr\u00f3nak v\u00e1lasztott\u00e1k (1736); Rozsnyai Istv\u00e1n mellet alb\u00edr\u00f3 (1739). A Farkas Borb\u00e1la elleni nevezetes boszork\u00e1nyperben (1752. \u00e1pr. 12) mint egyik esket\u0151 tan\u00e1csos szerepelt. Tan\u00e1csos (1758, 1759, 1760, 1764), alb\u00edr\u00f3 (1761, 1762). M\u00e1sodszor viselte a f\u0151b\u00edr\u00f3i c\u00edmet (1766, 1767). A K\u00f6peczi Nagy Tam\u00e1s h\u00e1z tulajdonosa, I. R\u00e1k\u00f3czi Gy\u00f6rgy fejedelemt\u0151l kiv\u00e1lts\u00e1glevelet kapott (1631). Az \u00e9p\u00fcletet gr. Teleki L\u00e1szl\u00f3 v\u00e1s\u00e1rolta meg (1756). <br \/><strong>Irod.:<\/strong> Fodor\u2013Bal\u00e1s; Id\u0151t\u00e1r 1; Keresztes Gyula: A hajdani Mv., 4.: A v\u00e1ros r\u00e9gi \u00e9p\u00fcletei (N\u00fa., 1995. okt. 14.); Man: Tg. M.; Kr\u00f3n F\u00fcz. (1939. 4\/9); P\u00e1l-Antal 2006; P\u00e1l-Antal 2009; P\u00e1lmay J\u00f3zsef; Szentgy\u00f6rgyi<\/br><\/p>\n","protected":false},"excerpt":{"rendered":"<p>? \u2020 ?: tan\u00e1csos, f\u0151b\u00edr\u00f3 \u2013 Mv.-en tagja volt a v\u00e1rosi tan\u00e1csnak, szen\u00e1tor (1731). El\u0151bb mint v\u00e1roskapit\u00e1ny m\u0171k\u00f6d\u00f6tt, majd f\u0151b\u00edr\u00f3nak v\u00e1lasztott\u00e1k (1736); Rozsnyai Istv\u00e1n mellet alb\u00edr\u00f3 (1739). A Farkas Borb\u00e1la elleni nevezetes boszork\u00e1nyperben (1752. \u00e1pr. 12) mint egyik esket\u0151 tan\u00e1csos szerepelt. Tan\u00e1csos (1758, 1759, 1760, 1764), alb\u00edr\u00f3 (1761, 1762). M\u00e1sodszor viselte a f\u0151b\u00edr\u00f3i c\u00edmet (1766, [&hellip;]<\/p>\n","protected":false},"featured_media":0,"comment_status":"open","ping_status":"closed","template":"","meta":[],"product_brand":[],"product_cat":[137],"product_tag":[],"class_list":{"0":"post-16504","1":"product","2":"type-product","3":"status-publish","5":"product_cat-maros-megyei-eletrajzi-lexikon","7":"first","8":"instock","9":"shipping-taxable","10":"product-type-simple"},"_links":{"self":[{"href":"https:\/\/uj.adatbank.ro\/lexikon\/wp-json\/wp\/v2\/product\/16504","targetHints":{"allow":["GET"]}}],"collection":[{"href":"https:\/\/uj.adatbank.ro\/lexikon\/wp-json\/wp\/v2\/product"}],"about":[{"href":"https:\/\/uj.adatbank.ro\/lexikon\/wp-json\/wp\/v2\/types\/product"}],"replies":[{"embeddable":true,"href":"https:\/\/uj.adatbank.ro\/lexikon\/wp-json\/wp\/v2\/comments?post=16504"}],"wp:attachment":[{"href":"https:\/\/uj.adatbank.ro\/lexikon\/wp-json\/wp\/v2\/media?parent=16504"}],"wp:term":[{"taxonomy":"product_brand","embeddable":true,"href":"https:\/\/uj.adatbank.ro\/lexikon\/wp-json\/wp\/v2\/product_brand?post=16504"},{"taxonomy":"product_cat","embeddable":true,"href":"https:\/\/uj.adatbank.ro\/lexikon\/wp-json\/wp\/v2\/product_cat?post=16504"},{"taxonomy":"product_tag","embeddable":true,"href":"https:\/\/uj.adatbank.ro\/lexikon\/wp-json\/wp\/v2\/product_tag?post=16504"}],"curies":[{"name":"wp","href":"https:\/\/api.w.org\/{rel}","templated":true}]}}

NAGY SZABÓ István, Szabó István

<p>? † ?: tanácsos, főbíró – Mv.-en tagja volt a városi tanácsnak, szenátor (1731). Előbb mint városkapitány működött, majd főbírónak választották (1736); Rozsnyai István mellet albíró (1739). A Farkas Borbála elleni nevezetes boszorkányperben (1752. ápr. 12) mint egyik eskető tanácsos szerepelt. Tanácsos (1758, 1759, 1760, 1764), albíró (1761, 1762). Másodszor viselte a főbírói címet (1766, 1767). A Köpeczi Nagy Tamás ház tulajdonosa, I. Rákóczi György fejedelemtől kiváltságlevelet kapott (1631). Az épületet gr. Teleki László vásárolta meg (1756). <br /><strong>Irod.:</strong> Fodor–Balás; Időtár 1; Keresztes Gyula: A hajdani Mv., 4.: A város régi épületei (Nú., 1995. okt. 14.); Man: Tg. M.; Krón Füz. (1939. 4/9); Pál-Antal 2006; Pál-Antal 2009; Pálmay József; Szentgyörgyi</br></p>

<p>? † ?: tanácsos, főbíró – Mv.-en tagja volt a városi tanácsnak, szenátor (1731). Előbb mint városkapitány működött, majd főbírónak választották (1736); Rozsnyai István mellet albíró (1739). A Farkas Borbála elleni nevezetes boszorkányperben (1752. ápr. 12) mint egyik eskető tanácsos szerepelt. Tanácsos (1758, 1759, 1760, 1764), albíró (1761, 1762). Másodszor viselte a főbírói címet (1766, [&hellip;]</p>
