{"id":16505,"date":"2025-07-15T16:19:33","date_gmt":"2025-07-15T14:19:33","guid":{"rendered":"https:\/\/uj.adatbank.ro\/lexikon\/termek\/nagy-szabo-janos\/"},"modified":"2025-07-15T16:19:33","modified_gmt":"2025-07-15T14:19:33","slug":"nagy-szabo-janos","status":"publish","type":"product","link":"https:\/\/uj.adatbank.ro\/lexikon\/termek\/nagy-szabo-janos\/","title":{"rendered":"NAGY SZAB\u00d3 J\u00e1nos"},"content":{"rendered":"<p>15..\u2020 Mv., 1620. jan. 13. a V\u00e1rtemplomba temett\u00e9k: f\u0151b\u00edr\u00f3, gyaloghadnagy. \u2013 Feles\u00e9ge Borsos Anna, Borsos Sebesty\u00e9n l\u00e1nya (\u2020 1621. m\u00e1rc. 8.). Fi\u00fak az eml\u00e9k\u00edr\u00f3 N. Sz. Ferenc. \u2013 R\u00e9szt vett B\u00e1thori Zsigmond havasalf\u00f6ldi t\u00f6r\u00f6k ellenes hadj\u00e1rat\u00e1ban mint a mv.-i gyalogosok f\u0151hadnagya (1595); sz\u00e1z lovas \u00e9l\u00e9n csatlakozni akart Cs\u00e1ky Istv\u00e1n \u00e9s Borb\u00e9ly Gy\u00f6rgy had\u00e1hoz, hogy Mih\u00e1ly vajd\u00e1t ki\u0171zz\u00e9k Erd\u00e9lyb\u0151l, de elk\u00e9stek, a miriszloi csat\u00e1ban m\u00e1r nem vettek r\u00e9szt (1600. szept. 18.). Abban a korban egy \u00e9vre v\u00e1lasztott\u00e1k a v\u00e1rosb\u00edr\u00f3kat. Sz\u00e9kelyv\u00e1s\u00e1rhely \u00e9l\u00e9n \u00e1llt, t\u00f6bb alkalommal is megv\u00e1lasztott\u00e1k (1603, 1605, 1608, 1613, 1614, 1615, 1617, 1619). Mint judex oppidi B\u00e1sta feleskette a kir\u00e1ly h\u0171s\u00e9g\u00e9re (1603). R\u00e9szt vett a kv.-i ogy.-en Bethlen G\u00e1bor fejedelemm\u00e9 v\u00e1laszt\u00e1s\u00e1n a v\u00e1ros k\u00e9pviselet\u00e9ben (1613). Megvette a K\u00f6oeczi h\u00e1zat K\u00fcpeczi J\u00e1nost\u00f3l. <br \/><strong>Irod.:<\/strong> Documente privitoare la istoria Ardealului, Moldovei \u015fi \u0162\u0103rii Rom\u00e2ne\u015fti (Buc., 1929\u201338); Fodor-Szab\u00f3; Id\u0151t\u00e1r 1; Marossz\u00e9ki kr\u00f3nik\u00e1k 1.; P\u00e1l-Antal 2006; P\u00e1l Antal S\u00e1ndor: Mv. \u2013 a szabad kir\u00e1lyi v\u00e1ros.(N\u00fa., 2016. \u00e1pr. 29.); Popa; Szentgy\u00f6rgyi; SzOkl \u00das 4; Traian: Tg.M.<\/br><\/p>\n","protected":false},"excerpt":{"rendered":"<p>15..\u2020 Mv., 1620. jan. 13. a V\u00e1rtemplomba temett\u00e9k: f\u0151b\u00edr\u00f3, gyaloghadnagy. \u2013 Feles\u00e9ge Borsos Anna, Borsos Sebesty\u00e9n l\u00e1nya (\u2020 1621. m\u00e1rc. 8.). Fi\u00fak az eml\u00e9k\u00edr\u00f3 N. Sz. Ferenc. \u2013 R\u00e9szt vett B\u00e1thori Zsigmond havasalf\u00f6ldi t\u00f6r\u00f6k ellenes hadj\u00e1rat\u00e1ban mint a mv.-i gyalogosok f\u0151hadnagya (1595); sz\u00e1z lovas \u00e9l\u00e9n csatlakozni akart Cs\u00e1ky Istv\u00e1n \u00e9s Borb\u00e9ly Gy\u00f6rgy had\u00e1hoz, hogy Mih\u00e1ly [&hellip;]<\/p>\n","protected":false},"featured_media":0,"comment_status":"open","ping_status":"closed","template":"","meta":[],"product_brand":[],"product_cat":[137],"product_tag":[],"class_list":{"0":"post-16505","1":"product","2":"type-product","3":"status-publish","5":"product_cat-maros-megyei-eletrajzi-lexikon","7":"first","8":"instock","9":"shipping-taxable","10":"product-type-simple"},"_links":{"self":[{"href":"https:\/\/uj.adatbank.ro\/lexikon\/wp-json\/wp\/v2\/product\/16505","targetHints":{"allow":["GET"]}}],"collection":[{"href":"https:\/\/uj.adatbank.ro\/lexikon\/wp-json\/wp\/v2\/product"}],"about":[{"href":"https:\/\/uj.adatbank.ro\/lexikon\/wp-json\/wp\/v2\/types\/product"}],"replies":[{"embeddable":true,"href":"https:\/\/uj.adatbank.ro\/lexikon\/wp-json\/wp\/v2\/comments?post=16505"}],"wp:attachment":[{"href":"https:\/\/uj.adatbank.ro\/lexikon\/wp-json\/wp\/v2\/media?parent=16505"}],"wp:term":[{"taxonomy":"product_brand","embeddable":true,"href":"https:\/\/uj.adatbank.ro\/lexikon\/wp-json\/wp\/v2\/product_brand?post=16505"},{"taxonomy":"product_cat","embeddable":true,"href":"https:\/\/uj.adatbank.ro\/lexikon\/wp-json\/wp\/v2\/product_cat?post=16505"},{"taxonomy":"product_tag","embeddable":true,"href":"https:\/\/uj.adatbank.ro\/lexikon\/wp-json\/wp\/v2\/product_tag?post=16505"}],"curies":[{"name":"wp","href":"https:\/\/api.w.org\/{rel}","templated":true}]}}

NAGY SZABÓ János

<p>15..† Mv., 1620. jan. 13. a Vártemplomba temették: főbíró, gyaloghadnagy. – Felesége Borsos Anna, Borsos Sebestyén lánya († 1621. márc. 8.). Fiúk az emlékíró N. Sz. Ferenc. – Részt vett Báthori Zsigmond havasalföldi török ellenes hadjáratában mint a mv.-i gyalogosok főhadnagya (1595); száz lovas élén csatlakozni akart Csáky István és Borbély György hadához, hogy Mihály vajdát kiűzzék Erdélyből, de elkéstek, a miriszloi csatában már nem vettek részt (1600. szept. 18.). Abban a korban egy évre választották a városbírókat. Székelyvásárhely élén állt, több alkalommal is megválasztották (1603, 1605, 1608, 1613, 1614, 1615, 1617, 1619). Mint judex oppidi Básta feleskette a király hűségére (1603). Részt vett a kv.-i ogy.-en Bethlen Gábor fejedelemmé választásán a város képviseletében (1613). Megvette a Köoeczi házat Küpeczi Jánostól. <br /><strong>Irod.:</strong> Documente privitoare la istoria Ardealului, Moldovei şi Ţării Româneşti (Buc., 1929–38); Fodor-Szabó; Időtár 1; Marosszéki krónikák 1.; Pál-Antal 2006; Pál Antal Sándor: Mv. – a szabad királyi város.(Nú., 2016. ápr. 29.); Popa; Szentgyörgyi; SzOkl Ús 4; Traian: Tg.M.</br></p>

<p>15..† Mv., 1620. jan. 13. a Vártemplomba temették: főbíró, gyaloghadnagy. – Felesége Borsos Anna, Borsos Sebestyén lánya († 1621. márc. 8.). Fiúk az emlékíró N. Sz. Ferenc. – Részt vett Báthori Zsigmond havasalföldi török ellenes hadjáratában mint a mv.-i gyalogosok főhadnagya (1595); száz lovas élén csatlakozni akart Csáky István és Borbély György hadához, hogy Mihály [&hellip;]</p>
