{"id":16508,"date":"2025-07-15T16:19:45","date_gmt":"2025-07-15T14:19:45","guid":{"rendered":"https:\/\/uj.adatbank.ro\/lexikon\/termek\/nagy-szakacs-jozsef\/"},"modified":"2025-07-15T16:19:45","modified_gmt":"2025-07-15T14:19:45","slug":"nagy-szakacs-jozsef","status":"publish","type":"product","link":"https:\/\/uj.adatbank.ro\/lexikon\/termek\/nagy-szakacs-jozsef\/","title":{"rendered":"NAGY SZAK\u00c1CS J\u00f3zsef"},"content":{"rendered":"<p>Vajdaszentiv\u00e1n, 1891., \u2020 ?: kisbirtokos. \u2013 \u00c9desapj\u00e1t\u00f3l tanult gazd\u00e1lkodni, \u00f6n\u00e1ll\u00f3 lett Vajdaszentiv\u00e1nyon (1914), birtok\u00e1t szorgalmas munk\u00e1val gyarap\u00edtotta. A ref. egyh\u00e1z presbitere, a Gazdak\u00f6r eln\u00f6ke, \u00fcgyvezet\u0151 igazgat\u00f3ja (1940\u2013), a ref. \u2013 dalk\u00f6r szert\u00e1rosa. Az els\u0151 vh.-ban a 62. gy. e.-ben az orosz, olasz, francia fronton harcolt, k\u00e9tszer sebes\u00fclt, szakaszvezet\u0151i rangot \u00e9rt el, a II. o. ez\u00fcst, bronz v. \u00e9. \u00e9s a K\u00e1roly Csapatkereszt kit\u00fcnetet\u00e9st kapta. <br \/><strong>Irod.:<\/strong> Sz\u00e9kelyf\u00f6ld \u00ed.k.<\/br><\/p>\n","protected":false},"excerpt":{"rendered":"<p>Vajdaszentiv\u00e1n, 1891., \u2020 ?: kisbirtokos. \u2013 \u00c9desapj\u00e1t\u00f3l tanult gazd\u00e1lkodni, \u00f6n\u00e1ll\u00f3 lett Vajdaszentiv\u00e1nyon (1914), birtok\u00e1t szorgalmas munk\u00e1val gyarap\u00edtotta. A ref. egyh\u00e1z presbitere, a Gazdak\u00f6r eln\u00f6ke, \u00fcgyvezet\u0151 igazgat\u00f3ja (1940\u2013), a ref. \u2013 dalk\u00f6r szert\u00e1rosa. Az els\u0151 vh.-ban a 62. gy. e.-ben az orosz, olasz, francia fronton harcolt, k\u00e9tszer sebes\u00fclt, szakaszvezet\u0151i rangot \u00e9rt el, a II. o. ez\u00fcst, [&hellip;]<\/p>\n","protected":false},"featured_media":0,"comment_status":"open","ping_status":"closed","template":"","meta":[],"product_brand":[],"product_cat":[137],"product_tag":[],"class_list":{"0":"post-16508","1":"product","2":"type-product","3":"status-publish","5":"product_cat-maros-megyei-eletrajzi-lexikon","7":"first","8":"instock","9":"shipping-taxable","10":"product-type-simple"},"_links":{"self":[{"href":"https:\/\/uj.adatbank.ro\/lexikon\/wp-json\/wp\/v2\/product\/16508","targetHints":{"allow":["GET"]}}],"collection":[{"href":"https:\/\/uj.adatbank.ro\/lexikon\/wp-json\/wp\/v2\/product"}],"about":[{"href":"https:\/\/uj.adatbank.ro\/lexikon\/wp-json\/wp\/v2\/types\/product"}],"replies":[{"embeddable":true,"href":"https:\/\/uj.adatbank.ro\/lexikon\/wp-json\/wp\/v2\/comments?post=16508"}],"wp:attachment":[{"href":"https:\/\/uj.adatbank.ro\/lexikon\/wp-json\/wp\/v2\/media?parent=16508"}],"wp:term":[{"taxonomy":"product_brand","embeddable":true,"href":"https:\/\/uj.adatbank.ro\/lexikon\/wp-json\/wp\/v2\/product_brand?post=16508"},{"taxonomy":"product_cat","embeddable":true,"href":"https:\/\/uj.adatbank.ro\/lexikon\/wp-json\/wp\/v2\/product_cat?post=16508"},{"taxonomy":"product_tag","embeddable":true,"href":"https:\/\/uj.adatbank.ro\/lexikon\/wp-json\/wp\/v2\/product_tag?post=16508"}],"curies":[{"name":"wp","href":"https:\/\/api.w.org\/{rel}","templated":true}]}}

NAGY SZAKÁCS József

<p>Vajdaszentiván, 1891., † ?: kisbirtokos. – Édesapjától tanult gazdálkodni, önálló lett Vajdaszentiványon (1914), birtokát szorgalmas munkával gyarapította. A ref. egyház presbitere, a Gazdakör elnöke, ügyvezető igazgatója (1940–), a ref. – dalkör szertárosa. Az első vh.-ban a 62. gy. e.-ben az orosz, olasz, francia fronton harcolt, kétszer sebesült, szakaszvezetői rangot ért el, a II. o. ezüst, bronz v. é. és a Károly Csapatkereszt kitünetetést kapta. <br /><strong>Irod.:</strong> Székelyföld í.k.</br></p>

<p>Vajdaszentiván, 1891., † ?: kisbirtokos. – Édesapjától tanult gazdálkodni, önálló lett Vajdaszentiványon (1914), birtokát szorgalmas munkával gyarapította. A ref. egyház presbitere, a Gazdakör elnöke, ügyvezető igazgatója (1940–), a ref. – dalkör szertárosa. Az első vh.-ban a 62. gy. e.-ben az orosz, olasz, francia fronton harcolt, kétszer sebesült, szakaszvezetői rangot ért el, a II. o. ezüst, [&hellip;]</p>
