{"id":16512,"date":"2025-07-15T16:19:56","date_gmt":"2025-07-15T14:19:56","guid":{"rendered":"https:\/\/uj.adatbank.ro\/lexikon\/termek\/nagy-szocs-istvan-nagyobb-szots-istvan\/"},"modified":"2025-07-15T16:19:56","modified_gmt":"2025-07-15T14:19:56","slug":"nagy-szocs-istvan-nagyobb-szots-istvan","status":"publish","type":"product","link":"https:\/\/uj.adatbank.ro\/lexikon\/termek\/nagy-szocs-istvan-nagyobb-szots-istvan\/","title":{"rendered":"NAGY SZ\u0150CS Istv\u00e1n, Nagyobb Sz\u0151ts Istv\u00e1n"},"content":{"rendered":"<p>? \u2020 Kv., 1636. febr. 24.: v\u00e1rosb\u00edr\u00f3. \u2013 Mv. b\u00edr\u00e1ja (1628, 1629, 1631, 1632, 1633, 1634, 1635). Meg\u00faj\u00edtotta a borb\u00e9ly mesterek c\u00e9he B\u00e1thory Zsigmondt\u00f3l kapott de elveszett c\u00e9h-szab\u00e1lyait \u00e9s \u00fajakkal p\u00f3tolta azt (1628). R\u00e1k\u00f3czi Gy\u00f6rgy rendelet\u00e9re a fejedelem elibe k\u00fcldte M\u00f3sa Gergely szolg\u00e1t, aki hamis \u00fatlev\u00e9llel j\u00e1rt \u00e9s ez\u00e9rt letart\u00f3ztatt\u00e1k (1634). <br \/><strong>Irod.:<\/strong>Id\u0151t\u00e1r 1; Marossz\u00e9ki kr\u00f3nik\u00e1k 1.; P\u00e1l-Antal 2006; Szentgy\u00f6rgyi; SzOkl, 6<\/br><\/p>\n","protected":false},"excerpt":{"rendered":"<p>? \u2020 Kv., 1636. febr. 24.: v\u00e1rosb\u00edr\u00f3. \u2013 Mv. b\u00edr\u00e1ja (1628, 1629, 1631, 1632, 1633, 1634, 1635). Meg\u00faj\u00edtotta a borb\u00e9ly mesterek c\u00e9he B\u00e1thory Zsigmondt\u00f3l kapott de elveszett c\u00e9h-szab\u00e1lyait \u00e9s \u00fajakkal p\u00f3tolta azt (1628). R\u00e1k\u00f3czi Gy\u00f6rgy rendelet\u00e9re a fejedelem elibe k\u00fcldte M\u00f3sa Gergely szolg\u00e1t, aki hamis \u00fatlev\u00e9llel j\u00e1rt \u00e9s ez\u00e9rt letart\u00f3ztatt\u00e1k (1634). Irod.:Id\u0151t\u00e1r 1; Marossz\u00e9ki kr\u00f3nik\u00e1k [&hellip;]<\/p>\n","protected":false},"featured_media":0,"comment_status":"open","ping_status":"closed","template":"","meta":[],"product_brand":[],"product_cat":[137],"product_tag":[],"class_list":{"0":"post-16512","1":"product","2":"type-product","3":"status-publish","5":"product_cat-maros-megyei-eletrajzi-lexikon","7":"first","8":"instock","9":"shipping-taxable","10":"product-type-simple"},"_links":{"self":[{"href":"https:\/\/uj.adatbank.ro\/lexikon\/wp-json\/wp\/v2\/product\/16512","targetHints":{"allow":["GET"]}}],"collection":[{"href":"https:\/\/uj.adatbank.ro\/lexikon\/wp-json\/wp\/v2\/product"}],"about":[{"href":"https:\/\/uj.adatbank.ro\/lexikon\/wp-json\/wp\/v2\/types\/product"}],"replies":[{"embeddable":true,"href":"https:\/\/uj.adatbank.ro\/lexikon\/wp-json\/wp\/v2\/comments?post=16512"}],"wp:attachment":[{"href":"https:\/\/uj.adatbank.ro\/lexikon\/wp-json\/wp\/v2\/media?parent=16512"}],"wp:term":[{"taxonomy":"product_brand","embeddable":true,"href":"https:\/\/uj.adatbank.ro\/lexikon\/wp-json\/wp\/v2\/product_brand?post=16512"},{"taxonomy":"product_cat","embeddable":true,"href":"https:\/\/uj.adatbank.ro\/lexikon\/wp-json\/wp\/v2\/product_cat?post=16512"},{"taxonomy":"product_tag","embeddable":true,"href":"https:\/\/uj.adatbank.ro\/lexikon\/wp-json\/wp\/v2\/product_tag?post=16512"}],"curies":[{"name":"wp","href":"https:\/\/api.w.org\/{rel}","templated":true}]}}

NAGY SZŐCS István, Nagyobb Szőts István

<p>? † Kv., 1636. febr. 24.: városbíró. – Mv. bírája (1628, 1629, 1631, 1632, 1633, 1634, 1635). Megújította a borbély mesterek céhe Báthory Zsigmondtól kapott de elveszett céh-szabályait és újakkal pótolta azt (1628). Rákóczi György rendeletére a fejedelem elibe küldte Mósa Gergely szolgát, aki hamis útlevéllel járt és ezért letartóztatták (1634). <br /><strong>Irod.:</strong>Időtár 1; Marosszéki krónikák 1.; Pál-Antal 2006; Szentgyörgyi; SzOkl, 6</br></p>

<p>? † Kv., 1636. febr. 24.: városbíró. – Mv. bírája (1628, 1629, 1631, 1632, 1633, 1634, 1635). Megújította a borbély mesterek céhe Báthory Zsigmondtól kapott de elveszett céh-szabályait és újakkal pótolta azt (1628). Rákóczi György rendeletére a fejedelem elibe küldte Mósa Gergely szolgát, aki hamis útlevéllel járt és ezért letartóztatták (1634). Irod.:Időtár 1; Marosszéki krónikák [&hellip;]</p>
