{"id":1652,"date":"2025-06-28T11:48:53","date_gmt":"2025-06-28T09:48:53","guid":{"rendered":"https:\/\/uj.adatbank.ro\/lexikon\/termek\/agotha-anna-szekelyudvarhelyi-pataky-miklosne\/"},"modified":"2025-06-28T11:48:53","modified_gmt":"2025-06-28T09:48:53","slug":"agotha-anna-szekelyudvarhelyi-pataky-miklosne","status":"publish","type":"product","link":"https:\/\/uj.adatbank.ro\/lexikon\/termek\/agotha-anna-szekelyudvarhelyi-pataky-miklosne\/","title":{"rendered":"\u00c1GOTHA Anna, sz\u00e9kelyudvarhelyi, Pataky Mikl\u00f3sn\u00e9"},"content":{"rendered":"<p>1837, \u2020 Bp.,1879. okt. 8. Mez\u0151madarason temett\u00e9k a f\u00e9rje mell\u00e9.: f\u00f6ldbirtokos, iskolaalap\u00edt\u00f3. \u2013 F\u00e9rj\u00e9vel a vagyonukat a mez\u0151madarasi iskola \u00e9p\u00edt\u00e9sre adom\u00e1nyozt\u00e1k. Fel\u00e9p\u00fclt az iskola (1902) \u00e9s az adom\u00e1nyoz\u00f3kr\u00f3l Pathaky-\u00c1gotha Ref. N\u00e9piskol\u00e1nak nevezt\u00e9k el (1908\u2013). Az iskola \u00fajb\u00f3l felvette az alap\u00edt\u00f3k nev\u00e9t (2000). <br \/><strong>Irod.:<\/strong> Koron\u00e1z\u00e1si eml\u00e9kk\u00f6nyv (Bp., 1874); Maros megye; Sepsisz\u00e9ki<\/br><\/p>\n","protected":false},"excerpt":{"rendered":"<p>1837, \u2020 Bp.,1879. okt. 8. Mez\u0151madarason temett\u00e9k a f\u00e9rje mell\u00e9.: f\u00f6ldbirtokos, iskolaalap\u00edt\u00f3. \u2013 F\u00e9rj\u00e9vel a vagyonukat a mez\u0151madarasi iskola \u00e9p\u00edt\u00e9sre adom\u00e1nyozt\u00e1k. Fel\u00e9p\u00fclt az iskola (1902) \u00e9s az adom\u00e1nyoz\u00f3kr\u00f3l Pathaky-\u00c1gotha Ref. N\u00e9piskol\u00e1nak nevezt\u00e9k el (1908\u2013). Az iskola \u00fajb\u00f3l felvette az alap\u00edt\u00f3k nev\u00e9t (2000). Irod.: Koron\u00e1z\u00e1si eml\u00e9kk\u00f6nyv (Bp., 1874); Maros megye; Sepsisz\u00e9ki<\/p>\n","protected":false},"featured_media":0,"comment_status":"open","ping_status":"closed","template":"","meta":[],"product_brand":[],"product_cat":[137],"product_tag":[],"class_list":{"0":"post-1652","1":"product","2":"type-product","3":"status-publish","5":"product_cat-maros-megyei-eletrajzi-lexikon","7":"first","8":"instock","9":"shipping-taxable","10":"product-type-simple"},"_links":{"self":[{"href":"https:\/\/uj.adatbank.ro\/lexikon\/wp-json\/wp\/v2\/product\/1652","targetHints":{"allow":["GET"]}}],"collection":[{"href":"https:\/\/uj.adatbank.ro\/lexikon\/wp-json\/wp\/v2\/product"}],"about":[{"href":"https:\/\/uj.adatbank.ro\/lexikon\/wp-json\/wp\/v2\/types\/product"}],"replies":[{"embeddable":true,"href":"https:\/\/uj.adatbank.ro\/lexikon\/wp-json\/wp\/v2\/comments?post=1652"}],"wp:attachment":[{"href":"https:\/\/uj.adatbank.ro\/lexikon\/wp-json\/wp\/v2\/media?parent=1652"}],"wp:term":[{"taxonomy":"product_brand","embeddable":true,"href":"https:\/\/uj.adatbank.ro\/lexikon\/wp-json\/wp\/v2\/product_brand?post=1652"},{"taxonomy":"product_cat","embeddable":true,"href":"https:\/\/uj.adatbank.ro\/lexikon\/wp-json\/wp\/v2\/product_cat?post=1652"},{"taxonomy":"product_tag","embeddable":true,"href":"https:\/\/uj.adatbank.ro\/lexikon\/wp-json\/wp\/v2\/product_tag?post=1652"}],"curies":[{"name":"wp","href":"https:\/\/api.w.org\/{rel}","templated":true}]}}