{"id":16524,"date":"2025-07-15T16:20:34","date_gmt":"2025-07-15T14:20:34","guid":{"rendered":"https:\/\/uj.adatbank.ro\/lexikon\/termek\/nagy-zoltan-sarosberkeszi\/"},"modified":"2025-07-15T16:20:34","modified_gmt":"2025-07-15T14:20:34","slug":"nagy-zoltan-sarosberkeszi","status":"publish","type":"product","link":"https:\/\/uj.adatbank.ro\/lexikon\/termek\/nagy-zoltan-sarosberkeszi\/","title":{"rendered":"NAGY Zolt\u00e1n, s\u00e1rosberkeszi"},"content":{"rendered":"<p>Mez\u0151bergenye, 1899. j\u00fal. 15., \u2020 Parajd, 1979. okt. 8.: k\u00e1ntortan\u00edt\u00f3, iskolaigazgat\u00f3. \u2013 Nagy P\u00e1l irod. t\u00f6rt. \u00e9desapja. \u2013 Tanulm\u00e1nyait Mv.-en \u00e9s a nagyenyedi tan\u00edt\u00f3k\u00e9pz\u0151ben v\u00e9gezte. M\u00e1r di\u00e1kkor\u00e1ban katonai szolg\u00e1latra h\u00edvt\u00e1k Galici\u00e1ba. Az els\u0151 vh.-ban a 22. h. gy. e.-ben orosz, olasz fronton harcolt mint hadapr\u00f3d\u00f6rmster. A h\u00e1bor\u00fa ut\u00e1n kezdte meg n\u00e9ptan\u00edt\u00f3i szolg\u00e1lat\u00e1t: Sz\u00e9kelyk\u00f6vesden, Somosdon, majd k\u00e1ntortan\u00edt\u00f3, iskolaigazgat\u00f3 Mez\u0151k\u00f6lp\u00e9nyben (1921\u201351). Kul\u00e1knak min\u0151s\u00edtett\u00e9k (1951), mert n\u00e9h\u00e1ny hold f\u00f6ld\u00f6n gazd\u00e1lkodva tudta csak eltartani csal\u00e1dj\u00e1t, iskol\u00e1ztatni k\u00e9t fi\u00e1t. Parajdra k\u00f6lt\u00f6ztek, ahol nyugd\u00edjaz\u00e1s\u00e1ig tan\u00edtott. Itt kiharcolta, hogy a s\u00f3b\u00e1nya terep\u00e9n l\u00e9trehozzanak elemi iskol\u00e1t a b\u00e1ny\u00e1szcsal\u00e1dok gyermekeinek, ami mai napig m\u0171k\u00f6dik. A Gazdak\u00f6r jegyz\u0151je, levente f\u0151oktat\u00f3 \u00e9s egyh\u00e1zmegyei iskolaigazgat\u00f3 volt. <br \/><strong>Irod.:<\/strong> Mez\u0151k\u00f6lp\u00e9ny; Nagy P\u00e1l: Falu a Korh\u00e1ny alatt (Sz\u00e9kelyf\u00f6ld, 5. sz., 2006.); csal\u00e1di inf., Sz\u00e9kelyf\u00f6ld \u00ed.k.<\/br><\/p>\n","protected":false},"excerpt":{"rendered":"<p>Mez\u0151bergenye, 1899. j\u00fal. 15., \u2020 Parajd, 1979. okt. 8.: k\u00e1ntortan\u00edt\u00f3, iskolaigazgat\u00f3. \u2013 Nagy P\u00e1l irod. t\u00f6rt. \u00e9desapja. \u2013 Tanulm\u00e1nyait Mv.-en \u00e9s a nagyenyedi tan\u00edt\u00f3k\u00e9pz\u0151ben v\u00e9gezte. M\u00e1r di\u00e1kkor\u00e1ban katonai szolg\u00e1latra h\u00edvt\u00e1k Galici\u00e1ba. Az els\u0151 vh.-ban a 22. h. gy. e.-ben orosz, olasz fronton harcolt mint hadapr\u00f3d\u00f6rmster. A h\u00e1bor\u00fa ut\u00e1n kezdte meg n\u00e9ptan\u00edt\u00f3i szolg\u00e1lat\u00e1t: Sz\u00e9kelyk\u00f6vesden, Somosdon, majd [&hellip;]<\/p>\n","protected":false},"featured_media":0,"comment_status":"open","ping_status":"closed","template":"","meta":[],"product_brand":[],"product_cat":[137],"product_tag":[],"class_list":{"0":"post-16524","1":"product","2":"type-product","3":"status-publish","5":"product_cat-maros-megyei-eletrajzi-lexikon","7":"first","8":"instock","9":"shipping-taxable","10":"product-type-simple"},"_links":{"self":[{"href":"https:\/\/uj.adatbank.ro\/lexikon\/wp-json\/wp\/v2\/product\/16524","targetHints":{"allow":["GET"]}}],"collection":[{"href":"https:\/\/uj.adatbank.ro\/lexikon\/wp-json\/wp\/v2\/product"}],"about":[{"href":"https:\/\/uj.adatbank.ro\/lexikon\/wp-json\/wp\/v2\/types\/product"}],"replies":[{"embeddable":true,"href":"https:\/\/uj.adatbank.ro\/lexikon\/wp-json\/wp\/v2\/comments?post=16524"}],"wp:attachment":[{"href":"https:\/\/uj.adatbank.ro\/lexikon\/wp-json\/wp\/v2\/media?parent=16524"}],"wp:term":[{"taxonomy":"product_brand","embeddable":true,"href":"https:\/\/uj.adatbank.ro\/lexikon\/wp-json\/wp\/v2\/product_brand?post=16524"},{"taxonomy":"product_cat","embeddable":true,"href":"https:\/\/uj.adatbank.ro\/lexikon\/wp-json\/wp\/v2\/product_cat?post=16524"},{"taxonomy":"product_tag","embeddable":true,"href":"https:\/\/uj.adatbank.ro\/lexikon\/wp-json\/wp\/v2\/product_tag?post=16524"}],"curies":[{"name":"wp","href":"https:\/\/api.w.org\/{rel}","templated":true}]}}

NAGY Zoltán, sárosberkeszi

<p>Mezőbergenye, 1899. júl. 15., † Parajd, 1979. okt. 8.: kántortanító, iskolaigazgató. – Nagy Pál irod. tört. édesapja. – Tanulmányait Mv.-en és a nagyenyedi tanítóképzőben végezte. Már diákkorában katonai szolgálatra hívták Galiciába. Az első vh.-ban a 22. h. gy. e.-ben orosz, olasz fronton harcolt mint hadapródörmster. A háború után kezdte meg néptanítói szolgálatát: Székelykövesden, Somosdon, majd kántortanító, iskolaigazgató Mezőkölpényben (1921–51). Kuláknak minősítették (1951), mert néhány hold földön gazdálkodva tudta csak eltartani családját, iskoláztatni két fiát. Parajdra költöztek, ahol nyugdíjazásáig tanított. Itt kiharcolta, hogy a sóbánya terepén létrehozzanak elemi iskolát a bányászcsaládok gyermekeinek, ami mai napig működik. A Gazdakör jegyzője, levente főoktató és egyházmegyei iskolaigazgató volt. <br /><strong>Irod.:</strong> Mezőkölpény; Nagy Pál: Falu a Korhány alatt (Székelyföld, 5. sz., 2006.); családi inf., Székelyföld í.k.</br></p>

<p>Mezőbergenye, 1899. júl. 15., † Parajd, 1979. okt. 8.: kántortanító, iskolaigazgató. – Nagy Pál irod. tört. édesapja. – Tanulmányait Mv.-en és a nagyenyedi tanítóképzőben végezte. Már diákkorában katonai szolgálatra hívták Galiciába. Az első vh.-ban a 22. h. gy. e.-ben orosz, olasz fronton harcolt mint hadapródörmster. A háború után kezdte meg néptanítói szolgálatát: Székelykövesden, Somosdon, majd [&hellip;]</p>
