{"id":16531,"date":"2025-07-15T16:20:48","date_gmt":"2025-07-15T14:20:48","guid":{"rendered":"https:\/\/uj.adatbank.ro\/lexikon\/termek\/nagy-zsigmond-kaali-2\/"},"modified":"2025-07-15T16:20:48","modified_gmt":"2025-07-15T14:20:48","slug":"nagy-zsigmond-kaali-2","status":"publish","type":"product","link":"https:\/\/uj.adatbank.ro\/lexikon\/termek\/nagy-zsigmond-kaali-2\/","title":{"rendered":"NAGY Zsigmond, ka\u00e1li"},"content":{"rendered":"<p>Sz\u00e9kelyb\u00f3s, 1893. nov. 30., \u2020 ?: k\u00f6zs\u00e9gi jegyz\u0151. \u2013 A k. iskol\u00e1t Dics\u0151szentm\u00e1rtonban, a f. keresk. isk. \u00e9s a jegyz\u0151 tanfolyamot Mv. v\u00e9gezte, k\u00f6zben a dics\u0151szentm\u00e1rtoni p\u00e9nz\u00fcgyi igazgat\u00f3s\u00e1g mell\u00e9 rendelt sz\u00e1mvev\u0151s\u00e9g gyakornoka (1911), valamint a Kisk\u00fck\u00fcll\u0151 vmi Takar\u00e9kp\u00e9nzt\u00e1r Rt. S. k\u00f6nyvel\u0151je. Bal\u00e1zstelk\u00e9n jegyz\u0151gyakornok, s. jegyz\u0151, k\u00f6rjegyz\u0151 Maroscs\u00faton (1914\u201318). \u00c1ttelep\u00fclt Mo.-ra ahol szint\u00e9n jegyz\u0151k\u00e9nt dolgozott Derecsk\u00e9n, S\u00e1rr\u00e9tudvariban. <strong>Cikkei:<\/strong> K\u00f6zs\u00e9gi K\u00f6zl\u00f6ny (1925). <br \/><strong>Irod.:<\/strong> Guly\u00e1s<\/br><\/p>\n","protected":false},"excerpt":{"rendered":"<p>Sz\u00e9kelyb\u00f3s, 1893. nov. 30., \u2020 ?: k\u00f6zs\u00e9gi jegyz\u0151. \u2013 A k. iskol\u00e1t Dics\u0151szentm\u00e1rtonban, a f. keresk. isk. \u00e9s a jegyz\u0151 tanfolyamot Mv. v\u00e9gezte, k\u00f6zben a dics\u0151szentm\u00e1rtoni p\u00e9nz\u00fcgyi igazgat\u00f3s\u00e1g mell\u00e9 rendelt sz\u00e1mvev\u0151s\u00e9g gyakornoka (1911), valamint a Kisk\u00fck\u00fcll\u0151 vmi Takar\u00e9kp\u00e9nzt\u00e1r Rt. S. k\u00f6nyvel\u0151je. Bal\u00e1zstelk\u00e9n jegyz\u0151gyakornok, s. jegyz\u0151, k\u00f6rjegyz\u0151 Maroscs\u00faton (1914\u201318). \u00c1ttelep\u00fclt Mo.-ra ahol szint\u00e9n jegyz\u0151k\u00e9nt dolgozott Derecsk\u00e9n, [&hellip;]<\/p>\n","protected":false},"featured_media":0,"comment_status":"open","ping_status":"closed","template":"","meta":[],"product_brand":[],"product_cat":[137],"product_tag":[],"class_list":{"0":"post-16531","1":"product","2":"type-product","3":"status-publish","5":"product_cat-maros-megyei-eletrajzi-lexikon","7":"first","8":"instock","9":"shipping-taxable","10":"product-type-simple"},"_links":{"self":[{"href":"https:\/\/uj.adatbank.ro\/lexikon\/wp-json\/wp\/v2\/product\/16531","targetHints":{"allow":["GET"]}}],"collection":[{"href":"https:\/\/uj.adatbank.ro\/lexikon\/wp-json\/wp\/v2\/product"}],"about":[{"href":"https:\/\/uj.adatbank.ro\/lexikon\/wp-json\/wp\/v2\/types\/product"}],"replies":[{"embeddable":true,"href":"https:\/\/uj.adatbank.ro\/lexikon\/wp-json\/wp\/v2\/comments?post=16531"}],"wp:attachment":[{"href":"https:\/\/uj.adatbank.ro\/lexikon\/wp-json\/wp\/v2\/media?parent=16531"}],"wp:term":[{"taxonomy":"product_brand","embeddable":true,"href":"https:\/\/uj.adatbank.ro\/lexikon\/wp-json\/wp\/v2\/product_brand?post=16531"},{"taxonomy":"product_cat","embeddable":true,"href":"https:\/\/uj.adatbank.ro\/lexikon\/wp-json\/wp\/v2\/product_cat?post=16531"},{"taxonomy":"product_tag","embeddable":true,"href":"https:\/\/uj.adatbank.ro\/lexikon\/wp-json\/wp\/v2\/product_tag?post=16531"}],"curies":[{"name":"wp","href":"https:\/\/api.w.org\/{rel}","templated":true}]}}

NAGY Zsigmond, kaáli

<p>Székelybós, 1893. nov. 30., † ?: községi jegyző. – A k. iskolát Dicsőszentmártonban, a f. keresk. isk. és a jegyző tanfolyamot Mv. végezte, közben a dicsőszentmártoni pénzügyi igazgatóság mellé rendelt számvevőség gyakornoka (1911), valamint a Kisküküllő vmi Takarékpénztár Rt. S. könyvelője. Balázstelkén jegyzőgyakornok, s. jegyző, körjegyző Maroscsúton (1914–18). Áttelepült Mo.-ra ahol szintén jegyzőként dolgozott Derecskén, Sárrétudvariban. <strong>Cikkei:</strong> Községi Közlöny (1925). <br /><strong>Irod.:</strong> Gulyás</br></p>

<p>Székelybós, 1893. nov. 30., † ?: községi jegyző. – A k. iskolát Dicsőszentmártonban, a f. keresk. isk. és a jegyző tanfolyamot Mv. végezte, közben a dicsőszentmártoni pénzügyi igazgatóság mellé rendelt számvevőség gyakornoka (1911), valamint a Kisküküllő vmi Takarékpénztár Rt. S. könyvelője. Balázstelkén jegyzőgyakornok, s. jegyző, körjegyző Maroscsúton (1914–18). Áttelepült Mo.-ra ahol szintén jegyzőként dolgozott Derecskén, [&hellip;]</p>
