{"id":16536,"date":"2025-07-15T16:21:01","date_gmt":"2025-07-15T14:21:01","guid":{"rendered":"https:\/\/uj.adatbank.ro\/lexikon\/termek\/nagy-zsoltne-dr-ferenczi-maria\/"},"modified":"2025-07-15T16:21:01","modified_gmt":"2025-07-15T14:21:01","slug":"nagy-zsoltne-dr-ferenczi-maria","status":"publish","type":"product","link":"https:\/\/uj.adatbank.ro\/lexikon\/termek\/nagy-zsoltne-dr-ferenczi-maria\/","title":{"rendered":"NAGY Zsoltn\u00e9, dr, Ferenczi M\u00e1ria"},"content":{"rendered":"<p>Mv., 1915. m\u00e1rc.11., \u2020 Mv, 2006. m\u00e1rc.11., eltemetve Debrecenben a Nagyerdei temet\u0151ben. <br \/><strong>Irod.:<\/strong> [Nekrol\u00f3g] (Magyar Nemzet, 2006. \u00e1pr. 5.)<\/br><\/p>\n","protected":false},"excerpt":{"rendered":"<p>Mv., 1915. m\u00e1rc.11., \u2020 Mv, 2006. m\u00e1rc.11., eltemetve Debrecenben a Nagyerdei temet\u0151ben. Irod.: [Nekrol\u00f3g] (Magyar Nemzet, 2006. \u00e1pr. 5.)<\/p>\n","protected":false},"featured_media":0,"comment_status":"open","ping_status":"closed","template":"","meta":[],"product_brand":[],"product_cat":[137],"product_tag":[],"class_list":{"0":"post-16536","1":"product","2":"type-product","3":"status-publish","5":"product_cat-maros-megyei-eletrajzi-lexikon","7":"first","8":"instock","9":"shipping-taxable","10":"product-type-simple"},"_links":{"self":[{"href":"https:\/\/uj.adatbank.ro\/lexikon\/wp-json\/wp\/v2\/product\/16536","targetHints":{"allow":["GET"]}}],"collection":[{"href":"https:\/\/uj.adatbank.ro\/lexikon\/wp-json\/wp\/v2\/product"}],"about":[{"href":"https:\/\/uj.adatbank.ro\/lexikon\/wp-json\/wp\/v2\/types\/product"}],"replies":[{"embeddable":true,"href":"https:\/\/uj.adatbank.ro\/lexikon\/wp-json\/wp\/v2\/comments?post=16536"}],"wp:attachment":[{"href":"https:\/\/uj.adatbank.ro\/lexikon\/wp-json\/wp\/v2\/media?parent=16536"}],"wp:term":[{"taxonomy":"product_brand","embeddable":true,"href":"https:\/\/uj.adatbank.ro\/lexikon\/wp-json\/wp\/v2\/product_brand?post=16536"},{"taxonomy":"product_cat","embeddable":true,"href":"https:\/\/uj.adatbank.ro\/lexikon\/wp-json\/wp\/v2\/product_cat?post=16536"},{"taxonomy":"product_tag","embeddable":true,"href":"https:\/\/uj.adatbank.ro\/lexikon\/wp-json\/wp\/v2\/product_tag?post=16536"}],"curies":[{"name":"wp","href":"https:\/\/api.w.org\/{rel}","templated":true}]}}