{"id":16551,"date":"2025-07-15T16:21:32","date_gmt":"2025-07-15T14:21:32","guid":{"rendered":"https:\/\/uj.adatbank.ro\/lexikon\/termek\/nagyfalusi-jeno\/"},"modified":"2025-07-15T16:21:32","modified_gmt":"2025-07-15T14:21:32","slug":"nagyfalusi-jeno","status":"publish","type":"product","link":"https:\/\/uj.adatbank.ro\/lexikon\/termek\/nagyfalusi-jeno\/","title":{"rendered":"NAGYFALUSI Jen\u0151"},"content":{"rendered":"<p>Segesv\u00e1r, 1901. aug. 30., \u2020 Ukrajna, 1944: tan\u00e1r, k\u00f6lt\u0151, \u00edr\u00f3, m\u0171v. \u00edr\u00f3. \u2013 Szegeden \u00e9retts\u00e9gizett (1919). Irod. indul\u00e1s\u00e1t Juh\u00e1sz Gyula t\u00e1mogatta. A p\u00e9csi egy.-en francia-n\u00e9met szakos tan\u00e1ri ok\u00adlevelet szerzett (1927), \u00e9s a L\u00e1z\u00e1r Piroska m. Le\u00e1nygimn\u00e1ziumbaban tan\u00edtott, \u00e9vekig \u00e1ll. \u00d6szt\u00f6nd\u00edjas volt Francio. \u00c9s Sv\u00e1jcban. Munkaszolg\u00e1latosk\u00e9nt a keleti fronton halt meg. P\u00e9csett a Symposion c. fo\u00adly\u00f3iratot \u00e9s a Kronos-k\u00f6nyvek sorozat szerk. (1925-t\u0151l).M\u0171ford\u00edt\u00e1sai megjelentek a Szegedi Napl\u00f3ban (1920\u201321), \u00daj Almanachban (Bp., 1941). A Szocialista K\u00e9pz\u0151m\u0171v\u00e9szek Csoportj\u00e1nak tagja. \u2013 <strong>F. m.:<\/strong> Az Isten dereng\u00e9se : Ver\u00adsek (P\u00e9cs, 1924); A jegeny\u00e9k szava. Pacsirt\u00e1k az \u00e9jszak\u00e1ban. Dalok a napsz\u00e1llatr\u00f3l : Versek (P\u00e9cs, 1924); A tudat, vall\u00e1s \u00e9s t\u00f6rt\u00e9nelem kez\u00addetei (Bp., 1937); Van Gogh (Bp., 1938); ford\u00edt\u00f3: G. Eliot Smith : Kezdetben. A civiliz\u00e1ci\u00f3 eredete (Bp., 1936); G. Eliot Smith : Az \u00e1rja k\u00e9rd\u00e9s (Bp., 1936); V. Gordon Childe : Fejl\u0151d\u00e9s a term\u00e9szetben \u00e9s a t\u00e1rsadalomban (Bp., 1937).; F. D. Klingender : A modern m\u0171v\u00e9szet (Bp., 1938). <br \/><strong>Irod.:<\/strong> Guly\u00e1s; \u00daM\u00c9L; \u00daMIL<\/br><\/p>\n","protected":false},"excerpt":{"rendered":"<p>Segesv\u00e1r, 1901. aug. 30., \u2020 Ukrajna, 1944: tan\u00e1r, k\u00f6lt\u0151, \u00edr\u00f3, m\u0171v. \u00edr\u00f3. \u2013 Szegeden \u00e9retts\u00e9gizett (1919). Irod. indul\u00e1s\u00e1t Juh\u00e1sz Gyula t\u00e1mogatta. A p\u00e9csi egy.-en francia-n\u00e9met szakos tan\u00e1ri ok\u00adlevelet szerzett (1927), \u00e9s a L\u00e1z\u00e1r Piroska m. Le\u00e1nygimn\u00e1ziumbaban tan\u00edtott, \u00e9vekig \u00e1ll. \u00d6szt\u00f6nd\u00edjas volt Francio. \u00c9s Sv\u00e1jcban. Munkaszolg\u00e1latosk\u00e9nt a keleti fronton halt meg. P\u00e9csett a Symposion c. fo\u00adly\u00f3iratot [&hellip;]<\/p>\n","protected":false},"featured_media":0,"comment_status":"open","ping_status":"closed","template":"","meta":[],"product_brand":[],"product_cat":[137],"product_tag":[],"class_list":{"0":"post-16551","1":"product","2":"type-product","3":"status-publish","5":"product_cat-maros-megyei-eletrajzi-lexikon","7":"first","8":"instock","9":"shipping-taxable","10":"product-type-simple"},"_links":{"self":[{"href":"https:\/\/uj.adatbank.ro\/lexikon\/wp-json\/wp\/v2\/product\/16551","targetHints":{"allow":["GET"]}}],"collection":[{"href":"https:\/\/uj.adatbank.ro\/lexikon\/wp-json\/wp\/v2\/product"}],"about":[{"href":"https:\/\/uj.adatbank.ro\/lexikon\/wp-json\/wp\/v2\/types\/product"}],"replies":[{"embeddable":true,"href":"https:\/\/uj.adatbank.ro\/lexikon\/wp-json\/wp\/v2\/comments?post=16551"}],"wp:attachment":[{"href":"https:\/\/uj.adatbank.ro\/lexikon\/wp-json\/wp\/v2\/media?parent=16551"}],"wp:term":[{"taxonomy":"product_brand","embeddable":true,"href":"https:\/\/uj.adatbank.ro\/lexikon\/wp-json\/wp\/v2\/product_brand?post=16551"},{"taxonomy":"product_cat","embeddable":true,"href":"https:\/\/uj.adatbank.ro\/lexikon\/wp-json\/wp\/v2\/product_cat?post=16551"},{"taxonomy":"product_tag","embeddable":true,"href":"https:\/\/uj.adatbank.ro\/lexikon\/wp-json\/wp\/v2\/product_tag?post=16551"}],"curies":[{"name":"wp","href":"https:\/\/api.w.org\/{rel}","templated":true}]}}

NAGYFALUSI Jenő

<p>Segesvár, 1901. aug. 30., † Ukrajna, 1944: tanár, költő, író, műv. író. – Szegeden érettségizett (1919). Irod. indulását Juhász Gyula támogatta. A pécsi egy.-en francia-német szakos tanári ok­levelet szerzett (1927), és a Lázár Piroska m. Leánygimnáziumbaban tanított, évekig áll. Ösztöndíjas volt Francio. És Svájcban. Munkaszolgálatosként a keleti fronton halt meg. Pécsett a Symposion c. fo­lyóiratot és a Kronos-könyvek sorozat szerk. (1925-től).Műfordításai megjelentek a Szegedi Naplóban (1920–21), Új Almanachban (Bp., 1941). A Szocialista Képzőművészek Csoportjának tagja. – <strong>F. m.:</strong> Az Isten derengése : Ver­sek (Pécs, 1924); A jegenyék szava. Pacsirták az éjszakában. Dalok a napszállatról : Versek (Pécs, 1924); A tudat, vallás és történelem kez­detei (Bp., 1937); Van Gogh (Bp., 1938); fordító: G. Eliot Smith : Kezdetben. A civilizáció eredete (Bp., 1936); G. Eliot Smith : Az árja kérdés (Bp., 1936); V. Gordon Childe : Fejlődés a természetben és a társadalomban (Bp., 1937).; F. D. Klingender : A modern művészet (Bp., 1938). <br /><strong>Irod.:</strong> Gulyás; ÚMÉL; ÚMIL</br></p>

<p>Segesvár, 1901. aug. 30., † Ukrajna, 1944: tanár, költő, író, műv. író. – Szegeden érettségizett (1919). Irod. indulását Juhász Gyula támogatta. A pécsi egy.-en francia-német szakos tanári ok­levelet szerzett (1927), és a Lázár Piroska m. Leánygimnáziumbaban tanított, évekig áll. Ösztöndíjas volt Francio. És Svájcban. Munkaszolgálatosként a keleti fronton halt meg. Pécsett a Symposion c. fo­lyóiratot [&hellip;]</p>
