{"id":16553,"date":"2025-07-15T16:21:37","date_gmt":"2025-07-15T14:21:37","guid":{"rendered":"https:\/\/uj.adatbank.ro\/lexikon\/termek\/nagy-gyorgy-ferenc\/"},"modified":"2025-07-15T16:21:37","modified_gmt":"2025-07-15T14:21:37","slug":"nagy-gyorgy-ferenc","status":"publish","type":"product","link":"https:\/\/uj.adatbank.ro\/lexikon\/termek\/nagy-gyorgy-ferenc\/","title":{"rendered":"NAGY-GY\u00d6RGY Ferenc"},"content":{"rendered":"<p>Mv., 1965. \u00e1pr. 3., \u2020 Bp., 1992. m\u00e1rc. 4.: k\u00e9pz\u0151m\u0171v\u00e9sz, grafikus. \u2013 Mv.-en a 7. sz. \u00c1ltal\u00e1nos Iskola (1972\u201376), a M\u0171v\u00e9szeti L\u00edc. tanul\u00f3ja, grafika szakon v\u00e9gzett (1976\u201384). Mv.-en dekorat\u00f6r (1984\u201389) \u00e9s k\u00f6zben \u00e9vekig felv\u00e9telizett a kv.-i Ion Andreescu K\u00e9pz\u0151m\u0171v\u00e9szeti Akad\u00e9mi\u00e1ra, felvett\u00e9k (1990. jan.), ker\u00e1mia szakos hallgat\u00f3, \u00e1tiratkozott \u00e9s a bp.-i Iparm\u0171v\u00e9szeti F\u0151iskola \u00fcvegszakos hallgat\u00f3ja volt (1991\u201392), \u00f6szt\u00f6nd\u00edjat \u00e9s m\u0171v\u00e9szeti kit\u00fcntet\u00e9st kapott (1991). Aut\u00f3balesetben hunyt el. <br \/><strong>Irod.:<\/strong> Kusz\u00e1lik; N\u00fa. (2003. aug. 23.)<\/br><\/p>\n","protected":false},"excerpt":{"rendered":"<p>Mv., 1965. \u00e1pr. 3., \u2020 Bp., 1992. m\u00e1rc. 4.: k\u00e9pz\u0151m\u0171v\u00e9sz, grafikus. \u2013 Mv.-en a 7. sz. \u00c1ltal\u00e1nos Iskola (1972\u201376), a M\u0171v\u00e9szeti L\u00edc. tanul\u00f3ja, grafika szakon v\u00e9gzett (1976\u201384). Mv.-en dekorat\u00f6r (1984\u201389) \u00e9s k\u00f6zben \u00e9vekig felv\u00e9telizett a kv.-i Ion Andreescu K\u00e9pz\u0151m\u0171v\u00e9szeti Akad\u00e9mi\u00e1ra, felvett\u00e9k (1990. jan.), ker\u00e1mia szakos hallgat\u00f3, \u00e1tiratkozott \u00e9s a bp.-i Iparm\u0171v\u00e9szeti F\u0151iskola \u00fcvegszakos hallgat\u00f3ja volt [&hellip;]<\/p>\n","protected":false},"featured_media":0,"comment_status":"open","ping_status":"closed","template":"","meta":[],"product_brand":[],"product_cat":[137],"product_tag":[],"class_list":{"0":"post-16553","1":"product","2":"type-product","3":"status-publish","5":"product_cat-maros-megyei-eletrajzi-lexikon","7":"first","8":"instock","9":"shipping-taxable","10":"product-type-simple"},"_links":{"self":[{"href":"https:\/\/uj.adatbank.ro\/lexikon\/wp-json\/wp\/v2\/product\/16553","targetHints":{"allow":["GET"]}}],"collection":[{"href":"https:\/\/uj.adatbank.ro\/lexikon\/wp-json\/wp\/v2\/product"}],"about":[{"href":"https:\/\/uj.adatbank.ro\/lexikon\/wp-json\/wp\/v2\/types\/product"}],"replies":[{"embeddable":true,"href":"https:\/\/uj.adatbank.ro\/lexikon\/wp-json\/wp\/v2\/comments?post=16553"}],"wp:attachment":[{"href":"https:\/\/uj.adatbank.ro\/lexikon\/wp-json\/wp\/v2\/media?parent=16553"}],"wp:term":[{"taxonomy":"product_brand","embeddable":true,"href":"https:\/\/uj.adatbank.ro\/lexikon\/wp-json\/wp\/v2\/product_brand?post=16553"},{"taxonomy":"product_cat","embeddable":true,"href":"https:\/\/uj.adatbank.ro\/lexikon\/wp-json\/wp\/v2\/product_cat?post=16553"},{"taxonomy":"product_tag","embeddable":true,"href":"https:\/\/uj.adatbank.ro\/lexikon\/wp-json\/wp\/v2\/product_tag?post=16553"}],"curies":[{"name":"wp","href":"https:\/\/api.w.org\/{rel}","templated":true}]}}

NAGY-GYÖRGY Ferenc

<p>Mv., 1965. ápr. 3., † Bp., 1992. márc. 4.: képzőművész, grafikus. – Mv.-en a 7. sz. Általános Iskola (1972–76), a Művészeti Líc. tanulója, grafika szakon végzett (1976–84). Mv.-en dekoratör (1984–89) és közben évekig felvételizett a kv.-i Ion Andreescu Képzőművészeti Akadémiára, felvették (1990. jan.), kerámia szakos hallgató, átiratkozott és a bp.-i Iparművészeti Főiskola üvegszakos hallgatója volt (1991–92), ösztöndíjat és művészeti kitüntetést kapott (1991). Autóbalesetben hunyt el. <br /><strong>Irod.:</strong> Kuszálik; Nú. (2003. aug. 23.)</br></p>

<p>Mv., 1965. ápr. 3., † Bp., 1992. márc. 4.: képzőművész, grafikus. – Mv.-en a 7. sz. Általános Iskola (1972–76), a Művészeti Líc. tanulója, grafika szakon végzett (1976–84). Mv.-en dekoratör (1984–89) és közben évekig felvételizett a kv.-i Ion Andreescu Képzőművészeti Akadémiára, felvették (1990. jan.), kerámia szakos hallgató, átiratkozott és a bp.-i Iparművészeti Főiskola üvegszakos hallgatója volt [&hellip;]</p>
