{"id":16563,"date":"2025-07-15T16:21:59","date_gmt":"2025-07-15T14:21:59","guid":{"rendered":"https:\/\/uj.adatbank.ro\/lexikon\/termek\/nalaczi\/"},"modified":"2025-07-15T16:21:59","modified_gmt":"2025-07-15T14:21:59","slug":"nalaczi","status":"publish","type":"product","link":"https:\/\/uj.adatbank.ro\/lexikon\/termek\/nalaczi\/","title":{"rendered":"NAL\u00c1CZI"},"content":{"rendered":"<p>A Nal\u00e1czy csal\u00e1d nemes \u00e9s b\u00e1r\u00f3. \u2013 Hunyadmegy\u00e9b\u0151l sz\u00e1rmazik, a fejedelems\u00e9g kor\u00e1t\u00f3l kaptak szerepet Erd\u00e9ly t\u00f6rt\u00e9net\u00e9ben. A 17. sz. elej\u00e9n P\u00e9ter k\u00e9t fi\u00e1t\u00f3l Istv\u00e1n \u00e9s Andr\u00e1st\u00f3l sz\u00e1rmazik a csal\u00e1d b\u00e1r\u00f3i ill. nemesi \u00e1ga. Istv\u00e1n fia Gy\u00f6rgy \u00e9s unok\u00e1ja J\u00f3zsef b\u00e1r\u00f3i rangot kaptak III. Habsburg K\u00e1rolyt\u00f3l (1726).. Hagyom\u00e1nyos birtokaik: Szacsal, B\u00e1bolna, Nal\u00e1cv\u00e1d, Udvarh\u00e1zuk volt Backamadarason (\u00e9p\u00fclt 1759 k.).<br \/><strong>Irod.:<\/strong> Bicsok-Orb\u00e1n; Backamadaras; Keresztes 1995<\/br><\/p>\n","protected":false},"excerpt":{"rendered":"<p>A Nal\u00e1czy csal\u00e1d nemes \u00e9s b\u00e1r\u00f3. \u2013 Hunyadmegy\u00e9b\u0151l sz\u00e1rmazik, a fejedelems\u00e9g kor\u00e1t\u00f3l kaptak szerepet Erd\u00e9ly t\u00f6rt\u00e9net\u00e9ben. A 17. sz. elej\u00e9n P\u00e9ter k\u00e9t fi\u00e1t\u00f3l Istv\u00e1n \u00e9s Andr\u00e1st\u00f3l sz\u00e1rmazik a csal\u00e1d b\u00e1r\u00f3i ill. nemesi \u00e1ga. Istv\u00e1n fia Gy\u00f6rgy \u00e9s unok\u00e1ja J\u00f3zsef b\u00e1r\u00f3i rangot kaptak III. Habsburg K\u00e1rolyt\u00f3l (1726).. Hagyom\u00e1nyos birtokaik: Szacsal, B\u00e1bolna, Nal\u00e1cv\u00e1d, Udvarh\u00e1zuk volt Backamadarason (\u00e9p\u00fclt [&hellip;]<\/p>\n","protected":false},"featured_media":0,"comment_status":"open","ping_status":"closed","template":"","meta":[],"product_brand":[],"product_cat":[137],"product_tag":[],"class_list":{"0":"post-16563","1":"product","2":"type-product","3":"status-publish","5":"product_cat-maros-megyei-eletrajzi-lexikon","7":"first","8":"instock","9":"shipping-taxable","10":"product-type-simple"},"_links":{"self":[{"href":"https:\/\/uj.adatbank.ro\/lexikon\/wp-json\/wp\/v2\/product\/16563","targetHints":{"allow":["GET"]}}],"collection":[{"href":"https:\/\/uj.adatbank.ro\/lexikon\/wp-json\/wp\/v2\/product"}],"about":[{"href":"https:\/\/uj.adatbank.ro\/lexikon\/wp-json\/wp\/v2\/types\/product"}],"replies":[{"embeddable":true,"href":"https:\/\/uj.adatbank.ro\/lexikon\/wp-json\/wp\/v2\/comments?post=16563"}],"wp:attachment":[{"href":"https:\/\/uj.adatbank.ro\/lexikon\/wp-json\/wp\/v2\/media?parent=16563"}],"wp:term":[{"taxonomy":"product_brand","embeddable":true,"href":"https:\/\/uj.adatbank.ro\/lexikon\/wp-json\/wp\/v2\/product_brand?post=16563"},{"taxonomy":"product_cat","embeddable":true,"href":"https:\/\/uj.adatbank.ro\/lexikon\/wp-json\/wp\/v2\/product_cat?post=16563"},{"taxonomy":"product_tag","embeddable":true,"href":"https:\/\/uj.adatbank.ro\/lexikon\/wp-json\/wp\/v2\/product_tag?post=16563"}],"curies":[{"name":"wp","href":"https:\/\/api.w.org\/{rel}","templated":true}]}}

NALÁCZI

<p>A Naláczy család nemes és báró. – Hunyadmegyéből származik, a fejedelemség korától kaptak szerepet Erdély történetében. A 17. sz. elején Péter két fiától István és Andrástól származik a család bárói ill. nemesi ága. István fia György és unokája József bárói rangot kaptak III. Habsburg Károlytól (1726).. Hagyományos birtokaik: Szacsal, Bábolna, Nalácvád, Udvarházuk volt Backamadarason (épült 1759 k.).<br /><strong>Irod.:</strong> Bicsok-Orbán; Backamadaras; Keresztes 1995</br></p>

<p>A Naláczy család nemes és báró. – Hunyadmegyéből származik, a fejedelemség korától kaptak szerepet Erdély történetében. A 17. sz. elején Péter két fiától István és Andrástól származik a család bárói ill. nemesi ága. István fia György és unokája József bárói rangot kaptak III. Habsburg Károlytól (1726).. Hagyományos birtokaik: Szacsal, Bábolna, Nalácvád, Udvarházuk volt Backamadarason (épült [&hellip;]</p>
