{"id":16564,"date":"2025-07-15T16:22:01","date_gmt":"2025-07-15T14:22:01","guid":{"rendered":"https:\/\/uj.adatbank.ro\/lexikon\/termek\/nalaczi-istvan\/"},"modified":"2025-07-15T16:22:01","modified_gmt":"2025-07-15T14:22:01","slug":"nalaczi-istvan","status":"publish","type":"product","link":"https:\/\/uj.adatbank.ro\/lexikon\/termek\/nalaczi-istvan\/","title":{"rendered":"NAL\u00c1CZI Istv\u00e1n"},"content":{"rendered":"<p>1632, \u2020 1688 ? v.1702: erd\u00e9lyi f\u0151\u00far, fejedelmi f\u0151postamester. \u2013 P\u00e9ter \u00e9s Palatics Erzs\u00e9bet fia. Feles\u00e9ge Tornyai Borb\u00e1la. Gyermekei: Gy\u00f6rgy (\u2020 1739), feles\u00e9ge J\u00f3sika Zsuzs\u00e1nna; Lajos (\u20201728) feles\u00e9ge ikl\u00f3di Tholdalagi M\u00e1ria, J\u00e1nos -feles\u00e9ge Bethlen M\u00e1ria, Apafi Mih\u00e1lyn\u00e9 Bethlen Kata h\u00faga. I. Apafi Mih\u00e1ly fejedelem tan\u00e1csosa (1663), aludvarmestere (1664\u201367), f\u0151udvarmestere (1667\u2013), Hunyad-Zar\u00e1nd vm. f\u0151isp\u00e1nja (1678\u2013), d\u00e9vai f\u0151kapit\u00e1ny, portai k\u00f6vet. Gr. Teleki Mih\u00e1ly bizalmasa, politik\u00e1j\u00e1nak t\u00e1mogat\u00f3ja. Rozsnyai D\u00e1viddal kis\u00e9rte a Mv.-r\u0151l a Moldov\u00e1ban h\u00e1bor\u00faz\u00f3 t\u00f6r\u00f6k hadaknak sz\u00e1nt \u00e9lelmiszer seg\u00e9lyt (1674), s amikor visszaj\u00f6ttek jelentkeztek az itt tart\u00f3zkod\u00f3 Apafi Mih\u00e1lyn\u00e1l. <br \/><strong>Irod.:<\/strong> Erd\u00e9lyi f\u00e9niks; Gyallay; Id\u0151t\u00e1r 1; Pomog\u00e1ts 1; R\u00e9tyi P\u00e9ter napl\u00f3ja (Buk, 1983); Gr\u00f3f Teleki Mih\u00e1ly kancell\u00e1r levelez\u00e9se, I-VIII. (Bp., 1905\u201326); R\u00e9tyi P\u00e9ter napl\u00f3ja (Buk, 1983), Teleki Mih\u00e1ly udvartart\u00e1si napl\u00f3ja (1673\u20131681) (Kv., 2007); \u00daM\u00c9L; Tr\u00f3cs\u00e1nyi 1988<\/br><\/p>\n","protected":false},"excerpt":{"rendered":"<p>1632, \u2020 1688 ? v.1702: erd\u00e9lyi f\u0151\u00far, fejedelmi f\u0151postamester. \u2013 P\u00e9ter \u00e9s Palatics Erzs\u00e9bet fia. Feles\u00e9ge Tornyai Borb\u00e1la. Gyermekei: Gy\u00f6rgy (\u2020 1739), feles\u00e9ge J\u00f3sika Zsuzs\u00e1nna; Lajos (\u20201728) feles\u00e9ge ikl\u00f3di Tholdalagi M\u00e1ria, J\u00e1nos -feles\u00e9ge Bethlen M\u00e1ria, Apafi Mih\u00e1lyn\u00e9 Bethlen Kata h\u00faga. I. Apafi Mih\u00e1ly fejedelem tan\u00e1csosa (1663), aludvarmestere (1664\u201367), f\u0151udvarmestere (1667\u2013), Hunyad-Zar\u00e1nd vm. f\u0151isp\u00e1nja (1678\u2013), d\u00e9vai [&hellip;]<\/p>\n","protected":false},"featured_media":0,"comment_status":"open","ping_status":"closed","template":"","meta":[],"product_brand":[],"product_cat":[137],"product_tag":[],"class_list":{"0":"post-16564","1":"product","2":"type-product","3":"status-publish","5":"product_cat-maros-megyei-eletrajzi-lexikon","7":"first","8":"instock","9":"shipping-taxable","10":"product-type-simple"},"_links":{"self":[{"href":"https:\/\/uj.adatbank.ro\/lexikon\/wp-json\/wp\/v2\/product\/16564","targetHints":{"allow":["GET"]}}],"collection":[{"href":"https:\/\/uj.adatbank.ro\/lexikon\/wp-json\/wp\/v2\/product"}],"about":[{"href":"https:\/\/uj.adatbank.ro\/lexikon\/wp-json\/wp\/v2\/types\/product"}],"replies":[{"embeddable":true,"href":"https:\/\/uj.adatbank.ro\/lexikon\/wp-json\/wp\/v2\/comments?post=16564"}],"wp:attachment":[{"href":"https:\/\/uj.adatbank.ro\/lexikon\/wp-json\/wp\/v2\/media?parent=16564"}],"wp:term":[{"taxonomy":"product_brand","embeddable":true,"href":"https:\/\/uj.adatbank.ro\/lexikon\/wp-json\/wp\/v2\/product_brand?post=16564"},{"taxonomy":"product_cat","embeddable":true,"href":"https:\/\/uj.adatbank.ro\/lexikon\/wp-json\/wp\/v2\/product_cat?post=16564"},{"taxonomy":"product_tag","embeddable":true,"href":"https:\/\/uj.adatbank.ro\/lexikon\/wp-json\/wp\/v2\/product_tag?post=16564"}],"curies":[{"name":"wp","href":"https:\/\/api.w.org\/{rel}","templated":true}]}}

NALÁCZI István

<p>1632, † 1688 ? v.1702: erdélyi főúr, fejedelmi főpostamester. – Péter és Palatics Erzsébet fia. Felesége Tornyai Borbála. Gyermekei: György († 1739), felesége Jósika Zsuzsánna; Lajos (†1728) felesége iklódi Tholdalagi Mária, János -felesége Bethlen Mária, Apafi Mihályné Bethlen Kata húga. I. Apafi Mihály fejedelem tanácsosa (1663), aludvarmestere (1664–67), főudvarmestere (1667–), Hunyad-Zaránd vm. főispánja (1678–), dévai főkapitány, portai követ. Gr. Teleki Mihály bizalmasa, politikájának támogatója. Rozsnyai Dáviddal kisérte a Mv.-ről a Moldovában háborúzó török hadaknak szánt élelmiszer segélyt (1674), s amikor visszajöttek jelentkeztek az itt tartózkodó Apafi Mihálynál. <br /><strong>Irod.:</strong> Erdélyi féniks; Gyallay; Időtár 1; Pomogáts 1; Rétyi Péter naplója (Buk, 1983); Gróf Teleki Mihály kancellár levelezése, I-VIII. (Bp., 1905–26); Rétyi Péter naplója (Buk, 1983), Teleki Mihály udvartartási naplója (1673–1681) (Kv., 2007); ÚMÉL; Trócsányi 1988</br></p>

<p>1632, † 1688 ? v.1702: erdélyi főúr, fejedelmi főpostamester. – Péter és Palatics Erzsébet fia. Felesége Tornyai Borbála. Gyermekei: György († 1739), felesége Jósika Zsuzsánna; Lajos (†1728) felesége iklódi Tholdalagi Mária, János -felesége Bethlen Mária, Apafi Mihályné Bethlen Kata húga. I. Apafi Mihály fejedelem tanácsosa (1663), aludvarmestere (1664–67), főudvarmestere (1667–), Hunyad-Zaránd vm. főispánja (1678–), dévai [&hellip;]</p>
