{"id":16565,"date":"2025-07-15T16:22:02","date_gmt":"2025-07-15T14:22:02","guid":{"rendered":"https:\/\/uj.adatbank.ro\/lexikon\/termek\/nalaczi-istvan-nalaci-br-nalatzi\/"},"modified":"2025-07-15T16:22:02","modified_gmt":"2025-07-15T14:22:02","slug":"nalaczi-istvan-nalaci-br-nalatzi","status":"publish","type":"product","link":"https:\/\/uj.adatbank.ro\/lexikon\/termek\/nalaczi-istvan-nalaci-br-nalatzi\/","title":{"rendered":"NAL\u00c1CZI Istv\u00e1n, nal\u00e1ci br. Nal\u00e1tzi"},"content":{"rendered":"<p>1722, , \u2020 B\u00e1bolba, 1760. febr. 24: backamadarasi f\u00f6ldbirtokos, kapit\u00e1ny. \u2013 Gy\u00f6rgy (\u2020 1739) \u00e9s branyicskai J\u00f3sika Zsuzsanna fia. Feles\u00e9ge: nagyercsei \u00e9s gelenczei Toldalagi Zsuzs\u00e1nna (1717. aug. 5 \u2020 Backamadaras, 1789. m\u00e1j. 25. Temett\u00e9k: j\u00fan. 14.). Gyermekei: Elek (*1743\u2013), J\u00f3zsef (1748\u20131822), \u00c1gnes \u2013 fricsi Fekete L\u0151rincn\u00e9. Katona volt a gr. Gyulai Istv\u00e1n gyalogregimentben 10 \u00e9vig, kapit\u00e1nyi rangban szerelt le. F\u00f6ldbirtoka \u00e9s k\u00fari\u00e1ja volt Backamadarason (1744). <br \/><strong>Irod.:<\/strong> Backamadaras; Gy\u00e1szjelent\u0151<\/br><\/p>\n","protected":false},"excerpt":{"rendered":"<p>1722, , \u2020 B\u00e1bolba, 1760. febr. 24: backamadarasi f\u00f6ldbirtokos, kapit\u00e1ny. \u2013 Gy\u00f6rgy (\u2020 1739) \u00e9s branyicskai J\u00f3sika Zsuzsanna fia. Feles\u00e9ge: nagyercsei \u00e9s gelenczei Toldalagi Zsuzs\u00e1nna (1717. aug. 5 \u2020 Backamadaras, 1789. m\u00e1j. 25. Temett\u00e9k: j\u00fan. 14.). Gyermekei: Elek (*1743\u2013), J\u00f3zsef (1748\u20131822), \u00c1gnes \u2013 fricsi Fekete L\u0151rincn\u00e9. Katona volt a gr. Gyulai Istv\u00e1n gyalogregimentben 10 \u00e9vig, [&hellip;]<\/p>\n","protected":false},"featured_media":0,"comment_status":"open","ping_status":"closed","template":"","meta":[],"product_brand":[],"product_cat":[137],"product_tag":[],"class_list":{"0":"post-16565","1":"product","2":"type-product","3":"status-publish","5":"product_cat-maros-megyei-eletrajzi-lexikon","7":"first","8":"instock","9":"shipping-taxable","10":"product-type-simple"},"_links":{"self":[{"href":"https:\/\/uj.adatbank.ro\/lexikon\/wp-json\/wp\/v2\/product\/16565","targetHints":{"allow":["GET"]}}],"collection":[{"href":"https:\/\/uj.adatbank.ro\/lexikon\/wp-json\/wp\/v2\/product"}],"about":[{"href":"https:\/\/uj.adatbank.ro\/lexikon\/wp-json\/wp\/v2\/types\/product"}],"replies":[{"embeddable":true,"href":"https:\/\/uj.adatbank.ro\/lexikon\/wp-json\/wp\/v2\/comments?post=16565"}],"wp:attachment":[{"href":"https:\/\/uj.adatbank.ro\/lexikon\/wp-json\/wp\/v2\/media?parent=16565"}],"wp:term":[{"taxonomy":"product_brand","embeddable":true,"href":"https:\/\/uj.adatbank.ro\/lexikon\/wp-json\/wp\/v2\/product_brand?post=16565"},{"taxonomy":"product_cat","embeddable":true,"href":"https:\/\/uj.adatbank.ro\/lexikon\/wp-json\/wp\/v2\/product_cat?post=16565"},{"taxonomy":"product_tag","embeddable":true,"href":"https:\/\/uj.adatbank.ro\/lexikon\/wp-json\/wp\/v2\/product_tag?post=16565"}],"curies":[{"name":"wp","href":"https:\/\/api.w.org\/{rel}","templated":true}]}}

NALÁCZI István, naláci br. Nalátzi

<p>1722, , † Bábolba, 1760. febr. 24: backamadarasi földbirtokos, kapitány. – György († 1739) és branyicskai Jósika Zsuzsanna fia. Felesége: nagyercsei és gelenczei Toldalagi Zsuzsánna (1717. aug. 5 † Backamadaras, 1789. máj. 25. Temették: jún. 14.). Gyermekei: Elek (*1743–), József (1748–1822), Ágnes – fricsi Fekete Lőrincné. Katona volt a gr. Gyulai István gyalogregimentben 10 évig, kapitányi rangban szerelt le. Földbirtoka és kúriája volt Backamadarason (1744). <br /><strong>Irod.:</strong> Backamadaras; Gyászjelentő</br></p>

<p>1722, , † Bábolba, 1760. febr. 24: backamadarasi földbirtokos, kapitány. – György († 1739) és branyicskai Jósika Zsuzsanna fia. Felesége: nagyercsei és gelenczei Toldalagi Zsuzsánna (1717. aug. 5 † Backamadaras, 1789. máj. 25. Temették: jún. 14.). Gyermekei: Elek (*1743–), József (1748–1822), Ágnes – fricsi Fekete Lőrincné. Katona volt a gr. Gyulai István gyalogregimentben 10 évig, [&hellip;]</p>
