{"id":16566,"date":"2025-07-15T16:22:04","date_gmt":"2025-07-15T14:22:04","guid":{"rendered":"https:\/\/uj.adatbank.ro\/lexikon\/termek\/nalaczi-jozsef-nalaczi-br\/"},"modified":"2025-07-15T16:22:04","modified_gmt":"2025-07-15T14:22:04","slug":"nalaczi-jozsef-nalaczi-br","status":"publish","type":"product","link":"https:\/\/uj.adatbank.ro\/lexikon\/termek\/nalaczi-jozsef-nalaczi-br\/","title":{"rendered":"NAL\u00c1CZI J\u00f3zsef, nal\u00e1czi br."},"content":{"rendered":"<p>Nal\u00e1cv\u00e1d, 1748. \u00e1pr. eleje, \u2020 Batiz, 1822. \u00e1pr.?: test\u0151r, f\u0151isp\u00e1n, erd\u00e9lyi korm\u00e1nysz\u00e9ki tag, napl\u00f3\u00edr\u00f3, ford\u00edt\u00f3, mec\u00e9n\u00e1s. \u2013 Istv\u00e1n (1722\u20131760) Toldalagi Zsuzsanna (1717\u20131789) fia. Feles\u00e9ge: gr.Toroczkai \/Thoroczkay M\u00e1ria Ter\u00e9zia (1765\u20131816. m\u00e1rc.). Fia: J\u00f3zsef (\u2020 1836). \u2013 A nagyenyedi koll.-ban ta\u00adnult (1755\u201364), majd kir. t\u00e1blai kancellista joggyakorlatra Mv.-re ker\u00fclt \u00e9s kir. t\u00e1blai jegyz\u0151 lett (1764\u201366). Gr. Hadik Andr\u00e1s \u00f6sz\u00adt\u00f6nz\u00e9s\u00e9re l\u00e9pett be a b\u00e9csi m. test\u0151rs\u00e9gbe (1766\u201373), itt ismerkedett meg a felvil\u00e1gosod\u00e1s eszm\u00e9ivel \u00e9s a francia irodalommal \u00cdr\u00e1sra a k\u00e9s\u0151bb j\u00f3 bar\u00e1tj\u00e1v\u00e1 lett B\u00e1r\u00f3czi S\u00e1n\u00addor buzd\u00edtotta. Sepsziszentgy\u00f6rgy\u00f6n a sz\u00e9kely husz\u00e1r-hat\u00e1r\u0151rezred sz\u00e1zadosa (1773\u201378). A parasztl\u00e1zad\u00e1s t\u00f6nkre tette batizi udvarh\u00e1z\u00e1t (1784). Itthon mint katonai mint polg\u00e1ri p\u00e1ly\u00e1n m\u0171k\u00f6d\u00f6tt. Mv.-en polg\u00e1ri esk\u00fct tett (1785. \u00e1pr. 28.). T\u00f6bb mint t\u00edz\u00e9vi t\u00e1voll\u00e9t ut\u00e1n hazaj\u00f6tt \u00e9s a Kir. T\u00e1bla eln\u00f6ke lett, \u0151 is a II. J\u00f3zsef cs\u00e1sz\u00e1rhoz k\u00fcldend\u0151 marossz\u00e9ki k\u00f6vetek k\u00f6zt szerepelt (1787. febr. 17). A v\u00e1rosi jegyz\u0151k\u00f6nyv szerint beeskett\u00e9k Mv. v\u00e1ros polg\u00e1rai k\u00f6z\u00e9 mint nemes embert minden taxa n\u00e9lk\u00fcl (1796). K\u00e9s\u0151bb a kv.-i ker. t\u00e1bla aleln\u00f6\u00adke, az erd\u00e9lyi korm\u00e1nysz\u00e9k tagja (1788\u2013), a K\u00e1lnoky-husz\u00e1rezredben sz\u00e1zados (1791\u2013), a nagyenyedi koll. f\u0151gondnoka (1796-t\u00f3l), Zar\u00e1nd megye megb\u00edzott (1790\u201392), majd kinevezett f\u0151isp\u00e1nja (1792\u20131819). K\u0151ed\u00e9nygy\u00e1rat \u00e9s meleg gy\u00f3gyf\u00fcrd\u0151t l\u00e9tes\u00edtett Batizon. Az Erd\u00e9lyi Magyar Nyelvm\u00edvel\u0151 T\u00e1rsas\u00e1g tiszteletbeli tagja, amelynek alapt\u0151k\u00e9j\u00e9hez 1000 rh\u00e9nesforintot aj\u00e1nlott fel (1791). Lelkes p\u00e1rtfog\u00f3ja a magyar sz\u00edn\u00e9szetnek. \u0150 tov\u00e1bb\u00edtotta Kelemen L\u00e1szl\u00f3 sz\u00ednh\u00e1zterv\u00e9t Kv.-ra. \u00e9vi 30 forintot aj\u00e1nlott fel az erd\u00e9lyi m. sz\u00edn\u00e9szet t\u00e1mogat\u00e1s\u00e1ra (1795\u2013). Nyugalomba ment (1796 Ez nem jelentett t\u00e9tlens\u00e9get sz\u00e1m\u00e1ra.). 64 \u00e9ves kor\u00e1ban n\u00e9gyszer j\u00e1rta meg l\u00f3h\u00e1ton B\u00e1boln\u00e1t\u00f3l Mv.-ig az utat legink\u00e1bb t\u00e9li id\u0151ben \u00c1lland\u00f3an \u00e9rdekl\u0151d\u0151tt az irodalom ir\u00e1nt. Ere\u00addeti verseit megsemmis\u00edtette, de t\u00f6bb ford\u00edt\u00e1sa francia nyelvb\u0151l fennmaradt. Eml\u00e9kiratait Hunyad megy\u00e9ben, vagy sz\u00e1szv\u00e1rosi t\u00e9li sz\u00e1ll\u00e1s\u00e1n v. b\u00e1bolnai udvarh\u00e1z\u00e1ban 1814-ben kezdte \u00edrni. Az 1754 \u2013 kezd\u0151d\u0151 eml\u00e9keir\u0151l s hallom\u00e1sb\u00f3l azel\u0151tti dolgokr\u00f3l \u00edrt. Kora szok\u00e1sait \u00e9s viselet\u00e9t \u00edrta le. Eml\u00e9kirataib\u00f3l csak egy t\u00f6red\u00e9k k\u00e9sz\u00fclt el megjelent a Kv.-i Hetilapban (1853, 74\u201377. sz.), majd Kelemen Lajos adta ki. Katonai m\u0171sz\u00f3t\u00e1ra k\u00e9ziratban ma\u00adradt. \u2013 <strong>F. m.:<\/strong> N. J. eml\u00e9kirata. Kiad. Kelemen Lajos (Napkelet, 1921), = Erd\u00e9ly \u00f6r\u00f6ks\u00e9ge, 8.; Erd\u00e9lyi eml\u00e9k\u00edr\u00f3k Erd\u00e9lyr\u0151l. Szerk. Makkai L\u00e1szl\u00f3, Cs. Szab\u00f3 L\u00e1szl\u00f3. Bp., [1942]); <strong>ford.:<\/strong> D\u2019Arnaud: Euf\u00e9mia vagy a vall\u00e1s gy\u0151zedelme. (Pozsony, 1873); D\u2019Arnaud: A szerencs\u00e9tlen szerelmesek avagy gr\u00f3f Commens. (Kv.-Nagyszeben, 1793); Yung \u00e9jjelei (Nagyszeben, 1801); Sz\u0151l\u0151m\u00edve\u00adl\u00e9sr\u0151l. Chaptal munk\u00e1j\u00e1b\u00f3l \u00f6sszeszedegetett jegyz\u00e9sek (Kv., 1814). <br \/><strong>Irod.:<\/strong> Aranka Gy\u00f6rgy; Bicsok-Orb\u00e1n; Halotti besz\u00e9dek; Id\u0151t\u00e1r 1; Kelemen Lajos 2009, Keresztes Gyula: A backamadarasi udvarh\u00e1z \u00e9s kast\u00e9ly (N\u00fa., 1994. febr. 25.); Kov\u00e1cs Kiss Gy\u00f6ngy; Kr\u00f3n. F\u00fcz. (1939.4\/8 v. 9); MSZL; MSz\u00ednL; Orb\u00e1n J\u00e1nos: T\u00e1blab\u00edr\u00e1k, f\u0151nemesek, pall\u00e9rok \u00e9s h\u00e1zak: V\u00e1rosk\u00e9p \u00e9s t\u00e1rsadalom v\u00e1ltoz\u00e1sai Mv.-en a Kir\u00e1lyi T\u00e1bla bek\u00f6lt\u00f6z\u00e9se ut\u00e1n [1754] = K\u00f6nyvek \u00e1ltal \u2026; P\u00e1l-Antal 2006, Szinnyei; \u00dajfalvi S\u00e1ndor: Eml\u00e9kiratok (Bp., 1990); \u00daM\u00c9L Nal\u00e1czi J\u00f3zsef \u2013 3657<\/br><\/p>\n","protected":false},"excerpt":{"rendered":"<p>Nal\u00e1cv\u00e1d, 1748. \u00e1pr. eleje, \u2020 Batiz, 1822. \u00e1pr.?: test\u0151r, f\u0151isp\u00e1n, erd\u00e9lyi korm\u00e1nysz\u00e9ki tag, napl\u00f3\u00edr\u00f3, ford\u00edt\u00f3, mec\u00e9n\u00e1s. \u2013 Istv\u00e1n (1722\u20131760) Toldalagi Zsuzsanna (1717\u20131789) fia. Feles\u00e9ge: gr.Toroczkai \/Thoroczkay M\u00e1ria Ter\u00e9zia (1765\u20131816. m\u00e1rc.). Fia: J\u00f3zsef (\u2020 1836). \u2013 A nagyenyedi koll.-ban ta\u00adnult (1755\u201364), majd kir. t\u00e1blai kancellista joggyakorlatra Mv.-re ker\u00fclt \u00e9s kir. t\u00e1blai jegyz\u0151 lett (1764\u201366). Gr. Hadik [&hellip;]<\/p>\n","protected":false},"featured_media":0,"comment_status":"open","ping_status":"closed","template":"","meta":[],"product_brand":[],"product_cat":[137],"product_tag":[],"class_list":{"0":"post-16566","1":"product","2":"type-product","3":"status-publish","5":"product_cat-maros-megyei-eletrajzi-lexikon","7":"first","8":"instock","9":"shipping-taxable","10":"product-type-simple"},"_links":{"self":[{"href":"https:\/\/uj.adatbank.ro\/lexikon\/wp-json\/wp\/v2\/product\/16566","targetHints":{"allow":["GET"]}}],"collection":[{"href":"https:\/\/uj.adatbank.ro\/lexikon\/wp-json\/wp\/v2\/product"}],"about":[{"href":"https:\/\/uj.adatbank.ro\/lexikon\/wp-json\/wp\/v2\/types\/product"}],"replies":[{"embeddable":true,"href":"https:\/\/uj.adatbank.ro\/lexikon\/wp-json\/wp\/v2\/comments?post=16566"}],"wp:attachment":[{"href":"https:\/\/uj.adatbank.ro\/lexikon\/wp-json\/wp\/v2\/media?parent=16566"}],"wp:term":[{"taxonomy":"product_brand","embeddable":true,"href":"https:\/\/uj.adatbank.ro\/lexikon\/wp-json\/wp\/v2\/product_brand?post=16566"},{"taxonomy":"product_cat","embeddable":true,"href":"https:\/\/uj.adatbank.ro\/lexikon\/wp-json\/wp\/v2\/product_cat?post=16566"},{"taxonomy":"product_tag","embeddable":true,"href":"https:\/\/uj.adatbank.ro\/lexikon\/wp-json\/wp\/v2\/product_tag?post=16566"}],"curies":[{"name":"wp","href":"https:\/\/api.w.org\/{rel}","templated":true}]}}

NALÁCZI József, naláczi br.

<p>Nalácvád, 1748. ápr. eleje, † Batiz, 1822. ápr.?: testőr, főispán, erdélyi kormányszéki tag, naplóíró, fordító, mecénás. – István (1722–1760) Toldalagi Zsuzsanna (1717–1789) fia. Felesége: gr.Toroczkai /Thoroczkay Mária Terézia (1765–1816. márc.). Fia: József († 1836). – A nagyenyedi koll.-ban ta­nult (1755–64), majd kir. táblai kancellista joggyakorlatra Mv.-re került és kir. táblai jegyző lett (1764–66). Gr. Hadik András ösz­tönzésére lépett be a bécsi m. testőrségbe (1766–73), itt ismerkedett meg a felvilágosodás eszméivel és a francia irodalommal Írásra a később jó barátjává lett Báróczi Sán­dor buzdította. Sepsziszentgyörgyön a székely huszár-határőrezred századosa (1773–78). A parasztlázadás tönkre tette batizi udvarházát (1784). Itthon mint katonai mint polgári pályán működött. Mv.-en polgári esküt tett (1785. ápr. 28.). Több mint tízévi távollét után hazajött és a Kir. Tábla elnöke lett, ő is a II. József császárhoz küldendő marosszéki követek közt szerepelt (1787. febr. 17). A városi jegyzőkönyv szerint beeskették Mv. város polgárai közé mint nemes embert minden taxa nélkül (1796). Később a kv.-i ker. tábla alelnö­ke, az erdélyi kormányszék tagja (1788–), a Kálnoky-huszárezredben százados (1791–), a nagyenyedi koll. főgondnoka (1796-tól), Zaránd megye megbízott (1790–92), majd kinevezett főispánja (1792–1819). Kőedénygyárat és meleg gyógyfürdőt létesített Batizon. Az Erdélyi Magyar Nyelvmívelő Társaság tiszteletbeli tagja, amelynek alaptőkéjéhez 1000 rhénesforintot ajánlott fel (1791). Lelkes pártfogója a magyar színészetnek. Ő továbbította Kelemen László színháztervét Kv.-ra. évi 30 forintot ajánlott fel az erdélyi m. színészet támogatására (1795–). Nyugalomba ment (1796 Ez nem jelentett tétlenséget számára.). 64 éves korában négyszer járta meg lóháton Bábolnától Mv.-ig az utat leginkább téli időben Állandóan érdeklődőtt az irodalom iránt. Ere­deti verseit megsemmisítette, de több fordítása francia nyelvből fennmaradt. Emlékiratait Hunyad megyében, vagy szászvárosi téli szállásán v. bábolnai udvarházában 1814-ben kezdte írni. Az 1754 – kezdődő emlékeiről s hallomásból azelőtti dolgokról írt. Kora szokásait és viseletét írta le. Emlékirataiból csak egy töredék készült el megjelent a Kv.-i Hetilapban (1853, 74–77. sz.), majd Kelemen Lajos adta ki. Katonai műszótára kéziratban ma­radt. – <strong>F. m.:</strong> N. J. emlékirata. Kiad. Kelemen Lajos (Napkelet, 1921), = Erdély öröksége, 8.; Erdélyi emlékírók Erdélyről. Szerk. Makkai László, Cs. Szabó László. Bp., [1942]); <strong>ford.:</strong> D’Arnaud: Eufémia vagy a vallás győzedelme. (Pozsony, 1873); D’Arnaud: A szerencsétlen szerelmesek avagy gróf Commens. (Kv.-Nagyszeben, 1793); Yung éjjelei (Nagyszeben, 1801); Szőlőmíve­lésről. Chaptal munkájából összeszedegetett jegyzések (Kv., 1814). <br /><strong>Irod.:</strong> Aranka György; Bicsok-Orbán; Halotti beszédek; Időtár 1; Kelemen Lajos 2009, Keresztes Gyula: A backamadarasi udvarház és kastély (Nú., 1994. febr. 25.); Kovács Kiss Gyöngy; Krón. Füz. (1939.4/8 v. 9); MSZL; MSzínL; Orbán János: Táblabírák, főnemesek, pallérok és házak: Városkép és társadalom változásai Mv.-en a Királyi Tábla beköltözése után [1754] = Könyvek által …; Pál-Antal 2006, Szinnyei; Újfalvi Sándor: Emlékiratok (Bp., 1990); ÚMÉL Naláczi József – 3657</br></p>

<p>Nalácvád, 1748. ápr. eleje, † Batiz, 1822. ápr.?: testőr, főispán, erdélyi kormányszéki tag, naplóíró, fordító, mecénás. – István (1722–1760) Toldalagi Zsuzsanna (1717–1789) fia. Felesége: gr.Toroczkai /Thoroczkay Mária Terézia (1765–1816. márc.). Fia: József († 1836). – A nagyenyedi koll.-ban ta­nult (1755–64), majd kir. táblai kancellista joggyakorlatra Mv.-re került és kir. táblai jegyző lett (1764–66). Gr. Hadik [&hellip;]</p>
