{"id":16676,"date":"2025-07-15T23:26:27","date_gmt":"2025-07-15T21:26:27","guid":{"rendered":"https:\/\/uj.adatbank.ro\/lexikon\/termek\/nemes-janos\/"},"modified":"2025-07-15T23:26:27","modified_gmt":"2025-07-15T21:26:27","slug":"nemes-janos","status":"publish","type":"product","link":"https:\/\/uj.adatbank.ro\/lexikon\/termek\/nemes-janos\/","title":{"rendered":"NEMES J\u00e1nos"},"content":{"rendered":"<p>? \u2020 ?: adom\u00e1nyoz\u00f3. \u2013 Feles\u00e9ge: B\u00e9res Erzs\u00e9bet (\u2020 Mv., 1825). A feles\u00e9ge 400 rh\u00e9nes-forint alap\u00edtv\u00e1nyt tett k\u00e9t ref. koll.-i de\u00e1k r\u00e9sz\u00e9re, kik legjobb or\u00e1ci\u00f3t \u00edrnak (1824. m\u00e1j. 24). Hal\u00e1la ut\u00e1n eml\u00e9kezet\u00e9re megjelent \u00edr\u00e1s: &#8222;B\u00e9res \u00c9rs\u00e9betnek Nemes J\u00e1nosn\u00e9nak hal\u00e1l\u00e1ra k\u00e9sz\u00edtett gondolatok egy szeret\u0151 aty\u00e1t\u00f3l\u201d c\u00edmen. \u2013 Gyermektelen \u00f6zvegy mv.-i polg\u00e1rk\u00e9nt, presbiterk\u00e9nt, az \u0151 adom\u00e1ny\u00e1val (400 ez\u00fcstforint, 1827-ben), folytathatt\u00e1k a m\u00e1r elkezdett \u00e9s az anyagi er\u0151forr\u00e1sok hi\u00e1ny\u00e1ba abbamaradt (1815. j\u00fal.11.\u201318), mv. \u2013 i ref. kistemplom \u00e9p\u00edt\u00e9s\u00e9t \u00e9s fel\u00e9p\u00edtett\u00e9k atornyot is. A k\u0151m\u0171vesmunk\u00e1t Lantos Andr\u00e1s k\u00f6m\u0171vespall\u00e9r vezet\u00e9s\u00e9vel fejezt\u00e9k be.(1829. j\u00fal. 11.), a teljes befejez\u00e9s is megt\u00f6rt\u00e9nt (1930). A templombej\u00e1rat baloldali fal\u00e1ba helyezett m\u00e1rv\u00e1nyt\u00e1bla \u00f6r\u00f6k\u00edti meg a nev\u00e9t. A csal\u00e1d tulajdon\u00e1ba l\u00e9v\u0151 17. sz.-i \u00f3nkann\u00e1t \u00e9s \u00f3nt\u00e1gy\u00e9rt aj\u00e1nd\u00e9kozta a mez\u0151bodoni ekl\u00e9zsi\u00e1nak (1827). <br \/><strong>Irod.:<\/strong> Kr\u00f3n F\u00fcz., (IV. sorozat 7. sz\u00e1m); Kr\u00f3n F\u00fcz. (1937\/2); K\u00fck\u00fcll\u0151i Ref. Egyh\u00e1zm. 4; Nagy \u2013Bod\u00f3 Tibor: A v\u00e1s\u00e1rhelyi Ref. Kistemplom (K\u00f6zpont, 2014. m\u00e1rc. 20\u201326); <\/br><\/p>\n","protected":false},"excerpt":{"rendered":"<p>? \u2020 ?: adom\u00e1nyoz\u00f3. \u2013 Feles\u00e9ge: B\u00e9res Erzs\u00e9bet (\u2020 Mv., 1825). A feles\u00e9ge 400 rh\u00e9nes-forint alap\u00edtv\u00e1nyt tett k\u00e9t ref. koll.-i de\u00e1k r\u00e9sz\u00e9re, kik legjobb or\u00e1ci\u00f3t \u00edrnak (1824. m\u00e1j. 24). Hal\u00e1la ut\u00e1n eml\u00e9kezet\u00e9re megjelent \u00edr\u00e1s: &#8222;B\u00e9res \u00c9rs\u00e9betnek Nemes J\u00e1nosn\u00e9nak hal\u00e1l\u00e1ra k\u00e9sz\u00edtett gondolatok egy szeret\u0151 aty\u00e1t\u00f3l\u201d c\u00edmen. \u2013 Gyermektelen \u00f6zvegy mv.-i polg\u00e1rk\u00e9nt, presbiterk\u00e9nt, az \u0151 adom\u00e1ny\u00e1val (400 [&hellip;]<\/p>\n","protected":false},"featured_media":0,"comment_status":"open","ping_status":"closed","template":"","meta":[],"product_brand":[],"product_cat":[137],"product_tag":[],"class_list":{"0":"post-16676","1":"product","2":"type-product","3":"status-publish","5":"product_cat-maros-megyei-eletrajzi-lexikon","7":"first","8":"instock","9":"shipping-taxable","10":"product-type-simple"},"_links":{"self":[{"href":"https:\/\/uj.adatbank.ro\/lexikon\/wp-json\/wp\/v2\/product\/16676","targetHints":{"allow":["GET"]}}],"collection":[{"href":"https:\/\/uj.adatbank.ro\/lexikon\/wp-json\/wp\/v2\/product"}],"about":[{"href":"https:\/\/uj.adatbank.ro\/lexikon\/wp-json\/wp\/v2\/types\/product"}],"replies":[{"embeddable":true,"href":"https:\/\/uj.adatbank.ro\/lexikon\/wp-json\/wp\/v2\/comments?post=16676"}],"wp:attachment":[{"href":"https:\/\/uj.adatbank.ro\/lexikon\/wp-json\/wp\/v2\/media?parent=16676"}],"wp:term":[{"taxonomy":"product_brand","embeddable":true,"href":"https:\/\/uj.adatbank.ro\/lexikon\/wp-json\/wp\/v2\/product_brand?post=16676"},{"taxonomy":"product_cat","embeddable":true,"href":"https:\/\/uj.adatbank.ro\/lexikon\/wp-json\/wp\/v2\/product_cat?post=16676"},{"taxonomy":"product_tag","embeddable":true,"href":"https:\/\/uj.adatbank.ro\/lexikon\/wp-json\/wp\/v2\/product_tag?post=16676"}],"curies":[{"name":"wp","href":"https:\/\/api.w.org\/{rel}","templated":true}]}}

NEMES János

<p>? † ?: adományozó. – Felesége: Béres Erzsébet († Mv., 1825). A felesége 400 rhénes-forint alapítványt tett két ref. koll.-i deák részére, kik legjobb orációt írnak (1824. máj. 24). Halála után emlékezetére megjelent írás: &#8222;Béres Érsébetnek Nemes Jánosnénak halálára készített gondolatok egy szerető atyától” címen. – Gyermektelen özvegy mv.-i polgárként, presbiterként, az ő adományával (400 ezüstforint, 1827-ben), folytathatták a már elkezdett és az anyagi erőforrások hiányába abbamaradt (1815. júl.11.–18), mv. – i ref. kistemplom építését és felépítették atornyot is. A kőművesmunkát Lantos András köművespallér vezetésével fejezték be.(1829. júl. 11.), a teljes befejezés is megtörtént (1930). A templombejárat baloldali falába helyezett márványtábla örökíti meg a nevét. A család tulajdonába lévő 17. sz.-i ónkannát és óntágyért ajándékozta a mezőbodoni eklézsiának (1827). <br /><strong>Irod.:</strong> Krón Füz., (IV. sorozat 7. szám); Krón Füz. (1937/2); Küküllői Ref. Egyházm. 4; Nagy –Bodó Tibor: A vásárhelyi Ref. Kistemplom (Központ, 2014. márc. 20–26); </br></p>

<p>? † ?: adományozó. – Felesége: Béres Erzsébet († Mv., 1825). A felesége 400 rhénes-forint alapítványt tett két ref. koll.-i deák részére, kik legjobb orációt írnak (1824. máj. 24). Halála után emlékezetére megjelent írás: &#8222;Béres Érsébetnek Nemes Jánosnénak halálára készített gondolatok egy szerető atyától” címen. – Gyermektelen özvegy mv.-i polgárként, presbiterként, az ő adományával (400 [&hellip;]</p>
