{"id":16677,"date":"2025-07-15T23:26:29","date_gmt":"2025-07-15T21:26:29","guid":{"rendered":"https:\/\/uj.adatbank.ro\/lexikon\/termek\/nemes-janos-2\/"},"modified":"2025-07-15T23:26:29","modified_gmt":"2025-07-15T21:26:29","slug":"nemes-janos-2","status":"publish","type":"product","link":"https:\/\/uj.adatbank.ro\/lexikon\/termek\/nemes-janos-2\/","title":{"rendered":"NEMES J\u00e1nos"},"content":{"rendered":"<p>1922 \u2020 ?: asztalosseg\u00e9d, igazgat\u00f3. \u2013 Hat oszt\u00e1lyt v\u00e9gzett. A Sz\u00e9kely-R\u00e9ti B\u00fatorgy\u00e1rban dolgozott asztalosseg\u00e9dk\u00e9nt, majd asztalosk\u00e9nt (1940\u2013). A RKP tagja, ifj\u00fas\u00e1gi felel\u0151s tiszts\u00e9get t\u00f6lt\u00f6tt be.(1947. szept. \u2013) A Petri Zal\u00e1n \u00e9s S\u00e1mson Konzervgy\u00e1r \u00e1llamos\u00edt\u00e1sakor \u0151t nevezt\u00e9k ki igazgat\u00f3nak a 18 munk\u00e1st foglalkoztat\u00f3 modern \u00e9s j\u00f3l felszerelt konzervgy\u00e1r \u00e9l\u00e9re (1948). <br \/><strong>Irod.:<\/strong> Bartos Zolt\u00e1n<\/br><\/p>\n","protected":false},"excerpt":{"rendered":"<p>1922 \u2020 ?: asztalosseg\u00e9d, igazgat\u00f3. \u2013 Hat oszt\u00e1lyt v\u00e9gzett. A Sz\u00e9kely-R\u00e9ti B\u00fatorgy\u00e1rban dolgozott asztalosseg\u00e9dk\u00e9nt, majd asztalosk\u00e9nt (1940\u2013). A RKP tagja, ifj\u00fas\u00e1gi felel\u0151s tiszts\u00e9get t\u00f6lt\u00f6tt be.(1947. szept. \u2013) A Petri Zal\u00e1n \u00e9s S\u00e1mson Konzervgy\u00e1r \u00e1llamos\u00edt\u00e1sakor \u0151t nevezt\u00e9k ki igazgat\u00f3nak a 18 munk\u00e1st foglalkoztat\u00f3 modern \u00e9s j\u00f3l felszerelt konzervgy\u00e1r \u00e9l\u00e9re (1948). Irod.: Bartos Zolt\u00e1n<\/p>\n","protected":false},"featured_media":0,"comment_status":"open","ping_status":"closed","template":"","meta":[],"product_brand":[],"product_cat":[137],"product_tag":[],"class_list":{"0":"post-16677","1":"product","2":"type-product","3":"status-publish","5":"product_cat-maros-megyei-eletrajzi-lexikon","7":"first","8":"instock","9":"shipping-taxable","10":"product-type-simple"},"_links":{"self":[{"href":"https:\/\/uj.adatbank.ro\/lexikon\/wp-json\/wp\/v2\/product\/16677","targetHints":{"allow":["GET"]}}],"collection":[{"href":"https:\/\/uj.adatbank.ro\/lexikon\/wp-json\/wp\/v2\/product"}],"about":[{"href":"https:\/\/uj.adatbank.ro\/lexikon\/wp-json\/wp\/v2\/types\/product"}],"replies":[{"embeddable":true,"href":"https:\/\/uj.adatbank.ro\/lexikon\/wp-json\/wp\/v2\/comments?post=16677"}],"wp:attachment":[{"href":"https:\/\/uj.adatbank.ro\/lexikon\/wp-json\/wp\/v2\/media?parent=16677"}],"wp:term":[{"taxonomy":"product_brand","embeddable":true,"href":"https:\/\/uj.adatbank.ro\/lexikon\/wp-json\/wp\/v2\/product_brand?post=16677"},{"taxonomy":"product_cat","embeddable":true,"href":"https:\/\/uj.adatbank.ro\/lexikon\/wp-json\/wp\/v2\/product_cat?post=16677"},{"taxonomy":"product_tag","embeddable":true,"href":"https:\/\/uj.adatbank.ro\/lexikon\/wp-json\/wp\/v2\/product_tag?post=16677"}],"curies":[{"name":"wp","href":"https:\/\/api.w.org\/{rel}","templated":true}]}}