{"id":16678,"date":"2025-07-15T23:26:30","date_gmt":"2025-07-15T21:26:30","guid":{"rendered":"https:\/\/uj.adatbank.ro\/lexikon\/termek\/nemes-janos-3\/"},"modified":"2025-07-15T23:26:30","modified_gmt":"2025-07-15T21:26:30","slug":"nemes-janos-3","status":"publish","type":"product","link":"https:\/\/uj.adatbank.ro\/lexikon\/termek\/nemes-janos-3\/","title":{"rendered":"NEMES J\u00e1nos"},"content":{"rendered":"<p>Als\u00f3r\u00e1kos, 1939. nov. 8., \u2020 Segesv\u00e1r, 1994. m\u00e1j. 29.: aut\u00f3szerel\u0151. \u2013 Letart\u00f3ztatt\u00e1k (1958. nov. 11.) \u00e9s az Erd\u00e9lyi Magyar Ifjak Sz\u00f6vets\u00e9g\u00e9ben val\u00f3 r\u00e9szv\u00e9tele miatt 18 \u00e9vre \u00edt\u00e9lt\u00e9k. A mv.-i T\u00f6rv\u00e9nysz\u00e9ki Fogh\u00e1zban \u00e9s Szamos\u00fajv\u00e1ron \u00fclt. Szabadul\u00e1sa (1964) ut\u00e1n Segesv\u00e1ron dolgozott mint g\u00e9plakatos. Megkapta \u00ab A Haz\u00e1\u00e9rt \u00e9s Szabads\u00e1g\u00e9rt \u00ab 1956-os eml\u00e9k\u00e9rnet.-irod: 1956 Erd\u00e9lyben<\/br><\/p>\n","protected":false},"excerpt":{"rendered":"<p>Als\u00f3r\u00e1kos, 1939. nov. 8., \u2020 Segesv\u00e1r, 1994. m\u00e1j. 29.: aut\u00f3szerel\u0151. \u2013 Letart\u00f3ztatt\u00e1k (1958. nov. 11.) \u00e9s az Erd\u00e9lyi Magyar Ifjak Sz\u00f6vets\u00e9g\u00e9ben val\u00f3 r\u00e9szv\u00e9tele miatt 18 \u00e9vre \u00edt\u00e9lt\u00e9k. A mv.-i T\u00f6rv\u00e9nysz\u00e9ki Fogh\u00e1zban \u00e9s Szamos\u00fajv\u00e1ron \u00fclt. Szabadul\u00e1sa (1964) ut\u00e1n Segesv\u00e1ron dolgozott mint g\u00e9plakatos. Megkapta \u00ab A Haz\u00e1\u00e9rt \u00e9s Szabads\u00e1g\u00e9rt \u00ab 1956-os eml\u00e9k\u00e9rnet.-irod: 1956 Erd\u00e9lyben<\/p>\n","protected":false},"featured_media":0,"comment_status":"open","ping_status":"closed","template":"","meta":[],"product_brand":[],"product_cat":[137],"product_tag":[],"class_list":{"0":"post-16678","1":"product","2":"type-product","3":"status-publish","5":"product_cat-maros-megyei-eletrajzi-lexikon","7":"first","8":"instock","9":"shipping-taxable","10":"product-type-simple"},"_links":{"self":[{"href":"https:\/\/uj.adatbank.ro\/lexikon\/wp-json\/wp\/v2\/product\/16678","targetHints":{"allow":["GET"]}}],"collection":[{"href":"https:\/\/uj.adatbank.ro\/lexikon\/wp-json\/wp\/v2\/product"}],"about":[{"href":"https:\/\/uj.adatbank.ro\/lexikon\/wp-json\/wp\/v2\/types\/product"}],"replies":[{"embeddable":true,"href":"https:\/\/uj.adatbank.ro\/lexikon\/wp-json\/wp\/v2\/comments?post=16678"}],"wp:attachment":[{"href":"https:\/\/uj.adatbank.ro\/lexikon\/wp-json\/wp\/v2\/media?parent=16678"}],"wp:term":[{"taxonomy":"product_brand","embeddable":true,"href":"https:\/\/uj.adatbank.ro\/lexikon\/wp-json\/wp\/v2\/product_brand?post=16678"},{"taxonomy":"product_cat","embeddable":true,"href":"https:\/\/uj.adatbank.ro\/lexikon\/wp-json\/wp\/v2\/product_cat?post=16678"},{"taxonomy":"product_tag","embeddable":true,"href":"https:\/\/uj.adatbank.ro\/lexikon\/wp-json\/wp\/v2\/product_tag?post=16678"}],"curies":[{"name":"wp","href":"https:\/\/api.w.org\/{rel}","templated":true}]}}

NEMES János

<p>Alsórákos, 1939. nov. 8., † Segesvár, 1994. máj. 29.: autószerelő. – Letartóztatták (1958. nov. 11.) és az Erdélyi Magyar Ifjak Szövetségében való részvétele miatt 18 évre ítélték. A mv.-i Törvényszéki Fogházban és Szamosújváron ült. Szabadulása (1964) után Segesváron dolgozott mint géplakatos. Megkapta « A Hazáért és Szabadságért « 1956-os emlékérnet.-irod: 1956 Erdélyben</br></p>

<p>Alsórákos, 1939. nov. 8., † Segesvár, 1994. máj. 29.: autószerelő. – Letartóztatták (1958. nov. 11.) és az Erdélyi Magyar Ifjak Szövetségében való részvétele miatt 18 évre ítélték. A mv.-i Törvényszéki Fogházban és Szamosújváron ült. Szabadulása (1964) után Segesváron dolgozott mint géplakatos. Megkapta « A Hazáért és Szabadságért « 1956-os emlékérnet.-irod: 1956 Erdélyben</p>
