{"id":16680,"date":"2025-07-15T23:26:33","date_gmt":"2025-07-15T21:26:33","guid":{"rendered":"https:\/\/uj.adatbank.ro\/lexikon\/termek\/nemes-janos-hidvegi-es-oltszemi-gr\/"},"modified":"2025-07-15T23:26:33","modified_gmt":"2025-07-15T21:26:33","slug":"nemes-janos-hidvegi-es-oltszemi-gr","status":"publish","type":"product","link":"https:\/\/uj.adatbank.ro\/lexikon\/termek\/nemes-janos-hidvegi-es-oltszemi-gr\/","title":{"rendered":"NEMES J\u00e1nos, hidv\u00e9gi \u00e9s oltszemi gr."},"content":{"rendered":"<p>1630 k. \u2020 1688.: t\u00e1blai \u00fcln\u00f6k, f\u0151kapit\u00e1ny, fejedelmi tan\u00e1csos, portai k\u00f6vet, kincst\u00e1ri f\u0151sz\u00e1mol\u00f3, eml\u00e9k\u00edr\u00f3. \u2013 N. Tam\u00e1s h\u00e1romsz\u00e9ki f\u0151kapit\u00e1ny \u00e9s Mik\u00f3 Zsuzsanna fia. Feles\u00e9ge 1. P\u00e1pai Anna. Gyermekeik: J\u00e1nos , M\u00e1ria Wass Gy\u00f6rgyn\u00e9 (\u20201683); 2. berhidai Husz\u00e1r Borb\u00e1la. Fi\u00fak: M\u00e1ty\u00e1s (\u2020 1677). \u2013 A fejedelmi t\u00e1bla \u00fcln\u00f6ke (1663\u201378), h\u00e1romsz\u00e9ki f\u0151kapit\u00e1ny (1667\u2013), portai k\u00f6vet, kincst\u00e1ri f\u0151sz\u00e1mol\u00f3 (1679\u201380) a fejedelmi tan\u00e1cs tagja (1678\u201388). Napl\u00f3\u00edr\u00f3 (1651\u201386 k\u00f6z\u00f6tti id\u0151szakr\u00f3l). II. R\u00e1k\u00f3czi Gy\u00f6rgy\u00f6t Radn\u00f3tr\u00f3l a mv.-i ogy. k\u00eds\u00e9r\u0151 k\u00fcld\u00f6tts\u00e9g tagja (1659). Napl\u00f3j\u00e1nak eredetije elpusztult (1849), m\u00e1solatot k\u00e9sz\u00edtett Nemes Ferenc (1793). Teleki Mih\u00e1lyhoz V\u00e1rhegyr\u0151l kelt levele (1675\u201377). \u2013 <strong>F. m.:<\/strong> Hidv\u00e9gi id. N. J. napl\u00f3ja az 1651\u20131686. \u00e9vekr\u0151l \/ K\u00f6zli T\u00f3th Ern\u0151 (T\u00f6rt\u00e9nelmi T\u00e1r, 1902). <br \/><strong>Irod.:<\/strong> Aranka Gy\u00f6rgy; \u00c1rva Bethlen K.; Bicsok-Orb\u00e1n; Id\u0151t\u00e1r 1; P\u00e1lmay; Teleki Mih\u00e1ly levelez\u00e9se 7<\/br><\/p>\n","protected":false},"excerpt":{"rendered":"<p>1630 k. \u2020 1688.: t\u00e1blai \u00fcln\u00f6k, f\u0151kapit\u00e1ny, fejedelmi tan\u00e1csos, portai k\u00f6vet, kincst\u00e1ri f\u0151sz\u00e1mol\u00f3, eml\u00e9k\u00edr\u00f3. \u2013 N. Tam\u00e1s h\u00e1romsz\u00e9ki f\u0151kapit\u00e1ny \u00e9s Mik\u00f3 Zsuzsanna fia. Feles\u00e9ge 1. P\u00e1pai Anna. Gyermekeik: J\u00e1nos , M\u00e1ria Wass Gy\u00f6rgyn\u00e9 (\u20201683); 2. berhidai Husz\u00e1r Borb\u00e1la. Fi\u00fak: M\u00e1ty\u00e1s (\u2020 1677). \u2013 A fejedelmi t\u00e1bla \u00fcln\u00f6ke (1663\u201378), h\u00e1romsz\u00e9ki f\u0151kapit\u00e1ny (1667\u2013), portai k\u00f6vet, kincst\u00e1ri f\u0151sz\u00e1mol\u00f3 [&hellip;]<\/p>\n","protected":false},"featured_media":0,"comment_status":"open","ping_status":"closed","template":"","meta":[],"product_brand":[],"product_cat":[137],"product_tag":[],"class_list":{"0":"post-16680","1":"product","2":"type-product","3":"status-publish","5":"product_cat-maros-megyei-eletrajzi-lexikon","7":"first","8":"instock","9":"shipping-taxable","10":"product-type-simple"},"_links":{"self":[{"href":"https:\/\/uj.adatbank.ro\/lexikon\/wp-json\/wp\/v2\/product\/16680","targetHints":{"allow":["GET"]}}],"collection":[{"href":"https:\/\/uj.adatbank.ro\/lexikon\/wp-json\/wp\/v2\/product"}],"about":[{"href":"https:\/\/uj.adatbank.ro\/lexikon\/wp-json\/wp\/v2\/types\/product"}],"replies":[{"embeddable":true,"href":"https:\/\/uj.adatbank.ro\/lexikon\/wp-json\/wp\/v2\/comments?post=16680"}],"wp:attachment":[{"href":"https:\/\/uj.adatbank.ro\/lexikon\/wp-json\/wp\/v2\/media?parent=16680"}],"wp:term":[{"taxonomy":"product_brand","embeddable":true,"href":"https:\/\/uj.adatbank.ro\/lexikon\/wp-json\/wp\/v2\/product_brand?post=16680"},{"taxonomy":"product_cat","embeddable":true,"href":"https:\/\/uj.adatbank.ro\/lexikon\/wp-json\/wp\/v2\/product_cat?post=16680"},{"taxonomy":"product_tag","embeddable":true,"href":"https:\/\/uj.adatbank.ro\/lexikon\/wp-json\/wp\/v2\/product_tag?post=16680"}],"curies":[{"name":"wp","href":"https:\/\/api.w.org\/{rel}","templated":true}]}}

NEMES János, hidvégi és oltszemi gr.

<p>1630 k. † 1688.: táblai ülnök, főkapitány, fejedelmi tanácsos, portai követ, kincstári főszámoló, emlékíró. – N. Tamás háromszéki főkapitány és Mikó Zsuzsanna fia. Felesége 1. Pápai Anna. Gyermekeik: János , Mária Wass Györgyné (†1683); 2. berhidai Huszár Borbála. Fiúk: Mátyás († 1677). – A fejedelmi tábla ülnöke (1663–78), háromszéki főkapitány (1667–), portai követ, kincstári főszámoló (1679–80) a fejedelmi tanács tagja (1678–88). Naplóíró (1651–86 közötti időszakról). II. Rákóczi Györgyöt Radnótról a mv.-i ogy. kísérő küldöttség tagja (1659). Naplójának eredetije elpusztult (1849), másolatot készített Nemes Ferenc (1793). Teleki Mihályhoz Várhegyről kelt levele (1675–77). – <strong>F. m.:</strong> Hidvégi id. N. J. naplója az 1651–1686. évekről / Közli Tóth Ernő (Történelmi Tár, 1902). <br /><strong>Irod.:</strong> Aranka György; Árva Bethlen K.; Bicsok-Orbán; Időtár 1; Pálmay; Teleki Mihály levelezése 7</br></p>

<p>1630 k. † 1688.: táblai ülnök, főkapitány, fejedelmi tanácsos, portai követ, kincstári főszámoló, emlékíró. – N. Tamás háromszéki főkapitány és Mikó Zsuzsanna fia. Felesége 1. Pápai Anna. Gyermekeik: János , Mária Wass Györgyné (†1683); 2. berhidai Huszár Borbála. Fiúk: Mátyás († 1677). – A fejedelmi tábla ülnöke (1663–78), háromszéki főkapitány (1667–), portai követ, kincstári főszámoló [&hellip;]</p>
