{"id":16685,"date":"2025-07-15T23:26:41","date_gmt":"2025-07-15T21:26:41","guid":{"rendered":"https:\/\/uj.adatbank.ro\/lexikon\/termek\/nemes-jozsef\/"},"modified":"2025-07-15T23:26:41","modified_gmt":"2025-07-15T21:26:41","slug":"nemes-jozsef","status":"publish","type":"product","link":"https:\/\/uj.adatbank.ro\/lexikon\/termek\/nemes-jozsef\/","title":{"rendered":"NEMES J\u00f3zsef"},"content":{"rendered":"<p>? \u2020 ?: karmester. \u2013 A Mv.-i Dalk\u00f6r vezet\u00e9s\u00e9t vette \u00e1t r\u00f6vid ideig V\u00e9gler Gyula t\u00e1voz\u00e1sa ut\u00e1n (1876\u2013). A Dalk\u00f6rnek 35 j\u00f3l iskol\u00e1zott \u00e1lland\u00f3 tagja volt Felk\u00e9sz\u00edtette a k\u00f3rust a debreceni dalversenyre (1882), Debrecenben, Nagyv\u00e1radon, Kv.-on d\u00edjat, kit\u00fcntet\u00e9st nyertek. \u2013 Irod. B\u00f6jthe Andor: A G\u00f6rg\u00e9nyi ev. ref. egyh\u00e1zmegye t\u00f6rt\u00e9nete [k\u00e9zirat]; D. nov. 18.e\u00e1k Lajos: Visszatekint\u00e9s a dalk\u00f6r m\u00faltj\u00e1ra = Eml\u00e9kk\u00f6nyv (szerk. Farkas D\u00e1niel; Mv., 1883); Kim K. Kiss Ferenc : A mv.-i k\u00f3rus\u00e9let m\u00faltj\u00e1r\u00f3l (\u00daj \u00c9let, 22. sz. 1980)<\/br><\/p>\n","protected":false},"excerpt":{"rendered":"<p>? \u2020 ?: karmester. \u2013 A Mv.-i Dalk\u00f6r vezet\u00e9s\u00e9t vette \u00e1t r\u00f6vid ideig V\u00e9gler Gyula t\u00e1voz\u00e1sa ut\u00e1n (1876\u2013). A Dalk\u00f6rnek 35 j\u00f3l iskol\u00e1zott \u00e1lland\u00f3 tagja volt Felk\u00e9sz\u00edtette a k\u00f3rust a debreceni dalversenyre (1882), Debrecenben, Nagyv\u00e1radon, Kv.-on d\u00edjat, kit\u00fcntet\u00e9st nyertek. \u2013 Irod. B\u00f6jthe Andor: A G\u00f6rg\u00e9nyi ev. ref. egyh\u00e1zmegye t\u00f6rt\u00e9nete [k\u00e9zirat]; D. nov. 18.e\u00e1k Lajos: Visszatekint\u00e9s [&hellip;]<\/p>\n","protected":false},"featured_media":0,"comment_status":"open","ping_status":"closed","template":"","meta":[],"product_brand":[],"product_cat":[137],"product_tag":[],"class_list":{"0":"post-16685","1":"product","2":"type-product","3":"status-publish","5":"product_cat-maros-megyei-eletrajzi-lexikon","7":"first","8":"instock","9":"shipping-taxable","10":"product-type-simple"},"_links":{"self":[{"href":"https:\/\/uj.adatbank.ro\/lexikon\/wp-json\/wp\/v2\/product\/16685","targetHints":{"allow":["GET"]}}],"collection":[{"href":"https:\/\/uj.adatbank.ro\/lexikon\/wp-json\/wp\/v2\/product"}],"about":[{"href":"https:\/\/uj.adatbank.ro\/lexikon\/wp-json\/wp\/v2\/types\/product"}],"replies":[{"embeddable":true,"href":"https:\/\/uj.adatbank.ro\/lexikon\/wp-json\/wp\/v2\/comments?post=16685"}],"wp:attachment":[{"href":"https:\/\/uj.adatbank.ro\/lexikon\/wp-json\/wp\/v2\/media?parent=16685"}],"wp:term":[{"taxonomy":"product_brand","embeddable":true,"href":"https:\/\/uj.adatbank.ro\/lexikon\/wp-json\/wp\/v2\/product_brand?post=16685"},{"taxonomy":"product_cat","embeddable":true,"href":"https:\/\/uj.adatbank.ro\/lexikon\/wp-json\/wp\/v2\/product_cat?post=16685"},{"taxonomy":"product_tag","embeddable":true,"href":"https:\/\/uj.adatbank.ro\/lexikon\/wp-json\/wp\/v2\/product_tag?post=16685"}],"curies":[{"name":"wp","href":"https:\/\/api.w.org\/{rel}","templated":true}]}}

NEMES József

<p>? † ?: karmester. – A Mv.-i Dalkör vezetését vette át rövid ideig Végler Gyula távozása után (1876–). A Dalkörnek 35 jól iskolázott állandó tagja volt Felkészítette a kórust a debreceni dalversenyre (1882), Debrecenben, Nagyváradon, Kv.-on díjat, kitüntetést nyertek. – Irod. Böjthe Andor: A Görgényi ev. ref. egyházmegye története [kézirat]; D. nov. 18.eák Lajos: Visszatekintés a dalkör múltjára = Emlékkönyv (szerk. Farkas Dániel; Mv., 1883); Kim K. Kiss Ferenc : A mv.-i kórusélet múltjáról (Új Élet, 22. sz. 1980)</br></p>

<p>? † ?: karmester. – A Mv.-i Dalkör vezetését vette át rövid ideig Végler Gyula távozása után (1876–). A Dalkörnek 35 jól iskolázott állandó tagja volt Felkészítette a kórust a debreceni dalversenyre (1882), Debrecenben, Nagyváradon, Kv.-on díjat, kitüntetést nyertek. – Irod. Böjthe Andor: A Görgényi ev. ref. egyházmegye története [kézirat]; D. nov. 18.eák Lajos: Visszatekintés [&hellip;]</p>
