{"id":16687,"date":"2025-07-15T23:26:45","date_gmt":"2025-07-15T21:26:45","guid":{"rendered":"https:\/\/uj.adatbank.ro\/lexikon\/termek\/nemes-jozsef-3\/"},"modified":"2025-07-15T23:26:45","modified_gmt":"2025-07-15T21:26:45","slug":"nemes-jozsef-3","status":"publish","type":"product","link":"https:\/\/uj.adatbank.ro\/lexikon\/termek\/nemes-jozsef-3\/","title":{"rendered":"NEMES J\u00f3zsef"},"content":{"rendered":"<p>? \u2020 ?: munk\u00e1smozgalmi harcos. \u2013 N. Dezs\u0151 testv\u00e9re. Kommunista harcos volt a Siguranta detekt\u00edvei b\u00e1ntalmazt\u00e1k (1931).A mv.-i Erd\u00e9lyi P\u00e1rt titk\u00e1rs\u00e1gi tagja.T\u00f6bb alkalommal is felemelte szav\u00e1t a II. vh-b\u00f3l val\u00f3 kil\u00e9p\u00e9s\u00e9rt, a h\u00e1bor\u00fa befejez\u00e9s\u00e9\u00e9rt. Agit\u00e1tork\u00e9nt t\u00f6bbsz\u00f6r is letart\u00f3ztatt\u00e1k, \u00e9s Kv.-on b\u00f6rt\u00f6nbe z\u00e1rt\u00e1k. Kiszabadul\u00e1sa ut\u00e1n is folytatta tev\u00e9kenys\u00e9g\u00e9t. Amikor megalakult a Kommunist\u00e1k \u00c9szak Erd\u00e9lyi P\u00e1rtja bev\u00e1lasztott\u00e1k annak vezet\u0151s\u00e9g\u00e9be (1944. szept.26.). <br \/><strong>Irod.:<\/strong> Id\u0151t\u00e1r 3; Katona Szab\u00f3<\/br><\/p>\n","protected":false},"excerpt":{"rendered":"<p>? \u2020 ?: munk\u00e1smozgalmi harcos. \u2013 N. Dezs\u0151 testv\u00e9re. Kommunista harcos volt a Siguranta detekt\u00edvei b\u00e1ntalmazt\u00e1k (1931).A mv.-i Erd\u00e9lyi P\u00e1rt titk\u00e1rs\u00e1gi tagja.T\u00f6bb alkalommal is felemelte szav\u00e1t a II. vh-b\u00f3l val\u00f3 kil\u00e9p\u00e9s\u00e9rt, a h\u00e1bor\u00fa befejez\u00e9s\u00e9\u00e9rt. Agit\u00e1tork\u00e9nt t\u00f6bbsz\u00f6r is letart\u00f3ztatt\u00e1k, \u00e9s Kv.-on b\u00f6rt\u00f6nbe z\u00e1rt\u00e1k. Kiszabadul\u00e1sa ut\u00e1n is folytatta tev\u00e9kenys\u00e9g\u00e9t. Amikor megalakult a Kommunist\u00e1k \u00c9szak Erd\u00e9lyi P\u00e1rtja bev\u00e1lasztott\u00e1k [&hellip;]<\/p>\n","protected":false},"featured_media":0,"comment_status":"open","ping_status":"closed","template":"","meta":[],"product_brand":[],"product_cat":[137],"product_tag":[],"class_list":{"0":"post-16687","1":"product","2":"type-product","3":"status-publish","5":"product_cat-maros-megyei-eletrajzi-lexikon","7":"first","8":"instock","9":"shipping-taxable","10":"product-type-simple"},"_links":{"self":[{"href":"https:\/\/uj.adatbank.ro\/lexikon\/wp-json\/wp\/v2\/product\/16687","targetHints":{"allow":["GET"]}}],"collection":[{"href":"https:\/\/uj.adatbank.ro\/lexikon\/wp-json\/wp\/v2\/product"}],"about":[{"href":"https:\/\/uj.adatbank.ro\/lexikon\/wp-json\/wp\/v2\/types\/product"}],"replies":[{"embeddable":true,"href":"https:\/\/uj.adatbank.ro\/lexikon\/wp-json\/wp\/v2\/comments?post=16687"}],"wp:attachment":[{"href":"https:\/\/uj.adatbank.ro\/lexikon\/wp-json\/wp\/v2\/media?parent=16687"}],"wp:term":[{"taxonomy":"product_brand","embeddable":true,"href":"https:\/\/uj.adatbank.ro\/lexikon\/wp-json\/wp\/v2\/product_brand?post=16687"},{"taxonomy":"product_cat","embeddable":true,"href":"https:\/\/uj.adatbank.ro\/lexikon\/wp-json\/wp\/v2\/product_cat?post=16687"},{"taxonomy":"product_tag","embeddable":true,"href":"https:\/\/uj.adatbank.ro\/lexikon\/wp-json\/wp\/v2\/product_tag?post=16687"}],"curies":[{"name":"wp","href":"https:\/\/api.w.org\/{rel}","templated":true}]}}

NEMES József

<p>? † ?: munkásmozgalmi harcos. – N. Dezső testvére. Kommunista harcos volt a Siguranta detektívei bántalmazták (1931).A mv.-i Erdélyi Párt titkársági tagja.Több alkalommal is felemelte szavát a II. vh-ból való kilépésért, a háború befejezéséért. Agitátorként többször is letartóztatták, és Kv.-on börtönbe zárták. Kiszabadulása után is folytatta tevékenységét. Amikor megalakult a Kommunisták Észak Erdélyi Pártja beválasztották annak vezetőségébe (1944. szept.26.). <br /><strong>Irod.:</strong> Időtár 3; Katona Szabó</br></p>

<p>? † ?: munkásmozgalmi harcos. – N. Dezső testvére. Kommunista harcos volt a Siguranta detektívei bántalmazták (1931).A mv.-i Erdélyi Párt titkársági tagja.Több alkalommal is felemelte szavát a II. vh-ból való kilépésért, a háború befejezéséért. Agitátorként többször is letartóztatták, és Kv.-on börtönbe zárták. Kiszabadulása után is folytatta tevékenységét. Amikor megalakult a Kommunisták Észak Erdélyi Pártja beválasztották [&hellip;]</p>
