{"id":1669,"date":"2025-06-28T11:49:26","date_gmt":"2025-06-28T09:49:26","guid":{"rendered":"https:\/\/uj.adatbank.ro\/lexikon\/termek\/aiudean-clemente-enyedi-clemente\/"},"modified":"2025-06-28T11:49:26","modified_gmt":"2025-06-28T09:49:26","slug":"aiudean-clemente-enyedi-clemente","status":"publish","type":"product","link":"https:\/\/uj.adatbank.ro\/lexikon\/termek\/aiudean-clemente-enyedi-clemente\/","title":{"rendered":"AIUDEAN Clemente, Enyedi Clemente"},"content":{"rendered":"<p>1820.,\u2020 Top\u00e1nfalva, ?.: forradalm\u00e1r. \u2013 1848\/49 egyik vez\u00e9ralakja, Avram Iancu bar\u00e1tja, br. Bornemissza P\u00e1l abaf\u00e1ji nemesi udvar\u00e1nak vezet\u0151je. <br \/><strong>Irod.:<\/strong> MMK<\/br><\/p>\n","protected":false},"excerpt":{"rendered":"<p>1820.,\u2020 Top\u00e1nfalva, ?.: forradalm\u00e1r. \u2013 1848\/49 egyik vez\u00e9ralakja, Avram Iancu bar\u00e1tja, br. Bornemissza P\u00e1l abaf\u00e1ji nemesi udvar\u00e1nak vezet\u0151je. Irod.: MMK<\/p>\n","protected":false},"featured_media":0,"comment_status":"open","ping_status":"closed","template":"","meta":[],"product_brand":[],"product_cat":[137],"product_tag":[],"class_list":{"0":"post-1669","1":"product","2":"type-product","3":"status-publish","5":"product_cat-maros-megyei-eletrajzi-lexikon","7":"first","8":"instock","9":"shipping-taxable","10":"product-type-simple"},"_links":{"self":[{"href":"https:\/\/uj.adatbank.ro\/lexikon\/wp-json\/wp\/v2\/product\/1669","targetHints":{"allow":["GET"]}}],"collection":[{"href":"https:\/\/uj.adatbank.ro\/lexikon\/wp-json\/wp\/v2\/product"}],"about":[{"href":"https:\/\/uj.adatbank.ro\/lexikon\/wp-json\/wp\/v2\/types\/product"}],"replies":[{"embeddable":true,"href":"https:\/\/uj.adatbank.ro\/lexikon\/wp-json\/wp\/v2\/comments?post=1669"}],"wp:attachment":[{"href":"https:\/\/uj.adatbank.ro\/lexikon\/wp-json\/wp\/v2\/media?parent=1669"}],"wp:term":[{"taxonomy":"product_brand","embeddable":true,"href":"https:\/\/uj.adatbank.ro\/lexikon\/wp-json\/wp\/v2\/product_brand?post=1669"},{"taxonomy":"product_cat","embeddable":true,"href":"https:\/\/uj.adatbank.ro\/lexikon\/wp-json\/wp\/v2\/product_cat?post=1669"},{"taxonomy":"product_tag","embeddable":true,"href":"https:\/\/uj.adatbank.ro\/lexikon\/wp-json\/wp\/v2\/product_tag?post=1669"}],"curies":[{"name":"wp","href":"https:\/\/api.w.org\/{rel}","templated":true}]}}