{"id":16690,"date":"2025-07-15T23:26:49","date_gmt":"2025-07-15T21:26:49","guid":{"rendered":"https:\/\/uj.adatbank.ro\/lexikon\/termek\/nemes-karoly\/"},"modified":"2025-07-15T23:26:49","modified_gmt":"2025-07-15T21:26:49","slug":"nemes-karoly","status":"publish","type":"product","link":"https:\/\/uj.adatbank.ro\/lexikon\/termek\/nemes-karoly\/","title":{"rendered":"NEMES K\u00e1roly"},"content":{"rendered":"<p>Sz\u00f6v\u00e9rd, 1911. nov. 27., \u2020 Mv., 1957. m\u00e1j. 15.: tan\u00e1r, iskolaigazgat\u00f3, k\u00f6nyvt\u00e1ros. \u2013 Az \u00e9desapja hal\u00e1la ut\u00e1n az \u00e9desanyja a n\u00e9gy fi\u00e1val Kor\u00f3dszentm\u00e1rtonba k\u00f6lt\u00f6z\u00f6tt. \u2013 A mv.-i Ref. Koll.-ban \u00e9retts\u00e9gizett (1931) \u00e9s a kv.-i egyetemen szerzett t\u00f6rt\u00e9nelem-f\u00f6ldrajz-filoz\u00f3fia szakos diplom\u00e1t (1938). A II. vh.-ban tart. z\u00e1szl\u00f3si rangban vett r\u00e9szt. A mv.-i Ref. Koll.-ban kapott tan\u00e1ri \u00e1ll\u00e1st, t\u00f6rt\u00e9nelem \u2013 \u00e9s filoz\u00f3fiatan\u00e1r (1938. szept. 1.\u201353), k\u00f6zben az iskola igazgat\u00f3ja, amikor Iosif Ranghe\u0163 M. Tannyelv\u0171 Fi\u00fal\u00edc. n\u00e9ven m\u0171k\u00f6d\u00f6tt (1949. aug. 1. \u2013 1952. szept.1.). A kommunista id\u0151kben koholt v\u00e1dak alapj\u00e1n letart\u00f3ztatt\u00e1k, b\u00f6rt\u00f6nb\u00fcntet\u00e9sre it\u00e9lt\u00e9k. El\u0151bb p\u00e1rhuzamosan Guly\u00e1s K\u00e1roly-al k\u00f6nyvt\u00e1ros majd ut\u00f3dja a Teleki T\u00e9k\u00e1ban (1942. m\u00e1j.\u2013), aki megismertette a k\u00f6nyvt\u00e1rosi teend\u0151kkel, kezdetben pr\u00f3baid\u0151s k\u00f6nyvt\u00e1ros, majd egyed\u00fcli k\u00f6nyvt\u00e1ros (1938. j\u00fan. 1. \u2013 1951. m\u00e1j. 2) Teleki Domokossal \u00e9s Guly\u00e1s K\u00e1rollyal kiv\u00e1logatt\u00e1k \u00e9s p\u00e1nc\u00e9lszekr\u00e9nybe helyezt\u00e9k a legnagyobb k\u00f6nyvt\u00e1ri \u00e9rt\u00e9keket. A v\u00e1ros adminisztr\u00e1ci\u00f3s \u00fcgyeit int\u00e9z\u0151 ideiglenes bizotts\u00e1g megb\u00edz\u00e1s\u00e1b\u00f3l elk\u00e9sz\u00edtette a k\u00f6nyvt\u00e1r\u00e9p\u00fclet, a mellette lev\u0151 f\u00f6ldter\u00fclet, a k\u00f6nyvt\u00e1r \u00e9s az \u00e9p\u00fclet t\u00f6bbi helys\u00e9ge b\u00fatorzat\u00e1nak, egy\u00e9b ing\u00f3s\u00e1goknak a sz\u00e1mbav\u00e9tel\u00e9t, valamint a k\u00f6nyv\u00e1llom\u00e1ny glob\u00e1lis lelt\u00e1r\u00e1t (1949\u201350). Sokat tett a k\u00f6nyvt\u00e1r megment\u00e9s\u00e9\u00e9rt a h\u00e1bor\u00fa \u00e9s az \u00e1llamos\u00edt\u00e1s alatt. A frontra vez\u00e9nyelt\u00e9k (1944. m\u00e1rc.\u20131946. tavasz), m\u00edg katona volt a k\u00f6nyvt\u00e1rosi teend\u0151ket feles\u00e9ge, Varga Etelka tan\u00e1rn\u0151 v\u00e9gezte el. A kommunista id\u0151kben b\u00f6rt\u00f6nb\u00fcntet\u00e9sre it\u00e9lt\u00e9k, a hadb\u00edr\u00f3s\u00e1gi t\u00e1rgyal\u00e1son tan\u00e1r \u2013 \u00e9s hadnagyt\u00e1rsa, P\u00e1lffy Antal, karak\u00e1nul v\u00e9delmezte. Az EME tagja (1947. jan. 1.\u2013). <br \/><strong>Irod.:<\/strong> csal\u00e1di inf.; B\u00e1nyai R\u00e9ka: Egy k\u00f6nyvt\u00e1r mindennapjai = K\u00f6nyvek \u00e1ltal \u2026; Berekm\u00e9ri; Csekme; De\u00e9; Kincses El\u0151d: Az iskola m\u00e1rt\u00edrjai (N\u00fa., 2007. aug. 28.); Kozma; M\u00e1th\u00e9-Haller; Mv. t\u00f6rt. 2.; Sk\u00f3la<\/br><\/p>\n","protected":false},"excerpt":{"rendered":"<p>Sz\u00f6v\u00e9rd, 1911. nov. 27., \u2020 Mv., 1957. m\u00e1j. 15.: tan\u00e1r, iskolaigazgat\u00f3, k\u00f6nyvt\u00e1ros. \u2013 Az \u00e9desapja hal\u00e1la ut\u00e1n az \u00e9desanyja a n\u00e9gy fi\u00e1val Kor\u00f3dszentm\u00e1rtonba k\u00f6lt\u00f6z\u00f6tt. \u2013 A mv.-i Ref. Koll.-ban \u00e9retts\u00e9gizett (1931) \u00e9s a kv.-i egyetemen szerzett t\u00f6rt\u00e9nelem-f\u00f6ldrajz-filoz\u00f3fia szakos diplom\u00e1t (1938). A II. vh.-ban tart. z\u00e1szl\u00f3si rangban vett r\u00e9szt. A mv.-i Ref. Koll.-ban kapott tan\u00e1ri \u00e1ll\u00e1st, [&hellip;]<\/p>\n","protected":false},"featured_media":0,"comment_status":"open","ping_status":"closed","template":"","meta":[],"product_brand":[],"product_cat":[137],"product_tag":[],"class_list":{"0":"post-16690","1":"product","2":"type-product","3":"status-publish","5":"product_cat-maros-megyei-eletrajzi-lexikon","7":"first","8":"instock","9":"shipping-taxable","10":"product-type-simple"},"_links":{"self":[{"href":"https:\/\/uj.adatbank.ro\/lexikon\/wp-json\/wp\/v2\/product\/16690","targetHints":{"allow":["GET"]}}],"collection":[{"href":"https:\/\/uj.adatbank.ro\/lexikon\/wp-json\/wp\/v2\/product"}],"about":[{"href":"https:\/\/uj.adatbank.ro\/lexikon\/wp-json\/wp\/v2\/types\/product"}],"replies":[{"embeddable":true,"href":"https:\/\/uj.adatbank.ro\/lexikon\/wp-json\/wp\/v2\/comments?post=16690"}],"wp:attachment":[{"href":"https:\/\/uj.adatbank.ro\/lexikon\/wp-json\/wp\/v2\/media?parent=16690"}],"wp:term":[{"taxonomy":"product_brand","embeddable":true,"href":"https:\/\/uj.adatbank.ro\/lexikon\/wp-json\/wp\/v2\/product_brand?post=16690"},{"taxonomy":"product_cat","embeddable":true,"href":"https:\/\/uj.adatbank.ro\/lexikon\/wp-json\/wp\/v2\/product_cat?post=16690"},{"taxonomy":"product_tag","embeddable":true,"href":"https:\/\/uj.adatbank.ro\/lexikon\/wp-json\/wp\/v2\/product_tag?post=16690"}],"curies":[{"name":"wp","href":"https:\/\/api.w.org\/{rel}","templated":true}]}}

NEMES Károly

<p>Szövérd, 1911. nov. 27., † Mv., 1957. máj. 15.: tanár, iskolaigazgató, könyvtáros. – Az édesapja halála után az édesanyja a négy fiával Koródszentmártonba költözött. – A mv.-i Ref. Koll.-ban érettségizett (1931) és a kv.-i egyetemen szerzett történelem-földrajz-filozófia szakos diplomát (1938). A II. vh.-ban tart. zászlósi rangban vett részt. A mv.-i Ref. Koll.-ban kapott tanári állást, történelem – és filozófiatanár (1938. szept. 1.–53), közben az iskola igazgatója, amikor Iosif Rangheţ M. Tannyelvű Fiúlíc. néven működött (1949. aug. 1. – 1952. szept.1.). A kommunista időkben koholt vádak alapján letartóztatták, börtönbüntetésre itélték. Előbb párhuzamosan Gulyás Károly-al könyvtáros majd utódja a Teleki Tékában (1942. máj.–), aki megismertette a könyvtárosi teendőkkel, kezdetben próbaidős könyvtáros, majd egyedüli könyvtáros (1938. jún. 1. – 1951. máj. 2) Teleki Domokossal és Gulyás Károllyal kiválogatták és páncélszekrénybe helyezték a legnagyobb könyvtári értékeket. A város adminisztrációs ügyeit intéző ideiglenes bizottság megbízásából elkészítette a könyvtárépület, a mellette levő földterület, a könyvtár és az épület többi helysége bútorzatának, egyéb ingóságoknak a számbavételét, valamint a könyvállomány globális leltárát (1949–50). Sokat tett a könyvtár megmentéséért a háború és az államosítás alatt. A frontra vezényelték (1944. márc.–1946. tavasz), míg katona volt a könyvtárosi teendőket felesége, Varga Etelka tanárnő végezte el. A kommunista időkben börtönbüntetésre itélték, a hadbírósági tárgyaláson tanár – és hadnagytársa, Pálffy Antal, karakánul védelmezte. Az EME tagja (1947. jan. 1.–). <br /><strong>Irod.:</strong> családi inf.; Bányai Réka: Egy könyvtár mindennapjai = Könyvek által …; Berekméri; Csekme; Deé; Kincses Előd: Az iskola mártírjai (Nú., 2007. aug. 28.); Kozma; Máthé-Haller; Mv. tört. 2.; Skóla</br></p>

<p>Szövérd, 1911. nov. 27., † Mv., 1957. máj. 15.: tanár, iskolaigazgató, könyvtáros. – Az édesapja halála után az édesanyja a négy fiával Koródszentmártonba költözött. – A mv.-i Ref. Koll.-ban érettségizett (1931) és a kv.-i egyetemen szerzett történelem-földrajz-filozófia szakos diplomát (1938). A II. vh.-ban tart. zászlósi rangban vett részt. A mv.-i Ref. Koll.-ban kapott tanári állást, [&hellip;]</p>
