{"id":16691,"date":"2025-07-15T23:26:51","date_gmt":"2025-07-15T21:26:51","guid":{"rendered":"https:\/\/uj.adatbank.ro\/lexikon\/termek\/nemes-karoly-szentistvani\/"},"modified":"2025-07-15T23:26:51","modified_gmt":"2025-07-15T21:26:51","slug":"nemes-karoly-szentistvani","status":"publish","type":"product","link":"https:\/\/uj.adatbank.ro\/lexikon\/termek\/nemes-karoly-szentistvani\/","title":{"rendered":"NEMES K\u00e1roly, szentistv\u00e1ni"},"content":{"rendered":"<p>1864., \u2020 Maross\u00e1rpatak, 1926. m\u00e1j. 20.: uradalmi int\u00e9z\u0151. \u2013 Testv\u00e9rei: N. Eliz, Albisi B\u00e9l\u00e1n\u00e9; N. R\u00f3za Fogarassi J\u00f3zsefn\u00e9. Feles\u00e9ge: B\u00e9k\u00e9ssy Piroska. Gyermekeik: N. Zolt\u00e1n, Irma, Istv\u00e1n, Margit. \u2013 Uradalmi f\u0151int\u00e9z\u0151, a g\u00f6rg\u00e9nyi ref. egyh\u00e1zmegye tan\u00e1csosa. <br \/><strong>Irod.:<\/strong> Gy\u00e1szjelent\u0151<\/br><\/p>\n","protected":false},"excerpt":{"rendered":"<p>1864., \u2020 Maross\u00e1rpatak, 1926. m\u00e1j. 20.: uradalmi int\u00e9z\u0151. \u2013 Testv\u00e9rei: N. Eliz, Albisi B\u00e9l\u00e1n\u00e9; N. R\u00f3za Fogarassi J\u00f3zsefn\u00e9. Feles\u00e9ge: B\u00e9k\u00e9ssy Piroska. Gyermekeik: N. Zolt\u00e1n, Irma, Istv\u00e1n, Margit. \u2013 Uradalmi f\u0151int\u00e9z\u0151, a g\u00f6rg\u00e9nyi ref. egyh\u00e1zmegye tan\u00e1csosa. Irod.: Gy\u00e1szjelent\u0151<\/p>\n","protected":false},"featured_media":0,"comment_status":"open","ping_status":"closed","template":"","meta":[],"product_brand":[],"product_cat":[137],"product_tag":[],"class_list":{"0":"post-16691","1":"product","2":"type-product","3":"status-publish","5":"product_cat-maros-megyei-eletrajzi-lexikon","7":"first","8":"instock","9":"shipping-taxable","10":"product-type-simple"},"_links":{"self":[{"href":"https:\/\/uj.adatbank.ro\/lexikon\/wp-json\/wp\/v2\/product\/16691","targetHints":{"allow":["GET"]}}],"collection":[{"href":"https:\/\/uj.adatbank.ro\/lexikon\/wp-json\/wp\/v2\/product"}],"about":[{"href":"https:\/\/uj.adatbank.ro\/lexikon\/wp-json\/wp\/v2\/types\/product"}],"replies":[{"embeddable":true,"href":"https:\/\/uj.adatbank.ro\/lexikon\/wp-json\/wp\/v2\/comments?post=16691"}],"wp:attachment":[{"href":"https:\/\/uj.adatbank.ro\/lexikon\/wp-json\/wp\/v2\/media?parent=16691"}],"wp:term":[{"taxonomy":"product_brand","embeddable":true,"href":"https:\/\/uj.adatbank.ro\/lexikon\/wp-json\/wp\/v2\/product_brand?post=16691"},{"taxonomy":"product_cat","embeddable":true,"href":"https:\/\/uj.adatbank.ro\/lexikon\/wp-json\/wp\/v2\/product_cat?post=16691"},{"taxonomy":"product_tag","embeddable":true,"href":"https:\/\/uj.adatbank.ro\/lexikon\/wp-json\/wp\/v2\/product_tag?post=16691"}],"curies":[{"name":"wp","href":"https:\/\/api.w.org\/{rel}","templated":true}]}}