{"id":16694,"date":"2025-07-15T23:26:55","date_gmt":"2025-07-15T21:26:55","guid":{"rendered":"https:\/\/uj.adatbank.ro\/lexikon\/termek\/nemes-laszlo\/"},"modified":"2025-07-15T23:26:55","modified_gmt":"2025-07-15T21:26:55","slug":"nemes-laszlo","status":"publish","type":"product","link":"https:\/\/uj.adatbank.ro\/lexikon\/termek\/nemes-laszlo\/","title":{"rendered":"NEMES L\u00e1szl\u00f3"},"content":{"rendered":"<p>Mv., 1931. szept. 4. \u2020 Mv., 2000. aug, 28.: dr., k\u00e9miatan\u00e1r, bi\u00f3k\u00e9mikus. \u2013 Sz\u00fcl\u0151v\u00e1ros\u00e1ban a Reform\u00e1tus Koll\u00e9giumban, ill. ut\u00f3diskol\u00e1j\u00e1ban, a Bolyai Farkas K\u00f6z\u00e9piskol\u00e1ban v\u00e9gezte tanulm\u00e1nyait (1950), a Bolyai Tudom\u00e1nyegyetem K\u00e9mia Kar\u00e1n szerzett oklevelet (1954). Tan\u00e1rseg\u00e9d a marosv\u00e1s\u00e1rhelyi OGYI gy\u00f3gyszer\u00e9szeti kar\u00e1n (1954\u201362), ugyanott a Pedag\u00f3giai F\u0151iskola Fizika-K\u00e9mia Kar\u00e1n adjunktus (1962\u201383), a k\u00e9miai tudom\u00e1nyok doktora (1978). 1983-t\u00f3l nyugd\u00edjaz\u00e1s\u00e1ig (1994) egykori liceum\u00e1ban tan\u00e1r. Kutat\u00e1si ter\u00fclete a fotogr\u00e1fiai k\u00e9mia, az anal\u00edzis elektrok\u00e9miai m\u00f3dszere. Tudom\u00e1nyos k\u00f6zlem\u00e9nyei buk-i \u00e9s moszkvai k\u00e9miai szaklapokban, a Studia Universitatis Babe\u015f-Bolyai, a mv.-i Revista Medical\u0103 has\u00e1bjain, valamint a budapesti Tudom\u00e1nyos \u00e9s Alkalmazott Fotogr\u00e1fiai Konferencia (1966), a toki\u00f3i Nemzetk\u00f6zi Fotogr\u00e1fiai Kongresszus (1967) kiadv\u00e1nyaiban jelentek meg. H\u00e1rom mv.-i v\u00e1llalatnak (Vegyipari Kombin\u00e1t, IMATEX, Prodcomplex) szerz\u0151d\u00e9ses alapon tudom\u00e1nyos-m\u0171szaki jelleg\u0171 szakdolgozatot k\u00e9sz\u00edtett. \u2013 <strong>F. m.:<\/strong> Biok\u00e9mia ( Mv. 1958); Bevezet\u00e9s a k\u00e9miai anal\u00edzisbe (Mv. 1968); Vegyipari k\u00e9mia (Mv., 1978); <strong>t\u00e1rssz.:<\/strong> Bi\u00f3k\u00e9mia (Eperjessy Ann\u00e1val; Mv., 1959). <br \/><strong>Irod.:<\/strong> [Nekrol\u00f3g] (N\u00fa., 2000. aug. 29.); RMIL<\/br><\/p>\n","protected":false},"excerpt":{"rendered":"<p>Mv., 1931. szept. 4. \u2020 Mv., 2000. aug, 28.: dr., k\u00e9miatan\u00e1r, bi\u00f3k\u00e9mikus. \u2013 Sz\u00fcl\u0151v\u00e1ros\u00e1ban a Reform\u00e1tus Koll\u00e9giumban, ill. ut\u00f3diskol\u00e1j\u00e1ban, a Bolyai Farkas K\u00f6z\u00e9piskol\u00e1ban v\u00e9gezte tanulm\u00e1nyait (1950), a Bolyai Tudom\u00e1nyegyetem K\u00e9mia Kar\u00e1n szerzett oklevelet (1954). Tan\u00e1rseg\u00e9d a marosv\u00e1s\u00e1rhelyi OGYI gy\u00f3gyszer\u00e9szeti kar\u00e1n (1954\u201362), ugyanott a Pedag\u00f3giai F\u0151iskola Fizika-K\u00e9mia Kar\u00e1n adjunktus (1962\u201383), a k\u00e9miai tudom\u00e1nyok doktora (1978). 1983-t\u00f3l [&hellip;]<\/p>\n","protected":false},"featured_media":0,"comment_status":"open","ping_status":"closed","template":"","meta":[],"product_brand":[],"product_cat":[137],"product_tag":[],"class_list":{"0":"post-16694","1":"product","2":"type-product","3":"status-publish","5":"product_cat-maros-megyei-eletrajzi-lexikon","7":"first","8":"instock","9":"shipping-taxable","10":"product-type-simple"},"_links":{"self":[{"href":"https:\/\/uj.adatbank.ro\/lexikon\/wp-json\/wp\/v2\/product\/16694","targetHints":{"allow":["GET"]}}],"collection":[{"href":"https:\/\/uj.adatbank.ro\/lexikon\/wp-json\/wp\/v2\/product"}],"about":[{"href":"https:\/\/uj.adatbank.ro\/lexikon\/wp-json\/wp\/v2\/types\/product"}],"replies":[{"embeddable":true,"href":"https:\/\/uj.adatbank.ro\/lexikon\/wp-json\/wp\/v2\/comments?post=16694"}],"wp:attachment":[{"href":"https:\/\/uj.adatbank.ro\/lexikon\/wp-json\/wp\/v2\/media?parent=16694"}],"wp:term":[{"taxonomy":"product_brand","embeddable":true,"href":"https:\/\/uj.adatbank.ro\/lexikon\/wp-json\/wp\/v2\/product_brand?post=16694"},{"taxonomy":"product_cat","embeddable":true,"href":"https:\/\/uj.adatbank.ro\/lexikon\/wp-json\/wp\/v2\/product_cat?post=16694"},{"taxonomy":"product_tag","embeddable":true,"href":"https:\/\/uj.adatbank.ro\/lexikon\/wp-json\/wp\/v2\/product_tag?post=16694"}],"curies":[{"name":"wp","href":"https:\/\/api.w.org\/{rel}","templated":true}]}}

NEMES László

<p>Mv., 1931. szept. 4. † Mv., 2000. aug, 28.: dr., kémiatanár, biókémikus. – Szülővárosában a Református Kollégiumban, ill. utódiskolájában, a Bolyai Farkas Középiskolában végezte tanulmányait (1950), a Bolyai Tudományegyetem Kémia Karán szerzett oklevelet (1954). Tanársegéd a marosvásárhelyi OGYI gyógyszerészeti karán (1954–62), ugyanott a Pedagógiai Főiskola Fizika-Kémia Karán adjunktus (1962–83), a kémiai tudományok doktora (1978). 1983-tól nyugdíjazásáig (1994) egykori liceumában tanár. Kutatási területe a fotográfiai kémia, az analízis elektrokémiai módszere. Tudományos közleményei buk-i és moszkvai kémiai szaklapokban, a Studia Universitatis Babeş-Bolyai, a mv.-i Revista Medicală hasábjain, valamint a budapesti Tudományos és Alkalmazott Fotográfiai Konferencia (1966), a tokiói Nemzetközi Fotográfiai Kongresszus (1967) kiadványaiban jelentek meg. Három mv.-i vállalatnak (Vegyipari Kombinát, IMATEX, Prodcomplex) szerződéses alapon tudományos-műszaki jellegű szakdolgozatot készített. – <strong>F. m.:</strong> Biokémia ( Mv. 1958); Bevezetés a kémiai analízisbe (Mv. 1968); Vegyipari kémia (Mv., 1978); <strong>társsz.:</strong> Biókémia (Eperjessy Annával; Mv., 1959). <br /><strong>Irod.:</strong> [Nekrológ] (Nú., 2000. aug. 29.); RMIL</br></p>

<p>Mv., 1931. szept. 4. † Mv., 2000. aug, 28.: dr., kémiatanár, biókémikus. – Szülővárosában a Református Kollégiumban, ill. utódiskolájában, a Bolyai Farkas Középiskolában végezte tanulmányait (1950), a Bolyai Tudományegyetem Kémia Karán szerzett oklevelet (1954). Tanársegéd a marosvásárhelyi OGYI gyógyszerészeti karán (1954–62), ugyanott a Pedagógiai Főiskola Fizika-Kémia Karán adjunktus (1962–83), a kémiai tudományok doktora (1978). 1983-tól [&hellip;]</p>
