{"id":16701,"date":"2025-07-15T23:27:14","date_gmt":"2025-07-15T21:27:14","guid":{"rendered":"https:\/\/uj.adatbank.ro\/lexikon\/termek\/nemes-maria-hidvegi-gr-toldalagi-ferencne\/"},"modified":"2025-07-15T23:27:14","modified_gmt":"2025-07-15T21:27:14","slug":"nemes-maria-hidvegi-gr-toldalagi-ferencne","status":"publish","type":"product","link":"https:\/\/uj.adatbank.ro\/lexikon\/termek\/nemes-maria-hidvegi-gr-toldalagi-ferencne\/","title":{"rendered":"NEMES M\u00e1ria, hidv\u00e9gi gr., Toldalagi Ferencn\u00e9"},"content":{"rendered":"<p>1737., \u2020 Kv., 1794. m\u00e1rc. 7. tem. Nagyercse, 1794. \u00e1pr. 6.: f\u00f6ldbirtokos. \u2013 Ferenc \u00e9s Bethlen Druzsina l\u00e1nya. F\u00e9rje: 1. sepsiszentiv\u00e1nyi br. Henter Istv\u00e1n; 2. gr. Toldalaghi Ferenc marossz\u00e9ki f\u0151kir. b\u00edr\u00f3 ( esk.:1792. jan.). <br \/><strong>Irod.:<\/strong> Gudenus; P\u00e1lmay 2, 3<\/br><\/p>\n","protected":false},"excerpt":{"rendered":"<p>1737., \u2020 Kv., 1794. m\u00e1rc. 7. tem. Nagyercse, 1794. \u00e1pr. 6.: f\u00f6ldbirtokos. \u2013 Ferenc \u00e9s Bethlen Druzsina l\u00e1nya. F\u00e9rje: 1. sepsiszentiv\u00e1nyi br. Henter Istv\u00e1n; 2. gr. Toldalaghi Ferenc marossz\u00e9ki f\u0151kir. b\u00edr\u00f3 ( esk.:1792. jan.). Irod.: Gudenus; P\u00e1lmay 2, 3<\/p>\n","protected":false},"featured_media":0,"comment_status":"open","ping_status":"closed","template":"","meta":[],"product_brand":[],"product_cat":[137],"product_tag":[],"class_list":{"0":"post-16701","1":"product","2":"type-product","3":"status-publish","5":"product_cat-maros-megyei-eletrajzi-lexikon","7":"first","8":"instock","9":"shipping-taxable","10":"product-type-simple"},"_links":{"self":[{"href":"https:\/\/uj.adatbank.ro\/lexikon\/wp-json\/wp\/v2\/product\/16701","targetHints":{"allow":["GET"]}}],"collection":[{"href":"https:\/\/uj.adatbank.ro\/lexikon\/wp-json\/wp\/v2\/product"}],"about":[{"href":"https:\/\/uj.adatbank.ro\/lexikon\/wp-json\/wp\/v2\/types\/product"}],"replies":[{"embeddable":true,"href":"https:\/\/uj.adatbank.ro\/lexikon\/wp-json\/wp\/v2\/comments?post=16701"}],"wp:attachment":[{"href":"https:\/\/uj.adatbank.ro\/lexikon\/wp-json\/wp\/v2\/media?parent=16701"}],"wp:term":[{"taxonomy":"product_brand","embeddable":true,"href":"https:\/\/uj.adatbank.ro\/lexikon\/wp-json\/wp\/v2\/product_brand?post=16701"},{"taxonomy":"product_cat","embeddable":true,"href":"https:\/\/uj.adatbank.ro\/lexikon\/wp-json\/wp\/v2\/product_cat?post=16701"},{"taxonomy":"product_tag","embeddable":true,"href":"https:\/\/uj.adatbank.ro\/lexikon\/wp-json\/wp\/v2\/product_tag?post=16701"}],"curies":[{"name":"wp","href":"https:\/\/api.w.org\/{rel}","templated":true}]}}