{"id":16704,"date":"2025-07-15T23:27:20","date_gmt":"2025-07-15T21:27:20","guid":{"rendered":"https:\/\/uj.adatbank.ro\/lexikon\/termek\/nemes-mor-szentistani\/"},"modified":"2025-07-15T23:27:20","modified_gmt":"2025-07-15T21:27:20","slug":"nemes-mor-szentistani","status":"publish","type":"product","link":"https:\/\/uj.adatbank.ro\/lexikon\/termek\/nemes-mor-szentistani\/","title":{"rendered":"NEMES M\u00f3r, szentist\u00e1ni"},"content":{"rendered":"<p>? \u2020 Mv., 1929. febr. 27.: \u00fcgyv\u00e9d, k\u00f6nyvt\u00e1ros. \u2013 szentistv\u00e1ni N. J\u00f3zsef \u00e9s Reich Berta fia. Testv\u00e9rei: N. Szandrin lemh\u00e9nyi Butak Istv\u00e1nn\u00e9; N. Paula. Feles\u00e9ge: makfalvi D\u00f3sa Margit. Fiaik: N. J\u00f3zsef, N. Andr\u00e1s. \u2013 \u00dcgyv\u00e9d, dr. , a mv.-i ref. egyh\u00e1zk\u00f6zs\u00e9g p\u00e9nzt\u00e1rosa, egyh\u00e1zi jogtan\u00e1csos. K\u00f6nyvt\u00e1ros a Teleki T\u00e9k\u00e1ban (1907\u2013). A Mv.-i Kaszin\u00f3 v\u00e1lasztm\u00e1nyi tagja (1919\u2013). <br \/><strong>Irod.:<\/strong> Bern\u00e1dy; B\u00e1nyai R\u00e9ka: Egy k\u00f6nyvt\u00e1r mindennapjai = K\u00f6nyvek \u00e1ltal \u2026; Bi\u00e1s Istv\u00e1n; Gy\u00e1szjelent\u0151<\/br><\/p>\n","protected":false},"excerpt":{"rendered":"<p>? \u2020 Mv., 1929. febr. 27.: \u00fcgyv\u00e9d, k\u00f6nyvt\u00e1ros. \u2013 szentistv\u00e1ni N. J\u00f3zsef \u00e9s Reich Berta fia. Testv\u00e9rei: N. Szandrin lemh\u00e9nyi Butak Istv\u00e1nn\u00e9; N. Paula. Feles\u00e9ge: makfalvi D\u00f3sa Margit. Fiaik: N. J\u00f3zsef, N. Andr\u00e1s. \u2013 \u00dcgyv\u00e9d, dr. , a mv.-i ref. egyh\u00e1zk\u00f6zs\u00e9g p\u00e9nzt\u00e1rosa, egyh\u00e1zi jogtan\u00e1csos. K\u00f6nyvt\u00e1ros a Teleki T\u00e9k\u00e1ban (1907\u2013). A Mv.-i Kaszin\u00f3 v\u00e1lasztm\u00e1nyi tagja (1919\u2013). [&hellip;]<\/p>\n","protected":false},"featured_media":0,"comment_status":"open","ping_status":"closed","template":"","meta":[],"product_brand":[],"product_cat":[137],"product_tag":[],"class_list":{"0":"post-16704","1":"product","2":"type-product","3":"status-publish","5":"product_cat-maros-megyei-eletrajzi-lexikon","7":"first","8":"instock","9":"shipping-taxable","10":"product-type-simple"},"_links":{"self":[{"href":"https:\/\/uj.adatbank.ro\/lexikon\/wp-json\/wp\/v2\/product\/16704","targetHints":{"allow":["GET"]}}],"collection":[{"href":"https:\/\/uj.adatbank.ro\/lexikon\/wp-json\/wp\/v2\/product"}],"about":[{"href":"https:\/\/uj.adatbank.ro\/lexikon\/wp-json\/wp\/v2\/types\/product"}],"replies":[{"embeddable":true,"href":"https:\/\/uj.adatbank.ro\/lexikon\/wp-json\/wp\/v2\/comments?post=16704"}],"wp:attachment":[{"href":"https:\/\/uj.adatbank.ro\/lexikon\/wp-json\/wp\/v2\/media?parent=16704"}],"wp:term":[{"taxonomy":"product_brand","embeddable":true,"href":"https:\/\/uj.adatbank.ro\/lexikon\/wp-json\/wp\/v2\/product_brand?post=16704"},{"taxonomy":"product_cat","embeddable":true,"href":"https:\/\/uj.adatbank.ro\/lexikon\/wp-json\/wp\/v2\/product_cat?post=16704"},{"taxonomy":"product_tag","embeddable":true,"href":"https:\/\/uj.adatbank.ro\/lexikon\/wp-json\/wp\/v2\/product_tag?post=16704"}],"curies":[{"name":"wp","href":"https:\/\/api.w.org\/{rel}","templated":true}]}}

NEMES Mór, szentistáni

<p>? † Mv., 1929. febr. 27.: ügyvéd, könyvtáros. – szentistváni N. József és Reich Berta fia. Testvérei: N. Szandrin lemhényi Butak Istvánné; N. Paula. Felesége: makfalvi Dósa Margit. Fiaik: N. József, N. András. – Ügyvéd, dr. , a mv.-i ref. egyházközség pénztárosa, egyházi jogtanácsos. Könyvtáros a Teleki Tékában (1907–). A Mv.-i Kaszinó választmányi tagja (1919–). <br /><strong>Irod.:</strong> Bernády; Bányai Réka: Egy könyvtár mindennapjai = Könyvek által …; Biás István; Gyászjelentő</br></p>

<p>? † Mv., 1929. febr. 27.: ügyvéd, könyvtáros. – szentistváni N. József és Reich Berta fia. Testvérei: N. Szandrin lemhényi Butak Istvánné; N. Paula. Felesége: makfalvi Dósa Margit. Fiaik: N. József, N. András. – Ügyvéd, dr. , a mv.-i ref. egyházközség pénztárosa, egyházi jogtanácsos. Könyvtáros a Teleki Tékában (1907–). A Mv.-i Kaszinó választmányi tagja (1919–). [&hellip;]</p>
