{"id":16707,"date":"2025-07-15T23:27:26","date_gmt":"2025-07-15T21:27:26","guid":{"rendered":"https:\/\/uj.adatbank.ro\/lexikon\/termek\/nemes-odon-ribiczei-ifj\/"},"modified":"2025-07-15T23:27:26","modified_gmt":"2025-07-15T21:27:26","slug":"nemes-odon-ribiczei-ifj","status":"publish","type":"product","link":"https:\/\/uj.adatbank.ro\/lexikon\/termek\/nemes-odon-ribiczei-ifj\/","title":{"rendered":"NEMES \u00d6d\u00f6n, ribiczei, ifj."},"content":{"rendered":"<p>Mv., 1878. jan 18, \u2020 Bar\u00e1tka, 1925. okt. 4: m\u00e9rn\u00f6k, feltal\u00e1l\u00f3. \u2013Id. N. \u00d6d\u00f6n mv.-i polg isk. ig. \u00e9s csekefalvi Kiss Vilma fia. A mv.-i ref. koll.-ban tanult (\u20131896). Bp.-en jogot hallgatott k\u00f6zben egy\u00e9ves vas\u00fati tanfolyamot v\u00e9gzett, jogi tanulm\u00e1nyait otthagyva megn\u0151s\u00fclt \u00e9s k\u00fcl\u00f6nb\u0151z\u0151 helyeken vas\u00fatitisztvisel\u0151k\u00e9nt dolgozott.K\u00e9s\u0151bb Selmecb\u00e1ny\u00e1ra k\u00f6lt\u00f6z\u00fc\u00f6t \u00e9s b\u00e1ny\u00e1szakad\u00e9mi\u00e1t v\u00e9gzett. Arad megy\u00e9ben Menyh\u00e1z\u00e1n a Wenekheim gr. vas\u00fczem\u00e9n\u00e9l kapott \u00e1ll\u00e1st, innen G\u00f6m\u00f6r megy\u00e9be ment a hisny\u00f3vizi Heinzelmann vasgy\u00e1r r.t. igazgat\u00f3j\u00e1nak. Az 1. vh. kit\u00f6r\u00e9sekor a mv.-i 62. gy. e-hez hadnagyk\u00e9nt vonult be. Feltal\u00e1lt egy rep\u00fcl\u0151g\u00e9pr\u0151l val\u00f3 c\u00e9pz\u00f3 \u2013 \u00e9s haj\u00edt\u00f3 szerkezetet, a tal\u00e1lm\u00e1nyt a Had\u00fcgyminiszt\u00e9rium megv\u00e1s\u00e1rolta \u00e9s eredm\u00e9nyesen haszn\u00e1lta az osztr\u00e1k-magyar hadsereg a h\u00e1bor\u00fa v\u00e9g\u00e9ig. Vilmos cs\u00e1sz\u00e1rral is megismertett\u00e9k a tal\u00e1lm\u00e1nyt, ott amikor osztr\u00e1k tisztk\u00e9nt mutatt\u00e1k be, amit Nemes magyarra jav\u00edtott. Fegyelems\u00e9rt\u00e9s c\u00edm\u00e9n az olasz fronra k\u00fcldt\u00e9k, majd Szerbi\u00e1ban \u00e9rte a h\u00e1bor\u00fa v\u00e9ge, fogs\u00e1gba esett, megsz\u00f6k\u00f6tt \u00e9s kalandos uton ker\u00fclt haza. Mint sz\u00e1zados szerelt le t\u00f6bb kit\u00fcntet\u00e9ssel. A trianoni b\u00e9ke \u00e9letbel\u00e9pt\u00e9vel hazaj\u00f6tt Erd\u00e9lybe, ahol a tal\u00e1lm\u00e1ny\u00e1\u00e9rt kapott p\u00e9nzen a Cs\u00edk megyei vassalak-telepekbe fektetett t\u0151k\u00e9je \u00e9p\u00edtkez\u00e9seit a h\u00e1bor\u00fa elpuszt\u00edtotta. A bar\u00e1tkai aluminium \u00e9rcb\u00e1ny\u00e1kn\u00e1l lett igazgat\u00f3-f\u0151m\u00e9rn\u00f6k. Nagyon tehets\u00e9ges rajzol\u00f3 \u00e9s fest\u0151 volt, Selmecb\u00e1ny\u00e1n fejlesztette \u00e9desapj\u00e1t\u00f3l \u00f6r\u00f6k\u00f6lt tehets\u00e9g\u00e9t. Mur\u00e1ny vid\u00e9k\u00e9r\u0151l \u00e9s Bar\u00e1tka k\u00f6rny\u00e9k\u00e9r\u0151l t\u00f6bb j\u00f3 t\u00e1jk\u00e9pet festett. Mint VI. gimnazista n\u00e9h\u00e1ny v\u00e1zlatrajzot k\u00e9sz\u00edtett a Gog\u00e1nv\u00e1raljai templom mennyezetfestm\u00e9nyeir\u0151l. Kelemen Lajos oszt\u00e1lyt\u00e1rsa \u00e9s bar\u00e1tja volt. <br \/><strong>Irod.:<\/strong> Kelemen Lajos 2009<\/br><\/p>\n","protected":false},"excerpt":{"rendered":"<p>Mv., 1878. jan 18, \u2020 Bar\u00e1tka, 1925. okt. 4: m\u00e9rn\u00f6k, feltal\u00e1l\u00f3. \u2013Id. N. \u00d6d\u00f6n mv.-i polg isk. ig. \u00e9s csekefalvi Kiss Vilma fia. A mv.-i ref. koll.-ban tanult (\u20131896). Bp.-en jogot hallgatott k\u00f6zben egy\u00e9ves vas\u00fati tanfolyamot v\u00e9gzett, jogi tanulm\u00e1nyait otthagyva megn\u0151s\u00fclt \u00e9s k\u00fcl\u00f6nb\u0151z\u0151 helyeken vas\u00fatitisztvisel\u0151k\u00e9nt dolgozott.K\u00e9s\u0151bb Selmecb\u00e1ny\u00e1ra k\u00f6lt\u00f6z\u00fc\u00f6t \u00e9s b\u00e1ny\u00e1szakad\u00e9mi\u00e1t v\u00e9gzett. Arad megy\u00e9ben Menyh\u00e1z\u00e1n a [&hellip;]<\/p>\n","protected":false},"featured_media":0,"comment_status":"open","ping_status":"closed","template":"","meta":[],"product_brand":[],"product_cat":[137],"product_tag":[],"class_list":{"0":"post-16707","1":"product","2":"type-product","3":"status-publish","5":"product_cat-maros-megyei-eletrajzi-lexikon","7":"first","8":"instock","9":"shipping-taxable","10":"product-type-simple"},"_links":{"self":[{"href":"https:\/\/uj.adatbank.ro\/lexikon\/wp-json\/wp\/v2\/product\/16707","targetHints":{"allow":["GET"]}}],"collection":[{"href":"https:\/\/uj.adatbank.ro\/lexikon\/wp-json\/wp\/v2\/product"}],"about":[{"href":"https:\/\/uj.adatbank.ro\/lexikon\/wp-json\/wp\/v2\/types\/product"}],"replies":[{"embeddable":true,"href":"https:\/\/uj.adatbank.ro\/lexikon\/wp-json\/wp\/v2\/comments?post=16707"}],"wp:attachment":[{"href":"https:\/\/uj.adatbank.ro\/lexikon\/wp-json\/wp\/v2\/media?parent=16707"}],"wp:term":[{"taxonomy":"product_brand","embeddable":true,"href":"https:\/\/uj.adatbank.ro\/lexikon\/wp-json\/wp\/v2\/product_brand?post=16707"},{"taxonomy":"product_cat","embeddable":true,"href":"https:\/\/uj.adatbank.ro\/lexikon\/wp-json\/wp\/v2\/product_cat?post=16707"},{"taxonomy":"product_tag","embeddable":true,"href":"https:\/\/uj.adatbank.ro\/lexikon\/wp-json\/wp\/v2\/product_tag?post=16707"}],"curies":[{"name":"wp","href":"https:\/\/api.w.org\/{rel}","templated":true}]}}

NEMES Ödön, ribiczei, ifj.

<p>Mv., 1878. jan 18, † Barátka, 1925. okt. 4: mérnök, feltaláló. –Id. N. Ödön mv.-i polg isk. ig. és csekefalvi Kiss Vilma fia. A mv.-i ref. koll.-ban tanult (–1896). Bp.-en jogot hallgatott közben egyéves vasúti tanfolyamot végzett, jogi tanulmányait otthagyva megnősült és különbőző helyeken vasútitisztviselőként dolgozott.Később Selmecbányára költözüöt és bányászakadémiát végzett. Arad megyében Menyházán a Wenekheim gr. vasüzeménél kapott állást, innen Gömör megyébe ment a hisnyóvizi Heinzelmann vasgyár r.t. igazgatójának. Az 1. vh. kitörésekor a mv.-i 62. gy. e-hez hadnagyként vonult be. Feltalált egy repülőgépről való cépzó – és hajító szerkezetet, a találmányt a Hadügyminisztérium megvásárolta és eredményesen használta az osztrák-magyar hadsereg a háború végéig. Vilmos császárral is megismertették a találmányt, ott amikor osztrák tisztként mutatták be, amit Nemes magyarra javított. Fegyelemsértés címén az olasz fronra küldték, majd Szerbiában érte a háború vége, fogságba esett, megszökött és kalandos uton került haza. Mint százados szerelt le több kitüntetéssel. A trianoni béke életbeléptével hazajött Erdélybe, ahol a találmányáért kapott pénzen a Csík megyei vassalak-telepekbe fektetett tőkéje építkezéseit a háború elpusztította. A barátkai aluminium ércbányáknál lett igazgató-főmérnök. Nagyon tehetséges rajzoló és festő volt, Selmecbányán fejlesztette édesapjától örökölt tehetségét. Murány vidékéről és Barátka környékéről több jó tájképet festett. Mint VI. gimnazista néhány vázlatrajzot készített a Gogánváraljai templom mennyezetfestményeiről. Kelemen Lajos osztálytársa és barátja volt. <br /><strong>Irod.:</strong> Kelemen Lajos 2009</br></p>

<p>Mv., 1878. jan 18, † Barátka, 1925. okt. 4: mérnök, feltaláló. –Id. N. Ödön mv.-i polg isk. ig. és csekefalvi Kiss Vilma fia. A mv.-i ref. koll.-ban tanult (–1896). Bp.-en jogot hallgatott közben egyéves vasúti tanfolyamot végzett, jogi tanulmányait otthagyva megnősült és különbőző helyeken vasútitisztviselőként dolgozott.Később Selmecbányára költözüöt és bányászakadémiát végzett. Arad megyében Menyházán a [&hellip;]</p>
