{"id":16709,"date":"2025-07-15T23:27:31","date_gmt":"2025-07-15T21:27:31","guid":{"rendered":"https:\/\/uj.adatbank.ro\/lexikon\/termek\/nemes-pal-szentistvani\/"},"modified":"2025-07-15T23:27:31","modified_gmt":"2025-07-15T21:27:31","slug":"nemes-pal-szentistvani","status":"publish","type":"product","link":"https:\/\/uj.adatbank.ro\/lexikon\/termek\/nemes-pal-szentistvani\/","title":{"rendered":"NEMES P\u00e1l, szentistv\u00e1ni"},"content":{"rendered":"<p>? \u2020 ? : tan\u00e1csos, f\u0151b\u00edr\u00f3. \u2013 Nemes J\u00f3zsef fia. V\u00e1rosi tan\u00e1csos (1790, 1791, 1800); Intermedialis (helyettes) b\u00edr\u00f3 (1800). Javaslat\u00e1ra elhat\u00e1rozta a tan\u00e1cs egy sz\u00f6k\u0151k\u00fat \u00e9p\u00edt\u00e9s\u00e9t a Piacon (1800), f\u0151b\u00edr\u00f3 Mv.-en (1803). Mv. fels\u0151v\u00e1ros lak\u00f3inak k\u00e9nyelm\u00e9re a Szent Mikl\u00f3s utc\u00e1ban k\u00f6zpiacot l\u00e9tes\u00edtett (1806). <br \/><strong>Irod.:<\/strong> Fodor\u2013Bal\u00e1s; Kr\u00f3n. F\u00fcz. (1939. 4\/6); P\u00e1l-Antal 2006; P\u00e1l-Antal 2009; P\u00e1l-Antal 2013; Szentgy\u00f6rgyi<\/br><\/p>\n","protected":false},"excerpt":{"rendered":"<p>? \u2020 ? : tan\u00e1csos, f\u0151b\u00edr\u00f3. \u2013 Nemes J\u00f3zsef fia. V\u00e1rosi tan\u00e1csos (1790, 1791, 1800); Intermedialis (helyettes) b\u00edr\u00f3 (1800). Javaslat\u00e1ra elhat\u00e1rozta a tan\u00e1cs egy sz\u00f6k\u0151k\u00fat \u00e9p\u00edt\u00e9s\u00e9t a Piacon (1800), f\u0151b\u00edr\u00f3 Mv.-en (1803). Mv. fels\u0151v\u00e1ros lak\u00f3inak k\u00e9nyelm\u00e9re a Szent Mikl\u00f3s utc\u00e1ban k\u00f6zpiacot l\u00e9tes\u00edtett (1806). Irod.: Fodor\u2013Bal\u00e1s; Kr\u00f3n. F\u00fcz. (1939. 4\/6); P\u00e1l-Antal 2006; P\u00e1l-Antal 2009; P\u00e1l-Antal 2013; [&hellip;]<\/p>\n","protected":false},"featured_media":0,"comment_status":"open","ping_status":"closed","template":"","meta":[],"product_brand":[],"product_cat":[137],"product_tag":[],"class_list":{"0":"post-16709","1":"product","2":"type-product","3":"status-publish","5":"product_cat-maros-megyei-eletrajzi-lexikon","7":"first","8":"instock","9":"shipping-taxable","10":"product-type-simple"},"_links":{"self":[{"href":"https:\/\/uj.adatbank.ro\/lexikon\/wp-json\/wp\/v2\/product\/16709","targetHints":{"allow":["GET"]}}],"collection":[{"href":"https:\/\/uj.adatbank.ro\/lexikon\/wp-json\/wp\/v2\/product"}],"about":[{"href":"https:\/\/uj.adatbank.ro\/lexikon\/wp-json\/wp\/v2\/types\/product"}],"replies":[{"embeddable":true,"href":"https:\/\/uj.adatbank.ro\/lexikon\/wp-json\/wp\/v2\/comments?post=16709"}],"wp:attachment":[{"href":"https:\/\/uj.adatbank.ro\/lexikon\/wp-json\/wp\/v2\/media?parent=16709"}],"wp:term":[{"taxonomy":"product_brand","embeddable":true,"href":"https:\/\/uj.adatbank.ro\/lexikon\/wp-json\/wp\/v2\/product_brand?post=16709"},{"taxonomy":"product_cat","embeddable":true,"href":"https:\/\/uj.adatbank.ro\/lexikon\/wp-json\/wp\/v2\/product_cat?post=16709"},{"taxonomy":"product_tag","embeddable":true,"href":"https:\/\/uj.adatbank.ro\/lexikon\/wp-json\/wp\/v2\/product_tag?post=16709"}],"curies":[{"name":"wp","href":"https:\/\/api.w.org\/{rel}","templated":true}]}}

NEMES Pál, szentistváni

<p>? † ? : tanácsos, főbíró. – Nemes József fia. Városi tanácsos (1790, 1791, 1800); Intermedialis (helyettes) bíró (1800). Javaslatára elhatározta a tanács egy szökőkút építését a Piacon (1800), főbíró Mv.-en (1803). Mv. felsőváros lakóinak kényelmére a Szent Miklós utcában közpiacot létesített (1806). <br /><strong>Irod.:</strong> Fodor–Balás; Krón. Füz. (1939. 4/6); Pál-Antal 2006; Pál-Antal 2009; Pál-Antal 2013; Szentgyörgyi</br></p>

<p>? † ? : tanácsos, főbíró. – Nemes József fia. Városi tanácsos (1790, 1791, 1800); Intermedialis (helyettes) bíró (1800). Javaslatára elhatározta a tanács egy szökőkút építését a Piacon (1800), főbíró Mv.-en (1803). Mv. felsőváros lakóinak kényelmére a Szent Miklós utcában közpiacot létesített (1806). Irod.: Fodor–Balás; Krón. Füz. (1939. 4/6); Pál-Antal 2006; Pál-Antal 2009; Pál-Antal 2013; [&hellip;]</p>
