{"id":16713,"date":"2025-07-15T23:27:38","date_gmt":"2025-07-15T21:27:38","guid":{"rendered":"https:\/\/uj.adatbank.ro\/lexikon\/termek\/nemes-samuel-literati-szentistvani\/"},"modified":"2025-07-15T23:27:38","modified_gmt":"2025-07-15T21:27:38","slug":"nemes-samuel-literati-szentistvani","status":"publish","type":"product","link":"https:\/\/uj.adatbank.ro\/lexikon\/termek\/nemes-samuel-literati-szentistvani\/","title":{"rendered":"NEMES S\u00e1muel, liter\u00e1ti, szentistv\u00e1ni"},"content":{"rendered":"<p>Mv., 1794 v. 1795. j\u00fan. 28. \u2020 Kom\u00e1rom, 1842. szept. 19.: r\u00e9g\u00e9sz, r\u00e9gis\u00e9gkeresked\u0151, gy\u0171jt\u0151. \u2013 Tanulm\u00e1nyait a mv.-i Ref. Koll.-ban kezdte, de a kalandv\u00e1gy\u00f3 ifj\u00fa katon\u00e1nak \u00e1llt be, fogs\u00e1gba esett, himl\u0151ben megbetegedve haza t\u00e9rt sz\u00fcl\u0151v\u00e1ros\u00e1ba. Sokat olvasott, a latin nyelvben \u00e9s archeol\u00f3gi\u00e1ban k\u00e9pezte mag\u00e1t; 1830-t\u00f3l beutazta Mo-. Erd\u00e9lyt, Horv\u00e1to, hosszabb id\u0151t t\u00f6lt\u00f6tt tanulm\u00e1ny\u00faton Olaszo.-ban B\u00e9csben, egy\u00fattal r\u00e9g\u00e9szeti kutat\u00e1sokat v\u00e9gzett, \u00e9rt\u00e9kes anyagot gy\u0171jt\u00f6tt \u00f6ssze, melyek nagyobbr\u00e9szt Jankovich Mikl\u00f3s h\u00edres gy\u0171jtem\u00e9ny\u00e9t gazdag\u00edtott\u00e1k. A harmincas \u00e9vek elej\u00e9n r\u00e9gis\u00e9gboltot nyitott Pesten. R\u00e9g\u00e9szeti szakk\u00f6zlem\u00e9nyei jelentek meg a Jelenkor, Nemzeti \u00dajs\u00e1g, Pesti H\u00edrlap, Fill\u00e9rt\u00e1r, Reg\u00e9l\u0151, Hasznos Mulats\u00e1gok, Sz\u00e1zadunk, T\u00e1rsalkod\u00f3, H\u00edrn\u00f6k, Honm\u0171v\u00e9sz, Athenaeum c. lapokban. K\u00e9s\u0151bb a r\u00e9gis\u00e9gek hamis\u00edt\u00e1s\u00e1ra vetemedett, felhaszn\u00e1lva nagyszer\u0171 latin tud\u00e1s\u00e1t, kor\u00e1nak tud\u00f3sait Toldy Ferencet \u00e9s Jenei \u00c1kost is megt\u00e9vesztette, akik a MTA.-\u00e1n felolvas\u00e1sokat tartottak a XI. sz.-beli nyelveml\u00e9kekr\u0151l, t\u00f6bb k\u00f3dexet \u00e9s oklevelet is hamis\u00edtott, ezeket Jankovichnak adta el, amely gy\u0171jtem\u00e9ny v\u00e1s\u00e1rl\u00e1s \u00fatj\u00e1n a Nemzeti M\u00fazeum birtok\u00e1ba ker\u00fclt az abban tal\u00e1lt 24 hamis\u00edtv\u00e1nnyal egy\u00fctt, de amelyeknek hamis volta csak hal\u00e1la ut\u00e1n h\u00fasz \u00e9vre der\u00fclt ki.Gy\u0171jt\u0151utjai sor\u00e1n Dalm\u00e1ci\u00e1ban, Hortv\u00e1o.-ban \u00e9s Velenc\u00e9ben is megfordult. R\u00e9g\u00e9szeti k\u00f6r\u00faton haj\u00f3n igyekezett Kom\u00e1romban amikor hirtelen meghalt. K\u00e9ziratban maradt egy reg\u00e9nye, melynek t\u00e1rgy\u00e1t a mv.-i boszork\u00e1nyperekb\u0151l mer\u00edtette.\u00datinapl\u00f3ja \u00e9s gy\u0171jtem\u00e9nye az OSZK K\u00e9ziratt\u00e1r\u00e1ban tal\u00e1lhat\u00f3. \u2013 <strong>F. m.:<\/strong> \u00c9rtes\u00edt\u0151 levele a nagy\u00e9rdem\u0171 publikumhoz, v\u00e1rosr\u00f3l v\u00e1rosra mutat\u00e1s \u00e9s megmagyar\u00e1z\u00e1s v\u00e9gett hordozott hist\u00f3riai \u00e9s term\u00e9szeti r\u00e9gis\u00e9gekkel tellyes Cabinettj\u00e1r\u00f3l (h. n, \u00e9.n.); H\u00edrdet\u0151 levele az \u00f6z\u00f6nv\u00edz el\u0151tt \u00e9lt n\u00e9mely csuda \u00e1llatokat, s azoknak maradv\u00e1nyit, \u00e9s azut\u00e1n a t\u00fcnd\u00e9r id\u0151kben \u00e9lt emberek hadi \u00f6lt\u00f6zetjeib\u0151l, fegyvereikb\u0151l, b\u00e1lv\u00e1nyaikb\u00f3l, s t\u00f6bb mint 1000 darab chinai, egyiptomi, g\u00f6r\u00f6g, r\u00f3mai, magyar \u00e9s n\u00e9met r\u00e9gis\u00e9gekb\u0151l \u00e1ll\u00f3 gy\u0171jtem\u00e9nye mutat\u00e1s\u00e1r\u00f3l \u00e9s magyar\u00e1z\u00e1s\u00e1r\u00f3l (h.n., \u00e9.n.); Mumia h\u00edrlap, mellyel&#8230; egyneh\u00e1ny napi mulat\u00e1sa alatt, a k\u00f6z\u00f6ns\u00e9ges n\u00e9z\u00e9s v\u00e9gett kitette azon r\u00e9gi ritkas\u00e1gokb\u00f3l \u00e1ll\u00f3 gy\u0171jtem\u00e9ny\u00e9t, mellyr\u0151l nagy\u00edt\u00e1s n\u00e9lk\u00fcl b\u00e1torkodik \u00e1ll\u00edtani, hogy a t.t. urak, s asszonys\u00e1gok megel\u00e9ged\u00e1seket fogj\u00e1k lelni, a j\u00f3 izl\u00e9s\u0171 ifjak tanulni elrep\u00fclt sz\u00e1zadok g\u00e9niussaival k\u00f6zelebr\u0151l megismerkedni (h.n., \u00e9.n.). <br \/><strong>Irod.:<\/strong> Kr\u00f3n. F\u00fcz. (1939. 4\/6); P\u00e1lmay; Szinnyei; \u00daM\u00c9L<\/br><\/p>\n","protected":false},"excerpt":{"rendered":"<p>Mv., 1794 v. 1795. j\u00fan. 28. \u2020 Kom\u00e1rom, 1842. szept. 19.: r\u00e9g\u00e9sz, r\u00e9gis\u00e9gkeresked\u0151, gy\u0171jt\u0151. \u2013 Tanulm\u00e1nyait a mv.-i Ref. Koll.-ban kezdte, de a kalandv\u00e1gy\u00f3 ifj\u00fa katon\u00e1nak \u00e1llt be, fogs\u00e1gba esett, himl\u0151ben megbetegedve haza t\u00e9rt sz\u00fcl\u0151v\u00e1ros\u00e1ba. Sokat olvasott, a latin nyelvben \u00e9s archeol\u00f3gi\u00e1ban k\u00e9pezte mag\u00e1t; 1830-t\u00f3l beutazta Mo-. Erd\u00e9lyt, Horv\u00e1to, hosszabb id\u0151t t\u00f6lt\u00f6tt tanulm\u00e1ny\u00faton Olaszo.-ban B\u00e9csben, [&hellip;]<\/p>\n","protected":false},"featured_media":0,"comment_status":"open","ping_status":"closed","template":"","meta":[],"product_brand":[],"product_cat":[137],"product_tag":[],"class_list":{"0":"post-16713","1":"product","2":"type-product","3":"status-publish","5":"product_cat-maros-megyei-eletrajzi-lexikon","7":"first","8":"instock","9":"shipping-taxable","10":"product-type-simple"},"_links":{"self":[{"href":"https:\/\/uj.adatbank.ro\/lexikon\/wp-json\/wp\/v2\/product\/16713","targetHints":{"allow":["GET"]}}],"collection":[{"href":"https:\/\/uj.adatbank.ro\/lexikon\/wp-json\/wp\/v2\/product"}],"about":[{"href":"https:\/\/uj.adatbank.ro\/lexikon\/wp-json\/wp\/v2\/types\/product"}],"replies":[{"embeddable":true,"href":"https:\/\/uj.adatbank.ro\/lexikon\/wp-json\/wp\/v2\/comments?post=16713"}],"wp:attachment":[{"href":"https:\/\/uj.adatbank.ro\/lexikon\/wp-json\/wp\/v2\/media?parent=16713"}],"wp:term":[{"taxonomy":"product_brand","embeddable":true,"href":"https:\/\/uj.adatbank.ro\/lexikon\/wp-json\/wp\/v2\/product_brand?post=16713"},{"taxonomy":"product_cat","embeddable":true,"href":"https:\/\/uj.adatbank.ro\/lexikon\/wp-json\/wp\/v2\/product_cat?post=16713"},{"taxonomy":"product_tag","embeddable":true,"href":"https:\/\/uj.adatbank.ro\/lexikon\/wp-json\/wp\/v2\/product_tag?post=16713"}],"curies":[{"name":"wp","href":"https:\/\/api.w.org\/{rel}","templated":true}]}}

NEMES Sámuel, literáti, szentistváni

<p>Mv., 1794 v. 1795. jún. 28. † Komárom, 1842. szept. 19.: régész, régiségkereskedő, gyűjtő. – Tanulmányait a mv.-i Ref. Koll.-ban kezdte, de a kalandvágyó ifjú katonának állt be, fogságba esett, himlőben megbetegedve haza tért szülővárosába. Sokat olvasott, a latin nyelvben és archeológiában képezte magát; 1830-tól beutazta Mo-. Erdélyt, Horváto, hosszabb időt töltött tanulmányúton Olaszo.-ban Bécsben, egyúttal régészeti kutatásokat végzett, értékes anyagot gyűjtött össze, melyek nagyobbrészt Jankovich Miklós híres gyűjteményét gazdagították. A harmincas évek elején régiségboltot nyitott Pesten. Régészeti szakközleményei jelentek meg a Jelenkor, Nemzeti Újság, Pesti Hírlap, Fillértár, Regélő, Hasznos Mulatságok, Századunk, Társalkodó, Hírnök, Honművész, Athenaeum c. lapokban. Később a régiségek hamisítására vetemedett, felhasználva nagyszerű latin tudását, korának tudósait Toldy Ferencet és Jenei Ákost is megtévesztette, akik a MTA.-án felolvasásokat tartottak a XI. sz.-beli nyelvemlékekről, több kódexet és oklevelet is hamisított, ezeket Jankovichnak adta el, amely gyűjtemény vásárlás útján a Nemzeti Múzeum birtokába került az abban talált 24 hamisítvánnyal együtt, de amelyeknek hamis volta csak halála után húsz évre derült ki.Gyűjtőutjai során Dalmáciában, Hortváo.-ban és Velencében is megfordult. Régészeti körúton hajón igyekezett Komáromban amikor hirtelen meghalt. Kéziratban maradt egy regénye, melynek tárgyát a mv.-i boszorkányperekből merítette.Útinaplója és gyűjteménye az OSZK Kézirattárában található. – <strong>F. m.:</strong> Értesítő levele a nagyérdemű publikumhoz, városról városra mutatás és megmagyarázás végett hordozott históriai és természeti régiségekkel tellyes Cabinettjáról (h. n, é.n.); Hírdető levele az özönvíz előtt élt némely csuda állatokat, s azoknak maradványit, és azután a tündér időkben élt emberek hadi öltözetjeiből, fegyvereikből, bálványaikból, s több mint 1000 darab chinai, egyiptomi, görög, római, magyar és német régiségekből álló gyűjteménye mutatásáról és magyarázásáról (h.n., é.n.); Mumia hírlap, mellyel&#8230; egynehány napi mulatása alatt, a közönséges nézés végett kitette azon régi ritkaságokból álló gyűjteményét, mellyről nagyítás nélkül bátorkodik állítani, hogy a t.t. urak, s asszonyságok megelégedáseket fogják lelni, a jó izlésű ifjak tanulni elrepült századok géniussaival közelebről megismerkedni (h.n., é.n.). <br /><strong>Irod.:</strong> Krón. Füz. (1939. 4/6); Pálmay; Szinnyei; ÚMÉL</br></p>

<p>Mv., 1794 v. 1795. jún. 28. † Komárom, 1842. szept. 19.: régész, régiségkereskedő, gyűjtő. – Tanulmányait a mv.-i Ref. Koll.-ban kezdte, de a kalandvágyó ifjú katonának állt be, fogságba esett, himlőben megbetegedve haza tért szülővárosába. Sokat olvasott, a latin nyelvben és archeológiában képezte magát; 1830-tól beutazta Mo-. Erdélyt, Horváto, hosszabb időt töltött tanulmányúton Olaszo.-ban Bécsben, [&hellip;]</p>
