{"id":16715,"date":"2025-07-15T23:27:42","date_gmt":"2025-07-15T21:27:42","guid":{"rendered":"https:\/\/uj.adatbank.ro\/lexikon\/termek\/nemes-sandor\/"},"modified":"2025-07-15T23:27:42","modified_gmt":"2025-07-15T21:27:42","slug":"nemes-sandor","status":"publish","type":"product","link":"https:\/\/uj.adatbank.ro\/lexikon\/termek\/nemes-sandor\/","title":{"rendered":"NEMES S\u00e1ndor"},"content":{"rendered":"<p>? \u2020 ?: ref. lelk\u00e9sz. \u2013 Gyulakuta k\u00f6zs\u00e9gben szolg\u00e1lt, egyh\u00e1z\u00e1nak mintegy 100\u2013150 ezer koron\u00e1t \u00e9r\u0151 \u00farvacsorai kelyh\u00e9t az Erd\u00e9lyi Nemzeti M\u0171zeum kv.-i r\u00e9gis\u00e9gt\u00e1r\u00e1bnak adta meg\u0151rz\u00e9sre (1916). A mikor visszaker\u00fclt olyan sz\u00f3besz\u00e9d j\u00e1rta hogy a kehely nem a r\u00e9gi hanem csak egy j\u00f3l siker\u00fclt ut\u00e1nzat. Vizsg\u00e1latot ind\u00edtottak az \u00fcgyben, az egyh\u00e1zk\u00f6zs\u00e9g is arra a k\u00f6vetkeztet\u00e9sre jutott hogy nem val\u00f3di \u00e9s a a kir \u00fcgy\u00e9szs\u00e9g el\u00e9 terjesztette az esetet. A kehely Orb\u00e1n Bal\u00e1zs le\u00edr\u00e1s\u00e1ban is szerepel kb. 600 \u00e9ves s\u00falya 750 gr. magass\u00e1ga 24 cm. Nem val\u00f3sz\u00edn\u0171, hogy elcser\u00e9lt\u00e9k volna.<br \/><strong>Irod.:<\/strong> Kelemen Lajos<\/br><\/p>\n","protected":false},"excerpt":{"rendered":"<p>? \u2020 ?: ref. lelk\u00e9sz. \u2013 Gyulakuta k\u00f6zs\u00e9gben szolg\u00e1lt, egyh\u00e1z\u00e1nak mintegy 100\u2013150 ezer koron\u00e1t \u00e9r\u0151 \u00farvacsorai kelyh\u00e9t az Erd\u00e9lyi Nemzeti M\u0171zeum kv.-i r\u00e9gis\u00e9gt\u00e1r\u00e1bnak adta meg\u0151rz\u00e9sre (1916). A mikor visszaker\u00fclt olyan sz\u00f3besz\u00e9d j\u00e1rta hogy a kehely nem a r\u00e9gi hanem csak egy j\u00f3l siker\u00fclt ut\u00e1nzat. Vizsg\u00e1latot ind\u00edtottak az \u00fcgyben, az egyh\u00e1zk\u00f6zs\u00e9g is arra a k\u00f6vetkeztet\u00e9sre jutott [&hellip;]<\/p>\n","protected":false},"featured_media":0,"comment_status":"open","ping_status":"closed","template":"","meta":[],"product_brand":[],"product_cat":[137],"product_tag":[],"class_list":{"0":"post-16715","1":"product","2":"type-product","3":"status-publish","5":"product_cat-maros-megyei-eletrajzi-lexikon","7":"first","8":"instock","9":"shipping-taxable","10":"product-type-simple"},"_links":{"self":[{"href":"https:\/\/uj.adatbank.ro\/lexikon\/wp-json\/wp\/v2\/product\/16715","targetHints":{"allow":["GET"]}}],"collection":[{"href":"https:\/\/uj.adatbank.ro\/lexikon\/wp-json\/wp\/v2\/product"}],"about":[{"href":"https:\/\/uj.adatbank.ro\/lexikon\/wp-json\/wp\/v2\/types\/product"}],"replies":[{"embeddable":true,"href":"https:\/\/uj.adatbank.ro\/lexikon\/wp-json\/wp\/v2\/comments?post=16715"}],"wp:attachment":[{"href":"https:\/\/uj.adatbank.ro\/lexikon\/wp-json\/wp\/v2\/media?parent=16715"}],"wp:term":[{"taxonomy":"product_brand","embeddable":true,"href":"https:\/\/uj.adatbank.ro\/lexikon\/wp-json\/wp\/v2\/product_brand?post=16715"},{"taxonomy":"product_cat","embeddable":true,"href":"https:\/\/uj.adatbank.ro\/lexikon\/wp-json\/wp\/v2\/product_cat?post=16715"},{"taxonomy":"product_tag","embeddable":true,"href":"https:\/\/uj.adatbank.ro\/lexikon\/wp-json\/wp\/v2\/product_tag?post=16715"}],"curies":[{"name":"wp","href":"https:\/\/api.w.org\/{rel}","templated":true}]}}

NEMES Sándor

<p>? † ?: ref. lelkész. – Gyulakuta községben szolgált, egyházának mintegy 100–150 ezer koronát érő úrvacsorai kelyhét az Erdélyi Nemzeti Műzeum kv.-i régiségtárábnak adta megőrzésre (1916). A mikor visszakerült olyan szóbeszéd járta hogy a kehely nem a régi hanem csak egy jól sikerült utánzat. Vizsgálatot indítottak az ügyben, az egyházközség is arra a következtetésre jutott hogy nem valódi és a a kir ügyészség elé terjesztette az esetet. A kehely Orbán Balázs leírásában is szerepel kb. 600 éves súlya 750 gr. magassága 24 cm. Nem valószínű, hogy elcserélték volna.<br /><strong>Irod.:</strong> Kelemen Lajos</br></p>

<p>? † ?: ref. lelkész. – Gyulakuta községben szolgált, egyházának mintegy 100–150 ezer koronát érő úrvacsorai kelyhét az Erdélyi Nemzeti Műzeum kv.-i régiségtárábnak adta megőrzésre (1916). A mikor visszakerült olyan szóbeszéd járta hogy a kehely nem a régi hanem csak egy jól sikerült utánzat. Vizsgálatot indítottak az ügyben, az egyházközség is arra a következtetésre jutott [&hellip;]</p>
