{"id":16717,"date":"2025-07-15T23:27:46","date_gmt":"2025-07-15T21:27:46","guid":{"rendered":"https:\/\/uj.adatbank.ro\/lexikon\/termek\/nemes-sandor-szekelyszentistvani\/"},"modified":"2025-07-15T23:27:46","modified_gmt":"2025-07-15T21:27:46","slug":"nemes-sandor-szekelyszentistvani","status":"publish","type":"product","link":"https:\/\/uj.adatbank.ro\/lexikon\/termek\/nemes-sandor-szekelyszentistvani\/","title":{"rendered":"NEMES S\u00e1ndor, sz\u00e9kelyszentistv\u00e1ni"},"content":{"rendered":"<p>Sz\u00e9kelyszentistv\u00e1n, 1860. k, \u2020 ?: tan\u00edt\u00f3. \u2013 A gimn\u00e1ziumot Nagyenyeden (1870\u201375), a tan\u00edt\u00f3k\u00e9pz\u0151t Zilahon v\u00e9gezte (1879\u201382). \u00c1llami tan\u00edt\u00f3: Nagypacalon, Kar\u00e1nsebesen, Szegeden. Cikkei : Protest\u00e1ns K\u00f6zl\u00f6ny, lugosi N\u00e9poktat\u00e1s, Kar\u00e1nsebesi \u00c1ll. Elemi N\u00e9piskol\u00e1k \u00c9rtes\u00edt\u0151je. Szerkesztette a Kar\u00e1nsebes \u00e9s Vid\u00e9ke c. hetilapot (1903\u20138). \u2013 <strong>F. m.:<\/strong> F\u00f6ldrajz : A Krass\u00f3-Sz\u00f6r\u00e9ny v\u00e1rmegyei ellemi n\u00e9piskola 4, 5\u20136 o. sz\u00e1m\u00e1ra (Kar\u00e1nsebes, 1909\u201310); A kar\u00e1nsebesi ref. egyh\u00e1z t\u00f6rt\u00e9nete 1545\u20131910 (Kar\u00e1nsebes, 1911); <strong>t\u00e1rssz.:<\/strong> F\u00f6ldrajzi alapfogalmak \u00e9s Krass\u00f3-Sz\u00f6r\u00e9ny v\u00e1rmegye f\u00fcldrajza (Kar\u00e1nsebes, 1902, 1905, 1908, 1914). <br \/><strong>Irod.:<\/strong> Guly\u00e1s<\/br><\/p>\n","protected":false},"excerpt":{"rendered":"<p>Sz\u00e9kelyszentistv\u00e1n, 1860. k, \u2020 ?: tan\u00edt\u00f3. \u2013 A gimn\u00e1ziumot Nagyenyeden (1870\u201375), a tan\u00edt\u00f3k\u00e9pz\u0151t Zilahon v\u00e9gezte (1879\u201382). \u00c1llami tan\u00edt\u00f3: Nagypacalon, Kar\u00e1nsebesen, Szegeden. Cikkei : Protest\u00e1ns K\u00f6zl\u00f6ny, lugosi N\u00e9poktat\u00e1s, Kar\u00e1nsebesi \u00c1ll. Elemi N\u00e9piskol\u00e1k \u00c9rtes\u00edt\u0151je. Szerkesztette a Kar\u00e1nsebes \u00e9s Vid\u00e9ke c. hetilapot (1903\u20138). \u2013 F. m.: F\u00f6ldrajz : A Krass\u00f3-Sz\u00f6r\u00e9ny v\u00e1rmegyei ellemi n\u00e9piskola 4, 5\u20136 o. sz\u00e1m\u00e1ra (Kar\u00e1nsebes, [&hellip;]<\/p>\n","protected":false},"featured_media":0,"comment_status":"open","ping_status":"closed","template":"","meta":[],"product_brand":[],"product_cat":[137],"product_tag":[],"class_list":{"0":"post-16717","1":"product","2":"type-product","3":"status-publish","5":"product_cat-maros-megyei-eletrajzi-lexikon","7":"first","8":"instock","9":"shipping-taxable","10":"product-type-simple"},"_links":{"self":[{"href":"https:\/\/uj.adatbank.ro\/lexikon\/wp-json\/wp\/v2\/product\/16717","targetHints":{"allow":["GET"]}}],"collection":[{"href":"https:\/\/uj.adatbank.ro\/lexikon\/wp-json\/wp\/v2\/product"}],"about":[{"href":"https:\/\/uj.adatbank.ro\/lexikon\/wp-json\/wp\/v2\/types\/product"}],"replies":[{"embeddable":true,"href":"https:\/\/uj.adatbank.ro\/lexikon\/wp-json\/wp\/v2\/comments?post=16717"}],"wp:attachment":[{"href":"https:\/\/uj.adatbank.ro\/lexikon\/wp-json\/wp\/v2\/media?parent=16717"}],"wp:term":[{"taxonomy":"product_brand","embeddable":true,"href":"https:\/\/uj.adatbank.ro\/lexikon\/wp-json\/wp\/v2\/product_brand?post=16717"},{"taxonomy":"product_cat","embeddable":true,"href":"https:\/\/uj.adatbank.ro\/lexikon\/wp-json\/wp\/v2\/product_cat?post=16717"},{"taxonomy":"product_tag","embeddable":true,"href":"https:\/\/uj.adatbank.ro\/lexikon\/wp-json\/wp\/v2\/product_tag?post=16717"}],"curies":[{"name":"wp","href":"https:\/\/api.w.org\/{rel}","templated":true}]}}

NEMES Sándor, székelyszentistváni

<p>Székelyszentistván, 1860. k, † ?: tanító. – A gimnáziumot Nagyenyeden (1870–75), a tanítóképzőt Zilahon végezte (1879–82). Állami tanító: Nagypacalon, Karánsebesen, Szegeden. Cikkei : Protestáns Közlöny, lugosi Népoktatás, Karánsebesi Áll. Elemi Népiskolák Értesítője. Szerkesztette a Karánsebes és Vidéke c. hetilapot (1903–8). – <strong>F. m.:</strong> Földrajz : A Krassó-Szörény vármegyei ellemi népiskola 4, 5–6 o. számára (Karánsebes, 1909–10); A karánsebesi ref. egyház története 1545–1910 (Karánsebes, 1911); <strong>társsz.:</strong> Földrajzi alapfogalmak és Krassó-Szörény vármegye füldrajza (Karánsebes, 1902, 1905, 1908, 1914). <br /><strong>Irod.:</strong> Gulyás</br></p>

<p>Székelyszentistván, 1860. k, † ?: tanító. – A gimnáziumot Nagyenyeden (1870–75), a tanítóképzőt Zilahon végezte (1879–82). Állami tanító: Nagypacalon, Karánsebesen, Szegeden. Cikkei : Protestáns Közlöny, lugosi Népoktatás, Karánsebesi Áll. Elemi Népiskolák Értesítője. Szerkesztette a Karánsebes és Vidéke c. hetilapot (1903–8). – F. m.: Földrajz : A Krassó-Szörény vármegyei ellemi népiskola 4, 5–6 o. számára (Karánsebes, [&hellip;]</p>
