{"id":16718,"date":"2025-07-15T23:27:47","date_gmt":"2025-07-15T21:27:47","guid":{"rendered":"https:\/\/uj.adatbank.ro\/lexikon\/termek\/nemes-szocs-gyorgy-szentistvani-nemes-gyorgy-nemes-szots-gyorgy-szocs-gyorgy\/"},"modified":"2025-07-15T23:27:47","modified_gmt":"2025-07-15T21:27:47","slug":"nemes-szocs-gyorgy-szentistvani-nemes-gyorgy-nemes-szots-gyorgy-szocs-gyorgy","status":"publish","type":"product","link":"https:\/\/uj.adatbank.ro\/lexikon\/termek\/nemes-szocs-gyorgy-szentistvani-nemes-gyorgy-nemes-szots-gyorgy-szocs-gyorgy\/","title":{"rendered":"NEMES SZ\u0150CS Gy\u00f6rgy, szentistv\u00e1ni, Nemes Gy\u00f6rgy, Nemes Sz\u0151ts Gy\u00f6rgy, Sz\u0151cs Gy\u00f6rgy"},"content":{"rendered":"<p>? \u2020 ?: b\u00e9rl\u0151, f\u0151b\u00edr\u00f3. \u2013 Feles\u00e9ge: Galambas M\u00e1ria. Gyermekeik: K\u00e1rolina; Anna; Gy\u00f6rgy. fiai k\u00f6z\u00fcl ismeretes Mih\u00e1ly, v\u00e1rosi szen\u00e1tor. \u2013 Mv.-en a t\u0171zifa \u00e1r\u00fas\u00edt\u00e1sa v\u00e1mbeszed\u00e9s\u00e9nek b\u00e9rl\u0151je (1759, 1762). Tagja volt a v\u00e1rosi tan\u00e1csnak (1730, 1736, 1759, 1764). Mv. v\u00e1ros f\u0151b\u00edr\u00f3ja (1750 ez Szentgy\u00f6rgyi). rendkiv\u00fcli \u00e9rdemeire hivatkozva, az ujonc\u00e1ll\u00edt\u00e1sban v\u00e9gzett eredm\u00e9nyes munk\u00e1j\u00e1\u00e9rt, a F\u0151korm\u00e1nysz\u00e9k rendelettel meghosszabb\u00edtotta b\u00edr\u00f3s\u00e1g\u00e1t k\u00e9t \u00e9vre (1760, 1761). A v\u00e1ros b\u00edr\u00e1ja a polg\u00e1rok v\u00e1laszt\u00e1s\u00e1b\u00f3l (1762), de a gubernium k\u00f6z\u00f6lte a v\u00e1rossal hogy megv\u00e1laszt\u00e1s\u00e1t nem tekinti \u00e9rv\u00e9nyesnek \u00e9s a katolikus Trombit\u00e1s M\u00e9sz\u00e1ros Istv\u00e1nt tekinti f\u0151b\u00edr\u00f3nak (1762). Addig a b\u00edr\u00f3 megbizat\u00e1sa rendszerint egy \u00e9vig tartott. Ezut\u00e1n a k\u00e9t\u00e9venk\u00e9nti tiszt\u00faj\u00edt\u00e1s lett \u00e1ltal\u00e1nos. Neki adta a v\u00e1ros \u00f6r\u00f6k jogon (1760. szept. 15) f\u0151b\u00edr\u00f3i j\u00e1rand\u00f3s\u00e1ga fej\u00e9ben Csokon\u00e1s G\u00e1bor jobb\u00e1gyot \u00e9s annak fiait. Hosszabb ideig a ref. egyh\u00e1z kur\u00e1tora volt. <br \/><strong>Irod.:<\/strong> Fodor\u2013Bal\u00e1s; Id\u0151t\u00e1r 1; Kr\u00f3n F\u00fcz. ( 1939. 4\/8); P\u00e1l-Antal 2006; P\u00e1l-Atal 2009; Szentgy\u00f6rgyi<\/br><\/p>\n","protected":false},"excerpt":{"rendered":"<p>? \u2020 ?: b\u00e9rl\u0151, f\u0151b\u00edr\u00f3. \u2013 Feles\u00e9ge: Galambas M\u00e1ria. Gyermekeik: K\u00e1rolina; Anna; Gy\u00f6rgy. fiai k\u00f6z\u00fcl ismeretes Mih\u00e1ly, v\u00e1rosi szen\u00e1tor. \u2013 Mv.-en a t\u0171zifa \u00e1r\u00fas\u00edt\u00e1sa v\u00e1mbeszed\u00e9s\u00e9nek b\u00e9rl\u0151je (1759, 1762). Tagja volt a v\u00e1rosi tan\u00e1csnak (1730, 1736, 1759, 1764). Mv. v\u00e1ros f\u0151b\u00edr\u00f3ja (1750 ez Szentgy\u00f6rgyi). rendkiv\u00fcli \u00e9rdemeire hivatkozva, az ujonc\u00e1ll\u00edt\u00e1sban v\u00e9gzett eredm\u00e9nyes munk\u00e1j\u00e1\u00e9rt, a F\u0151korm\u00e1nysz\u00e9k rendelettel meghosszabb\u00edtotta [&hellip;]<\/p>\n","protected":false},"featured_media":0,"comment_status":"open","ping_status":"closed","template":"","meta":[],"product_brand":[],"product_cat":[137],"product_tag":[],"class_list":{"0":"post-16718","1":"product","2":"type-product","3":"status-publish","5":"product_cat-maros-megyei-eletrajzi-lexikon","7":"first","8":"instock","9":"shipping-taxable","10":"product-type-simple"},"_links":{"self":[{"href":"https:\/\/uj.adatbank.ro\/lexikon\/wp-json\/wp\/v2\/product\/16718","targetHints":{"allow":["GET"]}}],"collection":[{"href":"https:\/\/uj.adatbank.ro\/lexikon\/wp-json\/wp\/v2\/product"}],"about":[{"href":"https:\/\/uj.adatbank.ro\/lexikon\/wp-json\/wp\/v2\/types\/product"}],"replies":[{"embeddable":true,"href":"https:\/\/uj.adatbank.ro\/lexikon\/wp-json\/wp\/v2\/comments?post=16718"}],"wp:attachment":[{"href":"https:\/\/uj.adatbank.ro\/lexikon\/wp-json\/wp\/v2\/media?parent=16718"}],"wp:term":[{"taxonomy":"product_brand","embeddable":true,"href":"https:\/\/uj.adatbank.ro\/lexikon\/wp-json\/wp\/v2\/product_brand?post=16718"},{"taxonomy":"product_cat","embeddable":true,"href":"https:\/\/uj.adatbank.ro\/lexikon\/wp-json\/wp\/v2\/product_cat?post=16718"},{"taxonomy":"product_tag","embeddable":true,"href":"https:\/\/uj.adatbank.ro\/lexikon\/wp-json\/wp\/v2\/product_tag?post=16718"}],"curies":[{"name":"wp","href":"https:\/\/api.w.org\/{rel}","templated":true}]}}

NEMES SZŐCS György, szentistváni, Nemes György, Nemes Szőts György, Szőcs György

<p>? † ?: bérlő, főbíró. – Felesége: Galambas Mária. Gyermekeik: Károlina; Anna; György. fiai közül ismeretes Mihály, városi szenátor. – Mv.-en a tűzifa árúsítása vámbeszedésének bérlője (1759, 1762). Tagja volt a városi tanácsnak (1730, 1736, 1759, 1764). Mv. város főbírója (1750 ez Szentgyörgyi). rendkivüli érdemeire hivatkozva, az ujoncállításban végzett eredményes munkájáért, a Főkormányszék rendelettel meghosszabbította bíróságát két évre (1760, 1761). A város bírája a polgárok választásából (1762), de a gubernium közölte a várossal hogy megválasztását nem tekinti érvényesnek és a katolikus Trombitás Mészáros Istvánt tekinti főbírónak (1762). Addig a bíró megbizatása rendszerint egy évig tartott. Ezután a kétévenkénti tisztújítás lett általános. Neki adta a város örök jogon (1760. szept. 15) főbírói járandósága fejében Csokonás Gábor jobbágyot és annak fiait. Hosszabb ideig a ref. egyház kurátora volt. <br /><strong>Irod.:</strong> Fodor–Balás; Időtár 1; Krón Füz. ( 1939. 4/8); Pál-Antal 2006; Pál-Atal 2009; Szentgyörgyi</br></p>

<p>? † ?: bérlő, főbíró. – Felesége: Galambas Mária. Gyermekeik: Károlina; Anna; György. fiai közül ismeretes Mihály, városi szenátor. – Mv.-en a tűzifa árúsítása vámbeszedésének bérlője (1759, 1762). Tagja volt a városi tanácsnak (1730, 1736, 1759, 1764). Mv. város főbírója (1750 ez Szentgyörgyi). rendkivüli érdemeire hivatkozva, az ujoncállításban végzett eredményes munkájáért, a Főkormányszék rendelettel meghosszabbította [&hellip;]</p>
