{"id":16719,"date":"2025-07-15T23:27:50","date_gmt":"2025-07-15T21:27:50","guid":{"rendered":"https:\/\/uj.adatbank.ro\/lexikon\/termek\/nemes-tamas\/"},"modified":"2025-07-15T23:27:50","modified_gmt":"2025-07-15T21:27:50","slug":"nemes-tamas","status":"publish","type":"product","link":"https:\/\/uj.adatbank.ro\/lexikon\/termek\/nemes-tamas\/","title":{"rendered":"NEMES Tam\u00e1s"},"content":{"rendered":"<p>Nagyernye, 1899., \u2020 ?: gazd\u00e1lkod\u00f3. \u2013 Iskol\u00e1i elv\u00e9gz\u00e9se ut\u00e1n gazd\u00e1lkod\u00e1st tanult, \u00f6n\u00e1ll\u00f3 lett Nagyerny\u00e9ben (1918). A magyar kultur\u00e1lis egyes\u00fcletek t\u00e1mogat\u00f3ja, a ref. egyh\u00e1z presbitere volt. Az els\u0151 vh.-ban a 9.husz\u00e1rezredben az olasz fronton harcolt. <br \/><strong>Irod.:<\/strong> Sz\u00e9kelyf\u00f6ld \u00ed.k.<\/br><\/p>\n","protected":false},"excerpt":{"rendered":"<p>Nagyernye, 1899., \u2020 ?: gazd\u00e1lkod\u00f3. \u2013 Iskol\u00e1i elv\u00e9gz\u00e9se ut\u00e1n gazd\u00e1lkod\u00e1st tanult, \u00f6n\u00e1ll\u00f3 lett Nagyerny\u00e9ben (1918). A magyar kultur\u00e1lis egyes\u00fcletek t\u00e1mogat\u00f3ja, a ref. egyh\u00e1z presbitere volt. Az els\u0151 vh.-ban a 9.husz\u00e1rezredben az olasz fronton harcolt. Irod.: Sz\u00e9kelyf\u00f6ld \u00ed.k.<\/p>\n","protected":false},"featured_media":0,"comment_status":"open","ping_status":"closed","template":"","meta":[],"product_brand":[],"product_cat":[137],"product_tag":[],"class_list":{"0":"post-16719","1":"product","2":"type-product","3":"status-publish","5":"product_cat-maros-megyei-eletrajzi-lexikon","7":"first","8":"instock","9":"shipping-taxable","10":"product-type-simple"},"_links":{"self":[{"href":"https:\/\/uj.adatbank.ro\/lexikon\/wp-json\/wp\/v2\/product\/16719","targetHints":{"allow":["GET"]}}],"collection":[{"href":"https:\/\/uj.adatbank.ro\/lexikon\/wp-json\/wp\/v2\/product"}],"about":[{"href":"https:\/\/uj.adatbank.ro\/lexikon\/wp-json\/wp\/v2\/types\/product"}],"replies":[{"embeddable":true,"href":"https:\/\/uj.adatbank.ro\/lexikon\/wp-json\/wp\/v2\/comments?post=16719"}],"wp:attachment":[{"href":"https:\/\/uj.adatbank.ro\/lexikon\/wp-json\/wp\/v2\/media?parent=16719"}],"wp:term":[{"taxonomy":"product_brand","embeddable":true,"href":"https:\/\/uj.adatbank.ro\/lexikon\/wp-json\/wp\/v2\/product_brand?post=16719"},{"taxonomy":"product_cat","embeddable":true,"href":"https:\/\/uj.adatbank.ro\/lexikon\/wp-json\/wp\/v2\/product_cat?post=16719"},{"taxonomy":"product_tag","embeddable":true,"href":"https:\/\/uj.adatbank.ro\/lexikon\/wp-json\/wp\/v2\/product_tag?post=16719"}],"curies":[{"name":"wp","href":"https:\/\/api.w.org\/{rel}","templated":true}]}}