{"id":16720,"date":"2025-07-15T23:27:53","date_gmt":"2025-07-15T21:27:53","guid":{"rendered":"https:\/\/uj.adatbank.ro\/lexikon\/termek\/nemes-zoltan\/"},"modified":"2025-07-15T23:27:53","modified_gmt":"2025-07-15T21:27:53","slug":"nemes-zoltan","status":"publish","type":"product","link":"https:\/\/uj.adatbank.ro\/lexikon\/termek\/nemes-zoltan\/","title":{"rendered":"NEMES Zolt\u00e1n"},"content":{"rendered":"<p>Mv., 1922. dec. 22., \u2020 ?: \u00fajs\u00e1g\u00edr\u00f3, szerkeszt\u0151. \u2013 K\u00f6z\u00e9piskol\u00e1it a mv.-i Ref. Koll.-ban v\u00e9gezte (1938). Buk.-ben p\u00e1rtaktivista (1948\u201352), a Posta\u00fcgyi Miniszt\u00e9riumban majd a Stefan Gheorghiu P\u00e1rtf\u0151iskol\u00e1n lektor, aspir\u00e1ns (1956\u201360).; a buk.-i El\u0151re bels\u0151 munkat\u00e1rsa, a lap tudom\u00e1nyos rovat\u00e1nak vezet\u0151je (1960\u201370), Sepsiszentgy\u00f6rgy\u00f6n a Megyei T\u00fck\u00f6rn\u00e9l szerkeszt\u0151 (1970\u201382), az els\u0151 \u00e9vben f\u0151szerkeszt\u0151helyettes, majd a gazdas\u00e1gi rovat vezet\u0151je. Nyugd\u00edjas (1982\u2013). <br \/><strong>Irod.:<\/strong> RMIL; RMKK<\/br><\/p>\n","protected":false},"excerpt":{"rendered":"<p>Mv., 1922. dec. 22., \u2020 ?: \u00fajs\u00e1g\u00edr\u00f3, szerkeszt\u0151. \u2013 K\u00f6z\u00e9piskol\u00e1it a mv.-i Ref. Koll.-ban v\u00e9gezte (1938). Buk.-ben p\u00e1rtaktivista (1948\u201352), a Posta\u00fcgyi Miniszt\u00e9riumban majd a Stefan Gheorghiu P\u00e1rtf\u0151iskol\u00e1n lektor, aspir\u00e1ns (1956\u201360).; a buk.-i El\u0151re bels\u0151 munkat\u00e1rsa, a lap tudom\u00e1nyos rovat\u00e1nak vezet\u0151je (1960\u201370), Sepsiszentgy\u00f6rgy\u00f6n a Megyei T\u00fck\u00f6rn\u00e9l szerkeszt\u0151 (1970\u201382), az els\u0151 \u00e9vben f\u0151szerkeszt\u0151helyettes, majd a gazdas\u00e1gi rovat [&hellip;]<\/p>\n","protected":false},"featured_media":0,"comment_status":"open","ping_status":"closed","template":"","meta":[],"product_brand":[],"product_cat":[137],"product_tag":[],"class_list":{"0":"post-16720","1":"product","2":"type-product","3":"status-publish","5":"product_cat-maros-megyei-eletrajzi-lexikon","7":"first","8":"instock","9":"shipping-taxable","10":"product-type-simple"},"_links":{"self":[{"href":"https:\/\/uj.adatbank.ro\/lexikon\/wp-json\/wp\/v2\/product\/16720","targetHints":{"allow":["GET"]}}],"collection":[{"href":"https:\/\/uj.adatbank.ro\/lexikon\/wp-json\/wp\/v2\/product"}],"about":[{"href":"https:\/\/uj.adatbank.ro\/lexikon\/wp-json\/wp\/v2\/types\/product"}],"replies":[{"embeddable":true,"href":"https:\/\/uj.adatbank.ro\/lexikon\/wp-json\/wp\/v2\/comments?post=16720"}],"wp:attachment":[{"href":"https:\/\/uj.adatbank.ro\/lexikon\/wp-json\/wp\/v2\/media?parent=16720"}],"wp:term":[{"taxonomy":"product_brand","embeddable":true,"href":"https:\/\/uj.adatbank.ro\/lexikon\/wp-json\/wp\/v2\/product_brand?post=16720"},{"taxonomy":"product_cat","embeddable":true,"href":"https:\/\/uj.adatbank.ro\/lexikon\/wp-json\/wp\/v2\/product_cat?post=16720"},{"taxonomy":"product_tag","embeddable":true,"href":"https:\/\/uj.adatbank.ro\/lexikon\/wp-json\/wp\/v2\/product_tag?post=16720"}],"curies":[{"name":"wp","href":"https:\/\/api.w.org\/{rel}","templated":true}]}}

NEMES Zoltán

<p>Mv., 1922. dec. 22., † ?: újságíró, szerkesztő. – Középiskoláit a mv.-i Ref. Koll.-ban végezte (1938). Buk.-ben pártaktivista (1948–52), a Postaügyi Minisztériumban majd a Stefan Gheorghiu Pártfőiskolán lektor, aspiráns (1956–60).; a buk.-i Előre belső munkatársa, a lap tudományos rovatának vezetője (1960–70), Sepsiszentgyörgyön a Megyei Tükörnél szerkesztő (1970–82), az első évben főszerkesztőhelyettes, majd a gazdasági rovat vezetője. Nyugdíjas (1982–). <br /><strong>Irod.:</strong> RMIL; RMKK</br></p>

<p>Mv., 1922. dec. 22., † ?: újságíró, szerkesztő. – Középiskoláit a mv.-i Ref. Koll.-ban végezte (1938). Buk.-ben pártaktivista (1948–52), a Postaügyi Minisztériumban majd a Stefan Gheorghiu Pártfőiskolán lektor, aspiráns (1956–60).; a buk.-i Előre belső munkatársa, a lap tudományos rovatának vezetője (1960–70), Sepsiszentgyörgyön a Megyei Tükörnél szerkesztő (1970–82), az első évben főszerkesztőhelyettes, majd a gazdasági rovat [&hellip;]</p>
