{"id":16721,"date":"2025-07-15T23:27:55","date_gmt":"2025-07-15T21:27:55","guid":{"rendered":"https:\/\/uj.adatbank.ro\/lexikon\/termek\/nemes-zoltan-szentistvani\/"},"modified":"2025-07-15T23:27:55","modified_gmt":"2025-07-15T21:27:55","slug":"nemes-zoltan-szentistvani","status":"publish","type":"product","link":"https:\/\/uj.adatbank.ro\/lexikon\/termek\/nemes-zoltan-szentistvani\/","title":{"rendered":"NEMES Zolt\u00e1n, szentistv\u00e1ni"},"content":{"rendered":"<p>Mez\u0151bodon, 1885. m\u00e1rc. \u2020 1945. szept.: ref. lelk\u00e9sz. \u2013 Apja \u00c1rp\u00e1d ref. esperes. Sz\u00e9kelyudvarhelyen \u00e9s S\u00e1rospatakon v\u00e9gezte tanulm\u00e1nyait. Beresztelk\u00e9n lp. (1909\u2013). \u00dcgyvezet\u0151 eln\u00f6ke a Hangy\u00e1nak, a Hitelsz\u00f6vetkezet eln\u00f6ke, a ref. Dalk\u00f6r karnagya. Az \u0151 szolg\u00e1lata ideje alatt m\u0171k\u0151d\u00f6tt a legeredm\u00e9nyesebben az 1897-ben alakult Ref. Egyh\u00e1zi Dalk\u00f6r. R\u00e9szt vettek a helyi z\u00e1szl\u00f3szentel\u00e9si \u00e9s ker\u00fcleti \u00e9nekkari rendezv\u00e9nyeken \u00e9s az orsz\u00e1gos dalosversenyeken. T\u00f6bb d\u00edjat nyertek, t\u00f6bbek k\u00f6z\u00f6tt Mv.-en III.orsz\u00e1gos helyez\u00e9st \u00e9rtek el (1925). Az ifj. egyes\u00fclet alap\u00edt\u00f3ja \u00e9s vezet\u0151je volt. Feles\u00e9ge V\u00e9n Ilona tan\u00edt\u00f3n\u0151 a ref. N\u0151egylet eln\u00f6ke \u00e9s a Vas\u00e1rnapi Iskola vezet\u0151je volt. <br \/><strong>Irod.:<\/strong> Sz\u00e1szr\u00e9gen \u00e9s vid\u00e9ke; B\u00f6jthe Andor: A G\u00f6rg\u00e9nyi ev. ref. egyh\u00e1zmegye t\u00f6rt\u00e9nete [k\u00e9zirat]; Sz\u00e9kelyf\u00f6ld \u00ed.k.<\/br><\/p>\n","protected":false},"excerpt":{"rendered":"<p>Mez\u0151bodon, 1885. m\u00e1rc. \u2020 1945. szept.: ref. lelk\u00e9sz. \u2013 Apja \u00c1rp\u00e1d ref. esperes. Sz\u00e9kelyudvarhelyen \u00e9s S\u00e1rospatakon v\u00e9gezte tanulm\u00e1nyait. Beresztelk\u00e9n lp. (1909\u2013). \u00dcgyvezet\u0151 eln\u00f6ke a Hangy\u00e1nak, a Hitelsz\u00f6vetkezet eln\u00f6ke, a ref. Dalk\u00f6r karnagya. Az \u0151 szolg\u00e1lata ideje alatt m\u0171k\u0151d\u00f6tt a legeredm\u00e9nyesebben az 1897-ben alakult Ref. Egyh\u00e1zi Dalk\u00f6r. R\u00e9szt vettek a helyi z\u00e1szl\u00f3szentel\u00e9si \u00e9s ker\u00fcleti \u00e9nekkari rendezv\u00e9nyeken [&hellip;]<\/p>\n","protected":false},"featured_media":0,"comment_status":"open","ping_status":"closed","template":"","meta":[],"product_brand":[],"product_cat":[137],"product_tag":[],"class_list":{"0":"post-16721","1":"product","2":"type-product","3":"status-publish","5":"product_cat-maros-megyei-eletrajzi-lexikon","7":"first","8":"instock","9":"shipping-taxable","10":"product-type-simple"},"_links":{"self":[{"href":"https:\/\/uj.adatbank.ro\/lexikon\/wp-json\/wp\/v2\/product\/16721","targetHints":{"allow":["GET"]}}],"collection":[{"href":"https:\/\/uj.adatbank.ro\/lexikon\/wp-json\/wp\/v2\/product"}],"about":[{"href":"https:\/\/uj.adatbank.ro\/lexikon\/wp-json\/wp\/v2\/types\/product"}],"replies":[{"embeddable":true,"href":"https:\/\/uj.adatbank.ro\/lexikon\/wp-json\/wp\/v2\/comments?post=16721"}],"wp:attachment":[{"href":"https:\/\/uj.adatbank.ro\/lexikon\/wp-json\/wp\/v2\/media?parent=16721"}],"wp:term":[{"taxonomy":"product_brand","embeddable":true,"href":"https:\/\/uj.adatbank.ro\/lexikon\/wp-json\/wp\/v2\/product_brand?post=16721"},{"taxonomy":"product_cat","embeddable":true,"href":"https:\/\/uj.adatbank.ro\/lexikon\/wp-json\/wp\/v2\/product_cat?post=16721"},{"taxonomy":"product_tag","embeddable":true,"href":"https:\/\/uj.adatbank.ro\/lexikon\/wp-json\/wp\/v2\/product_tag?post=16721"}],"curies":[{"name":"wp","href":"https:\/\/api.w.org\/{rel}","templated":true}]}}

NEMES Zoltán, szentistváni

<p>Mezőbodon, 1885. márc. † 1945. szept.: ref. lelkész. – Apja Árpád ref. esperes. Székelyudvarhelyen és Sárospatakon végezte tanulmányait. Beresztelkén lp. (1909–). Ügyvezető elnöke a Hangyának, a Hitelszövetkezet elnöke, a ref. Dalkör karnagya. Az ő szolgálata ideje alatt műkődött a legeredményesebben az 1897-ben alakult Ref. Egyházi Dalkör. Részt vettek a helyi zászlószentelési és kerületi énekkari rendezvényeken és az országos dalosversenyeken. Több díjat nyertek, többek között Mv.-en III.országos helyezést értek el (1925). Az ifj. egyesület alapítója és vezetője volt. Felesége Vén Ilona tanítónő a ref. Nőegylet elnöke és a Vasárnapi Iskola vezetője volt. <br /><strong>Irod.:</strong> Szászrégen és vidéke; Böjthe Andor: A Görgényi ev. ref. egyházmegye története [kézirat]; Székelyföld í.k.</br></p>

<p>Mezőbodon, 1885. márc. † 1945. szept.: ref. lelkész. – Apja Árpád ref. esperes. Székelyudvarhelyen és Sárospatakon végezte tanulmányait. Beresztelkén lp. (1909–). Ügyvezető elnöke a Hangyának, a Hitelszövetkezet elnöke, a ref. Dalkör karnagya. Az ő szolgálata ideje alatt műkődött a legeredményesebben az 1897-ben alakult Ref. Egyházi Dalkör. Részt vettek a helyi zászlószentelési és kerületi énekkari rendezvényeken [&hellip;]</p>
