{"id":16723,"date":"2025-07-15T23:27:58","date_gmt":"2025-07-15T21:27:58","guid":{"rendered":"https:\/\/uj.adatbank.ro\/lexikon\/termek\/nemes-zsuzsanna-hidvegi-es-oltszemi-gr-kemeny-palne-bethlen-jozsefne\/"},"modified":"2025-07-15T23:27:58","modified_gmt":"2025-07-15T21:27:58","slug":"nemes-zsuzsanna-hidvegi-es-oltszemi-gr-kemeny-palne-bethlen-jozsefne","status":"publish","type":"product","link":"https:\/\/uj.adatbank.ro\/lexikon\/termek\/nemes-zsuzsanna-hidvegi-es-oltszemi-gr-kemeny-palne-bethlen-jozsefne\/","title":{"rendered":"NEMES Zsuzsanna, hidv\u00e9gi \u00e9s oltszemi gr., Kem\u00e9ny P\u00e1ln\u00e9, Bethlen J\u00f3zsefn\u00e9"},"content":{"rendered":"<p>Hidv\u00e9g, 1866. jan 25., \u2020 Kv., 1931. m\u00e1j. 18., : birtokos. \u2013 F\u00e9rje 1. br. Kem\u00e9ny P\u00e1l t\u00e1blai \u00fcln\u00f6k (1867\u20131934) elv\u00e1ltak. 2. Bethlen J\u00f3zsef (1871\u20131944) esk 1889. <br \/><strong>Irod.:<\/strong> Gudenus<\/br><\/p>\n","protected":false},"excerpt":{"rendered":"<p>Hidv\u00e9g, 1866. jan 25., \u2020 Kv., 1931. m\u00e1j. 18., : birtokos. \u2013 F\u00e9rje 1. br. Kem\u00e9ny P\u00e1l t\u00e1blai \u00fcln\u00f6k (1867\u20131934) elv\u00e1ltak. 2. Bethlen J\u00f3zsef (1871\u20131944) esk 1889. Irod.: Gudenus<\/p>\n","protected":false},"featured_media":0,"comment_status":"open","ping_status":"closed","template":"","meta":[],"product_brand":[],"product_cat":[137],"product_tag":[],"class_list":{"0":"post-16723","1":"product","2":"type-product","3":"status-publish","5":"product_cat-maros-megyei-eletrajzi-lexikon","7":"first","8":"instock","9":"shipping-taxable","10":"product-type-simple"},"_links":{"self":[{"href":"https:\/\/uj.adatbank.ro\/lexikon\/wp-json\/wp\/v2\/product\/16723","targetHints":{"allow":["GET"]}}],"collection":[{"href":"https:\/\/uj.adatbank.ro\/lexikon\/wp-json\/wp\/v2\/product"}],"about":[{"href":"https:\/\/uj.adatbank.ro\/lexikon\/wp-json\/wp\/v2\/types\/product"}],"replies":[{"embeddable":true,"href":"https:\/\/uj.adatbank.ro\/lexikon\/wp-json\/wp\/v2\/comments?post=16723"}],"wp:attachment":[{"href":"https:\/\/uj.adatbank.ro\/lexikon\/wp-json\/wp\/v2\/media?parent=16723"}],"wp:term":[{"taxonomy":"product_brand","embeddable":true,"href":"https:\/\/uj.adatbank.ro\/lexikon\/wp-json\/wp\/v2\/product_brand?post=16723"},{"taxonomy":"product_cat","embeddable":true,"href":"https:\/\/uj.adatbank.ro\/lexikon\/wp-json\/wp\/v2\/product_cat?post=16723"},{"taxonomy":"product_tag","embeddable":true,"href":"https:\/\/uj.adatbank.ro\/lexikon\/wp-json\/wp\/v2\/product_tag?post=16723"}],"curies":[{"name":"wp","href":"https:\/\/api.w.org\/{rel}","templated":true}]}}