{"id":16724,"date":"2025-07-15T23:28:00","date_gmt":"2025-07-15T21:28:00","guid":{"rendered":"https:\/\/uj.adatbank.ro\/lexikon\/termek\/nemess-laszlo-%c2%a7-nemes-1977-ig\/"},"modified":"2025-07-15T23:28:00","modified_gmt":"2025-07-15T21:28:00","slug":"nemess-laszlo-%c2%a7-nemes-1977-ig","status":"publish","type":"product","link":"https:\/\/uj.adatbank.ro\/lexikon\/termek\/nemess-laszlo-%c2%a7-nemes-1977-ig\/","title":{"rendered":"NEMESS L\u00e1szl\u00f3, \u00a7 Nemes (1977-ig)"},"content":{"rendered":"<p>Mv., 1944. \u00e1pr. 24., \u2020 Mv., 2000. j\u00fal. 27.: \u00edr\u00f3, szerkeszt\u0151, haj\u00f3skapit\u00e1ny. \u2013 Sz\u00fcl\u0151v\u00e1ros\u00e1ban a Bolyai Farkas K\u00f6z\u00e9piskol\u00e1ban \u00e9retts\u00e9gizett (1962); a konstancai Tengerhaj\u00f3z\u00e1si F\u0151iskol\u00e1n szerzett diplom\u00e1t (1967). \u00d6t esztendeig szolg\u00e1lt hivat\u00e1sos fed\u00e9lzeti tenger\u00e9sztisztk\u00e9nt, j\u00e1rta a vil\u00e1gtengereket. Itt szerzett \u00e9lm\u00e9nyanyag\u00e1t dolgozta fel (1966\u2013), p\u00e1lyakezd\u0151 elbesz\u00e9l\u00e9seiben, reg\u00e9nyeiben amelyekkel rel\u0151sz\u00f6r az El\u0151re has\u00e1bjain jelentkezett. Az El\u0151re bels\u0151 munkat\u00e1rsa, mv.-i tud\u00f3s\u00edt\u00f3ja (1972\u2013), az Igaz Sz\u00f3 (1976\u2013) ill. a L\u00e1t\u00f3 (1990\u201391) szerkeszt\u0151je, a pr\u00f3zarovatot vezette, Mark\u00f3 B\u00e9l\u00e1val , G\u00e1lfalvi Gy\u00f6rggyel a lap Irodalmi K\u00f6r\u00e9t ir\u00e1ny\u00edtotta, a Delfin c. Magazinmell\u00e9kletet szerkesztette, angol \u00e9s rom\u00e1nb\u00f3l ford\u00edtott. Sepsiszentgy\u00f6rgyre k\u00f6lt\u00f6z\u00f6tt (1991\u2013), ahol a H\u00e1romsz\u00e9k c. Napilap munkat\u00e1rsa (1991\u201395) Az Utunk, A H\u00e9t, \u00daj \u00c9let, Ifj\u00famunk\u00e1s, V\u00f6r\u00f6s Z\u00e1szl\u00f3 k\u00fclmunkat\u00e1rsa. Haj\u00f3z\u00e1sr\u00f3l, tengerekr\u0151l, tenger\u00e9szekr\u0151l sz\u00f3l els\u0151 reg\u00e9nye, a Hossz\u00fa \u00fat , melyben k\u00e9t fiatal haj\u00f3stiszt megpr\u00f3b\u00e1ltat\u00e1sait s f\u00e9rfias helyt\u00e1ll\u00e1s\u00e1t mutatta be. \u00daj, eddig bej\u00e1ratlan ter\u00fcletet h\u00f3d\u00edtott meg ezzel a rom\u00e1niai magyar pr\u00f3za sz\u00e1m\u00e1ra. Megkapta a Mv.-i \u00cdr\u00f3k Egyes\u00fclet\u00e9nek pr\u00f3zad\u00edj\u00e1t (1976, 1982), a MTI t\u00e1rcanovella-p\u00e1ly\u00e1zat\u00e1nak k\u00fcl\u00f6nd\u00edj\u00e1t (1991, 1992). \u2013 <strong>F. m.:<\/strong> Hossz\u00fa az \u00fat: Reg\u00e9ny (Kv., 1973); Szilvesztert aj\u00e1nd\u00e9kba (elb.; Kv., 1976); Szarkal\u00e1bon j\u00f6n a hajnal (nov.; Kv., 1979); K\u00f6doszl\u00e1s (nov.; Buk., 1982); A ny\u00e1r utols\u00f3 \u00e9jszak\u00e1ja (reg\u00e9ny; Buk., 1986); J\u00f3zsua (reg.; Buk., 1989); Milyen csod\u00e1latos (2001); <strong>t\u00e1rssz.:<\/strong> 1990. m\u00e1rc. 19\u201320.; Feh\u00e9r k\u00f6nyv (a mv.-i v\u00e9res m\u00e1rcius megeleven\u00edt\u0151 k\u00f6nyv) (Bp., 1991); <strong>antol\u00f3g.:<\/strong> Volt j\u00f6v\u0151kbe n\u00e9zve: V\u00e1logat\u00e1s a M\u00fazsa irodalmi anyag\u00e1b\u00f3l (Mv., 2001); Erd\u00e9lyi elbesz\u00e9l\u0151k (Bp., 2004); <strong>szerk.:<\/strong> Kov\u00e1cs Gy\u00f6rgy: Emberarcok. (bev.; Buk., 1987). <br \/><strong>Irod.:<\/strong> KKACs; KM\u00cd; Kort\u00e1rs M\u00cdKL; Kusz\u00e1lik; Mv. t\u00f6rt. 2.; Olty\u00e1n L\u00e1szl\u00f3: N. L. (V. Z., 1974. febr. 10.); RMIL; RMKK; Tompa Z. Mih\u00e1ly: A Skorpi\u00f3 m\u0171hely\u00e9ben (V. Z., 1982. jan. 10.); Tompa Z. M.: T\u00f6retlen munkakedvvel (V. Z., 1987. okt. 3.); \u00daMIL; Varga S\u00e1ndor: Az utaz\u00f3 b\u00e1nata (V. Z., 1982. nov. 27.)<\/br><\/p>\n","protected":false},"excerpt":{"rendered":"<p>Mv., 1944. \u00e1pr. 24., \u2020 Mv., 2000. j\u00fal. 27.: \u00edr\u00f3, szerkeszt\u0151, haj\u00f3skapit\u00e1ny. \u2013 Sz\u00fcl\u0151v\u00e1ros\u00e1ban a Bolyai Farkas K\u00f6z\u00e9piskol\u00e1ban \u00e9retts\u00e9gizett (1962); a konstancai Tengerhaj\u00f3z\u00e1si F\u0151iskol\u00e1n szerzett diplom\u00e1t (1967). \u00d6t esztendeig szolg\u00e1lt hivat\u00e1sos fed\u00e9lzeti tenger\u00e9sztisztk\u00e9nt, j\u00e1rta a vil\u00e1gtengereket. Itt szerzett \u00e9lm\u00e9nyanyag\u00e1t dolgozta fel (1966\u2013), p\u00e1lyakezd\u0151 elbesz\u00e9l\u00e9seiben, reg\u00e9nyeiben amelyekkel rel\u0151sz\u00f6r az El\u0151re has\u00e1bjain jelentkezett. Az El\u0151re bels\u0151 munkat\u00e1rsa, [&hellip;]<\/p>\n","protected":false},"featured_media":0,"comment_status":"open","ping_status":"closed","template":"","meta":[],"product_brand":[],"product_cat":[137],"product_tag":[],"class_list":{"0":"post-16724","1":"product","2":"type-product","3":"status-publish","5":"product_cat-maros-megyei-eletrajzi-lexikon","7":"first","8":"instock","9":"shipping-taxable","10":"product-type-simple"},"_links":{"self":[{"href":"https:\/\/uj.adatbank.ro\/lexikon\/wp-json\/wp\/v2\/product\/16724","targetHints":{"allow":["GET"]}}],"collection":[{"href":"https:\/\/uj.adatbank.ro\/lexikon\/wp-json\/wp\/v2\/product"}],"about":[{"href":"https:\/\/uj.adatbank.ro\/lexikon\/wp-json\/wp\/v2\/types\/product"}],"replies":[{"embeddable":true,"href":"https:\/\/uj.adatbank.ro\/lexikon\/wp-json\/wp\/v2\/comments?post=16724"}],"wp:attachment":[{"href":"https:\/\/uj.adatbank.ro\/lexikon\/wp-json\/wp\/v2\/media?parent=16724"}],"wp:term":[{"taxonomy":"product_brand","embeddable":true,"href":"https:\/\/uj.adatbank.ro\/lexikon\/wp-json\/wp\/v2\/product_brand?post=16724"},{"taxonomy":"product_cat","embeddable":true,"href":"https:\/\/uj.adatbank.ro\/lexikon\/wp-json\/wp\/v2\/product_cat?post=16724"},{"taxonomy":"product_tag","embeddable":true,"href":"https:\/\/uj.adatbank.ro\/lexikon\/wp-json\/wp\/v2\/product_tag?post=16724"}],"curies":[{"name":"wp","href":"https:\/\/api.w.org\/{rel}","templated":true}]}}

NEMESS László, § Nemes (1977-ig)

<p>Mv., 1944. ápr. 24., † Mv., 2000. júl. 27.: író, szerkesztő, hajóskapitány. – Szülővárosában a Bolyai Farkas Középiskolában érettségizett (1962); a konstancai Tengerhajózási Főiskolán szerzett diplomát (1967). Öt esztendeig szolgált hivatásos fedélzeti tengerésztisztként, járta a világtengereket. Itt szerzett élményanyagát dolgozta fel (1966–), pályakezdő elbeszéléseiben, regényeiben amelyekkel relőször az Előre hasábjain jelentkezett. Az Előre belső munkatársa, mv.-i tudósítója (1972–), az Igaz Szó (1976–) ill. a Látó (1990–91) szerkesztője, a prózarovatot vezette, Markó Bélával , Gálfalvi Györggyel a lap Irodalmi Körét irányította, a Delfin c. Magazinmellékletet szerkesztette, angol és románból fordított. Sepsiszentgyörgyre költözött (1991–), ahol a Háromszék c. Napilap munkatársa (1991–95) Az Utunk, A Hét, Új Élet, Ifjúmunkás, Vörös Zászló külmunkatársa. Hajózásról, tengerekről, tengerészekről szól első regénye, a Hosszú út , melyben két fiatal hajóstiszt megpróbáltatásait s férfias helytállását mutatta be. Új, eddig bejáratlan területet hódított meg ezzel a romániai magyar próza számára. Megkapta a Mv.-i Írók Egyesületének prózadíját (1976, 1982), a MTI tárcanovella-pályázatának különdíját (1991, 1992). – <strong>F. m.:</strong> Hosszú az út: Regény (Kv., 1973); Szilvesztert ajándékba (elb.; Kv., 1976); Szarkalábon jön a hajnal (nov.; Kv., 1979); Ködoszlás (nov.; Buk., 1982); A nyár utolsó éjszakája (regény; Buk., 1986); Józsua (reg.; Buk., 1989); Milyen csodálatos (2001); <strong>társsz.:</strong> 1990. márc. 19–20.; Fehér könyv (a mv.-i véres március megelevenítő könyv) (Bp., 1991); <strong>antológ.:</strong> Volt jövőkbe nézve: Válogatás a Múzsa irodalmi anyagából (Mv., 2001); Erdélyi elbeszélők (Bp., 2004); <strong>szerk.:</strong> Kovács György: Emberarcok. (bev.; Buk., 1987). <br /><strong>Irod.:</strong> KKACs; KMÍ; Kortárs MÍKL; Kuszálik; Mv. tört. 2.; Oltyán László: N. L. (V. Z., 1974. febr. 10.); RMIL; RMKK; Tompa Z. Mihály: A Skorpió műhelyében (V. Z., 1982. jan. 10.); Tompa Z. M.: Töretlen munkakedvvel (V. Z., 1987. okt. 3.); ÚMIL; Varga Sándor: Az utazó bánata (V. Z., 1982. nov. 27.)</br></p>

<p>Mv., 1944. ápr. 24., † Mv., 2000. júl. 27.: író, szerkesztő, hajóskapitány. – Szülővárosában a Bolyai Farkas Középiskolában érettségizett (1962); a konstancai Tengerhajózási Főiskolán szerzett diplomát (1967). Öt esztendeig szolgált hivatásos fedélzeti tengerésztisztként, járta a világtengereket. Itt szerzett élményanyagát dolgozta fel (1966–), pályakezdő elbeszéléseiben, regényeiben amelyekkel relőször az Előre hasábjain jelentkezett. Az Előre belső munkatársa, [&hellip;]</p>
