{"id":16725,"date":"2025-07-15T23:28:03","date_gmt":"2025-07-15T21:28:03","guid":{"rendered":"https:\/\/uj.adatbank.ro\/lexikon\/termek\/nemesvari-erno\/"},"modified":"2025-07-15T23:28:03","modified_gmt":"2025-07-15T21:28:03","slug":"nemesvari-erno","status":"publish","type":"product","link":"https:\/\/uj.adatbank.ro\/lexikon\/termek\/nemesvari-erno\/","title":{"rendered":"NEMESV\u00c1RI Ern\u0151"},"content":{"rendered":"<p>Segesv\u00e1r, 1916., \u2020 ? : tan\u00edt\u00f3. \u2013 Tanult Kispesten \u00e9s Nagyk\u0151r\u00f6s\u00f6n, ahol tan\u00edt\u00f3 \u00e9s ref. k\u00e1ntor okl. szerzett (1936) (1936). Verseket novell\u00e1kat \u00edrt. Megalap\u00edtotta a Nagyk\u0151r\u00f6si Prep\u00e1k Lapj\u00e1t (1934), a J\u00f6v\u0151 \u00datja \u00e9s a Ver\u0151f\u00e9ny (1936) c. sz\u00e9pirodalmi lapokat \u2013 <strong>F. m.:<\/strong> szerkeszt\u0151 : Gy\u00f6ngyf\u0171z\u00e9r : Versek ((Nagyk\u0151r\u00f6s, 1935); R\u00f3zsalugas : Versek (Bp., 1936). <br \/><strong>Irod.:<\/strong> Guly\u00e1s<\/br><\/p>\n","protected":false},"excerpt":{"rendered":"<p>Segesv\u00e1r, 1916., \u2020 ? : tan\u00edt\u00f3. \u2013 Tanult Kispesten \u00e9s Nagyk\u0151r\u00f6s\u00f6n, ahol tan\u00edt\u00f3 \u00e9s ref. k\u00e1ntor okl. szerzett (1936) (1936). Verseket novell\u00e1kat \u00edrt. Megalap\u00edtotta a Nagyk\u0151r\u00f6si Prep\u00e1k Lapj\u00e1t (1934), a J\u00f6v\u0151 \u00datja \u00e9s a Ver\u0151f\u00e9ny (1936) c. sz\u00e9pirodalmi lapokat \u2013 F. m.: szerkeszt\u0151 : Gy\u00f6ngyf\u0171z\u00e9r : Versek ((Nagyk\u0151r\u00f6s, 1935); R\u00f3zsalugas : Versek (Bp., 1936). Irod.: [&hellip;]<\/p>\n","protected":false},"featured_media":0,"comment_status":"open","ping_status":"closed","template":"","meta":[],"product_brand":[],"product_cat":[137],"product_tag":[],"class_list":{"0":"post-16725","1":"product","2":"type-product","3":"status-publish","5":"product_cat-maros-megyei-eletrajzi-lexikon","7":"first","8":"instock","9":"shipping-taxable","10":"product-type-simple"},"_links":{"self":[{"href":"https:\/\/uj.adatbank.ro\/lexikon\/wp-json\/wp\/v2\/product\/16725","targetHints":{"allow":["GET"]}}],"collection":[{"href":"https:\/\/uj.adatbank.ro\/lexikon\/wp-json\/wp\/v2\/product"}],"about":[{"href":"https:\/\/uj.adatbank.ro\/lexikon\/wp-json\/wp\/v2\/types\/product"}],"replies":[{"embeddable":true,"href":"https:\/\/uj.adatbank.ro\/lexikon\/wp-json\/wp\/v2\/comments?post=16725"}],"wp:attachment":[{"href":"https:\/\/uj.adatbank.ro\/lexikon\/wp-json\/wp\/v2\/media?parent=16725"}],"wp:term":[{"taxonomy":"product_brand","embeddable":true,"href":"https:\/\/uj.adatbank.ro\/lexikon\/wp-json\/wp\/v2\/product_brand?post=16725"},{"taxonomy":"product_cat","embeddable":true,"href":"https:\/\/uj.adatbank.ro\/lexikon\/wp-json\/wp\/v2\/product_cat?post=16725"},{"taxonomy":"product_tag","embeddable":true,"href":"https:\/\/uj.adatbank.ro\/lexikon\/wp-json\/wp\/v2\/product_tag?post=16725"}],"curies":[{"name":"wp","href":"https:\/\/api.w.org\/{rel}","templated":true}]}}