{"id":16726,"date":"2025-07-15T23:28:05","date_gmt":"2025-07-15T21:28:05","guid":{"rendered":"https:\/\/uj.adatbank.ro\/lexikon\/termek\/nemeth-akos\/"},"modified":"2025-07-15T23:28:05","modified_gmt":"2025-07-15T21:28:05","slug":"nemeth-akos","status":"publish","type":"product","link":"https:\/\/uj.adatbank.ro\/lexikon\/termek\/nemeth-akos\/","title":{"rendered":"N\u00c9METH \u00c1kos"},"content":{"rendered":"<p>1896., \u2020 Mv., 1940. dec. 11.: \u00e9p\u00edt\u00e9szm\u00e9rn\u00f6k. \u2013 Okl.-t szerzett (Bp., 1924 \u2013 ). \u00c9p\u00edt\u00e9szm\u00e9rn\u00f6k Mv.-en (1933. j\u00fan.\u2013). \u2013 Irod: Man: Tg.M., 3.; Mv.-i zsid\u00f3 temet\u0151 dok.<\/br><\/p>\n","protected":false},"excerpt":{"rendered":"<p>1896., \u2020 Mv., 1940. dec. 11.: \u00e9p\u00edt\u00e9szm\u00e9rn\u00f6k. \u2013 Okl.-t szerzett (Bp., 1924 \u2013 ). \u00c9p\u00edt\u00e9szm\u00e9rn\u00f6k Mv.-en (1933. j\u00fan.\u2013). \u2013 Irod: Man: Tg.M., 3.; Mv.-i zsid\u00f3 temet\u0151 dok.<\/p>\n","protected":false},"featured_media":0,"comment_status":"open","ping_status":"closed","template":"","meta":[],"product_brand":[],"product_cat":[137],"product_tag":[],"class_list":{"0":"post-16726","1":"product","2":"type-product","3":"status-publish","5":"product_cat-maros-megyei-eletrajzi-lexikon","7":"first","8":"instock","9":"shipping-taxable","10":"product-type-simple"},"_links":{"self":[{"href":"https:\/\/uj.adatbank.ro\/lexikon\/wp-json\/wp\/v2\/product\/16726","targetHints":{"allow":["GET"]}}],"collection":[{"href":"https:\/\/uj.adatbank.ro\/lexikon\/wp-json\/wp\/v2\/product"}],"about":[{"href":"https:\/\/uj.adatbank.ro\/lexikon\/wp-json\/wp\/v2\/types\/product"}],"replies":[{"embeddable":true,"href":"https:\/\/uj.adatbank.ro\/lexikon\/wp-json\/wp\/v2\/comments?post=16726"}],"wp:attachment":[{"href":"https:\/\/uj.adatbank.ro\/lexikon\/wp-json\/wp\/v2\/media?parent=16726"}],"wp:term":[{"taxonomy":"product_brand","embeddable":true,"href":"https:\/\/uj.adatbank.ro\/lexikon\/wp-json\/wp\/v2\/product_brand?post=16726"},{"taxonomy":"product_cat","embeddable":true,"href":"https:\/\/uj.adatbank.ro\/lexikon\/wp-json\/wp\/v2\/product_cat?post=16726"},{"taxonomy":"product_tag","embeddable":true,"href":"https:\/\/uj.adatbank.ro\/lexikon\/wp-json\/wp\/v2\/product_tag?post=16726"}],"curies":[{"name":"wp","href":"https:\/\/api.w.org\/{rel}","templated":true}]}}